000
CXUS54 KLUB 011521
CLMLBB


CLIMATE REPORT
NATIONAL WEATHER SERVICE LUBBOCK, TX
1020 AM CDT WED JUL 1 2015

...................................

...THE LUBBOCK CLIMATE SUMMARY FOR THE MONTH OF JUNE 2015...

CLIMATE NORMAL PERIOD 1981 TO 2010
CLIMATE RECORD PERIOD 1911 TO 2015

WEATHER         OBSERVED          NORMAL  DEPART  LAST YEAR`S
                 VALUE   DATE(S)  VALUE   FROM    VALUE  DATE(S)
                                          NORMAL
................................................................
TEMPERATURE (F)
RECORD
 HIGH             114   06/27/1994
 LOW               39   06/02/1917
HIGHEST            98   06/11                        103  06/04
LOWEST             60   06/14                         54  06/10
AVG. MAXIMUM     88.5              90.6    -2.1     90.7
AVG. MINIMUM     66.0              64.2     1.8     66.0
MEAN             77.2              77.4    -0.2     78.3
DAYS MAX >= 90      9              16.6    -7.6       18
DAYS MAX <= 32      0               0.0     0.0        0
DAYS MIN <= 32      0               0.0     0.0        0
DAYS MIN <= 0       0               0.0     0.0        0

PRECIPITATION (INCHES)
RECORD
 MAXIMUM         8.48   2000
 MINIMUM            T   2011
                        1990
TOTALS           2.15              3.04   -0.89     2.59
DAILY AVG.       0.07              0.10   -0.03     0.09
DAYS >= .01         6                                  8
DAYS >= .10         4                                  6
DAYS >= .50         2                                  2
DAYS >= 1.00        0                                  0
GREATEST
 24 HR. TOTAL    0.98   06/13 TO 06/13

DEGREE_DAYS
HEATING TOTAL       0                 2      -2        0
 SINCE 7/1       3275              3379    -104     3513
COOLING TOTAL     377               374       3      407
 SINCE 1/1        515               620    -105      686
.................................................................

WIND (MPH)
AVERAGE WIND SPEED              11.3
HIGHEST WIND SPEED/DIRECTION    35/350    DATE  06/29
HIGHEST GUST SPEED/DIRECTION    46/350    DATE  06/29

SKY COVER
POSSIBLE SUNSHINE (PERCENT)   MM
AVERAGE SKY COVER           0.50
NUMBER OF DAYS FAIR            9
NUMBER OF DAYS PC             19
NUMBER OF DAYS CLOUDY          2

AVERAGE RH (PERCENT)     64

WEATHER CONDITIONS. NUMBER OF DAYS WITH
THUNDERSTORM              0     MIXED PRECIP               0
HEAVY RAIN                2     RAIN                       2
LIGHT RAIN                8     FREEZING RAIN              0
LT FREEZING RAIN          0     HAIL                       0
HEAVY SNOW                0     SNOW                       0
LIGHT SNOW                0     SLEET                      0
FOG                       7     FOG W/VIS <= 1/4 MILE      1
HAZE                      6

-  INDICATES NEGATIVE NUMBERS.
R  INDICATES RECORD WAS SET OR TIED.
MM INDICATES DATA IS MISSING.
T  INDICATES TRACE AMOUNT.

$$
