000
CXUS54 KLUB 012031
CLMLBB


CLIMATE REPORT
NATIONAL WEATHER SERVICE LUBBOCK, TX
328 PM CDT MON JUN 1 2015

...................................

...THE LUBBOCK CLIMATE SUMMARY FOR THE MONTH OF MAY 2015...

CLIMATE NORMAL PERIOD 1981 TO 2010
CLIMATE RECORD PERIOD 1911 TO 2015

WEATHER         OBSERVED          NORMAL  DEPART  LAST YEAR`S
                 VALUE   DATE(S)  VALUE   FROM    VALUE  DATE(S)
                                          NORMAL
................................................................
TEMPERATURE (F)
RECORD
 HIGH             109   05/24/2000
 LOW               27   05/03/2013
HIGHEST            89   05/03                         MM  MM
LOWEST             47   05/21                         MM  MM
                        05/11
                        05/01
AVG. MAXIMUM     77.8              83.8    -6.0       MM
AVG. MINIMUM     54.2              55.9    -1.7       MM
MEAN             66.0              69.8    -3.8       MM
DAYS MAX >= 90      0               8.5    -8.5       MM
DAYS MAX <= 32      0               0.0     0.0       MM
DAYS MIN <= 32      0               0.0     0.0       MM
DAYS MIN <= 0       0               0.0     0.0       MM

PRECIPITATION (INCHES)
RECORD
 MAXIMUM        12.69   1941
 MINIMUM            T   1927
TOTALS          12.12              2.30    9.82       MM
DAILY AVG.       0.39              0.07    0.32       MM
DAYS >= .01        16                                 MM
DAYS >= .10        10                                 MM
DAYS >= .50         6                                 MM
DAYS >= 1.00        5                                 MM
GREATEST
 24 HR. TOTAL    4.50   05/04 TO 05/05

DEGREE_DAYS
HEATING TOTAL      44                40       4       MM
 SINCE 7/1       3275              3377    -102       MM
COOLING TOTAL      83               190    -107       MM
 SINCE 1/1        138               246    -108       MM
.................................................................

WIND (MPH)
AVERAGE WIND SPEED              13.2
HIGHEST WIND SPEED/DIRECTION    40/270    DATE  05/16
HIGHEST GUST SPEED/DIRECTION    52/270    DATE  05/16

SKY COVER
POSSIBLE SUNSHINE (PERCENT)   MM
AVERAGE SKY COVER           0.60
NUMBER OF DAYS FAIR            4
NUMBER OF DAYS PC             18
NUMBER OF DAYS CLOUDY          9

AVERAGE RH (PERCENT)     67

WEATHER CONDITIONS. NUMBER OF DAYS WITH
THUNDERSTORM              0     MIXED PRECIP               0
HEAVY RAIN                8     RAIN                      10
LIGHT RAIN               20     FREEZING RAIN              0
LT FREEZING RAIN          0     HAIL                       3
HEAVY SNOW                0     SNOW                       0
LIGHT SNOW                0     SLEET                      0
FOG                      21     FOG W/VIS <= 1/4 MILE      5
HAZE                      6

-  INDICATES NEGATIVE NUMBERS.
R  INDICATES RECORD WAS SET OR TIED.
MM INDICATES DATA IS MISSING.
T  INDICATES TRACE AMOUNT.

$$
