376
CXUS54 KLUB 021957
CLMLBB


CLIMATE REPORT
NATIONAL WEATHER SERVICE LUBBOCK, TX
154 PM CST TUE FEB 2 2016

...................................

...THE LUBBOCK CLIMATE SUMMARY FOR THE MONTH OF JANUARY 2016...

CLIMATE NORMAL PERIOD 1981 TO 2010
CLIMATE RECORD PERIOD 1911 TO 2016

WEATHER         OBSERVED          NORMAL  DEPART  LAST YEAR`S
                 VALUE   DATE(S)  VALUE   FROM    VALUE  DATE(S)
                                          NORMAL
................................................................
TEMPERATURE (F)
RECORD
 HIGH              87   01/17/1914
 LOW              -16   01/13/1963
HIGHEST            80   01/30                         77  01/28
LOWEST             20   01/27                         16  01/23
                        01/03
AVG. MAXIMUM     55.3              54.1     1.2     50.7
AVG. MINIMUM     27.0              26.4     0.6     27.5
MEAN             41.1              40.2     0.9     39.1
DAYS MAX >= 90      0               0.0     0.0        0
DAYS MAX <= 32      0               1.9    -1.9        2
DAYS MIN <= 32     27              24.4     2.6       25
DAYS MIN <= 0       0               0.1    -0.1        0

PRECIPITATION (INCHES)
RECORD
 MAXIMUM         4.05   1949
 MINIMUM         0.00   2014
                        1986
                        1971
TOTALS           0.30              0.65   -0.35     1.61
DAILY AVG.       0.01              0.02   -0.01     0.05
DAYS >= .01         4                                  7
DAYS >= .10         1                                  4
DAYS >= .50         0                                  1
DAYS >= 1.00        0                                  0
GREATEST
 24 HR. TOTAL    0.26   01/08 TO 01/08
                        01/07 TO 01/08
                        01/08 TO 01/08

SNOWFALL (INCHES)
RECORDS
 TOTAL           25.3   1983
 24 HR TOTAL     16.3   01/20/1983 TO 01/21/1983
 SNOW DEPTH        17   01/21/1983
                        01/22/1983
TOTALS            2.1               2.6    -0.5      4.2
SINCE 7/1        13.3               5.8     7.5      7.1
SNOWDEPTH AVG.      0                MM      MM        0
DAYS >= TRACE       4               1.9     2.1       10
DAYS >= 1.0         1               0.7     0.3        2
GREATEST
 SNOW DEPTH         1   01/09                          2  01/22
                        01/08
                        01/03
 24 HR TOTAL      2.1   MM                       01/31 TO 01/31
                                                          01/31 TO 01/31
                                                          01/31 TO 01/31

DEGREE_DAYS
HEATING TOTAL     734               767     -33      795
 SINCE 7/1       1913              2165    -252     2129
COOLING TOTAL       0                 0       0        0
 SINCE 1/1          0                 0       0        0
..................................................

WIND (MPH)
AVERAGE WIND SPEED              10.3
HIGHEST WIND SPEED/DIRECTION    38/340    DATE  01/21
HIGHEST GUST SPEED/DIRECTION    52/340    DATE  01/21

SKY COVER
POSSIBLE SUNSHINE (PERCENT)   MM
AVERAGE SKY COVER           0.50
NUMBER OF DAYS FAIR           12
NUMBER OF DAYS PC             15
NUMBER OF DAYS CLOUDY          4

AVERAGE RH (PERCENT)     62

WEATHER CONDITIONS. NUMBER OF DAYS WITH
THUNDERSTORM              0     MIXED PRECIP               1
HEAVY RAIN                0     RAIN                       1
LIGHT RAIN                5     FREEZING RAIN              0
LT FREEZING RAIN          0     HAIL                       0
HEAVY SNOW                0     SNOW                       2
LIGHT SNOW                3     SLEET                      1
FOG                      11     FOG W/VIS <= 1/4 MILE      2
HAZE                      6

-  INDICATES NEGATIVE NUMBERS.
R  INDICATES RECORD WAS SET OR TIED.
MM INDICATES DATA IS MISSING.
T  INDICATES TRACE AMOUNT.

$$
