199
CXUS53 KLBF 011135
CLMLBF


CLIMATE REPORT
NATIONAL WEATHER SERVICE NORTH PLATTE
533 AM CST THU DEC 1 2016

...................................

...THE NORTH PLATTE NE CLIMATE SUMMARY FOR THE MONTH OF NOVEMBER 2016...

CLIMATE NORMAL PERIOD 1981 TO 2010
CLIMATE RECORD PERIOD 1874 TO 2016

WEATHER         OBSERVED          NORMAL  DEPART  LAST YEAR`S
                 VALUE   DATE(S)  VALUE   FROM    VALUE  DATE(S)
                                          NORMAL
................................................................
TEMPERATURE (F)
RECORD
 HIGH              83   11/08/2006
                        11/05/1915
                        00/-1/1709
 LOW              -25   11/27/1887
HIGHEST            77   11/10        72       5       77  11/04
LOWEST              6   11/19         3       3       12  11/21
AVG. MAXIMUM     58.9              50.2     8.7     51.5
AVG. MINIMUM     26.4              21.0     5.4     25.3
MEAN             42.7              35.6     7.1     38.4
DAYS MAX >= 90      0               0.0     0.0        0
DAYS MAX <= 32      0               3.2    -3.2        5
DAYS MIN <= 32     26              27.2    -1.2       24
DAYS MIN <= 0       0               0.9    -0.9        0

PRECIPITATION (INCHES)
RECORD
 MAXIMUM         2.89   1979
 MINIMUM            T   1939
                        1932
                        1914
TOTALS           0.79              0.64    0.15     0.67
DAILY AVG.       0.03              0.02    0.01     0.02
DAYS >= .01         4               4.7    -0.7        9
DAYS >= .10         3               1.7     1.3        2
DAYS >= .50         0               0.3    -0.3        0
DAYS >= 1.00        0               0.0     0.0        0
GREATEST
 24 HR. TOTAL    0.58   11/17 TO 11/18           11/11 TO 11/11
                                                          11/30 TO 11/30
                                                          11/30 TO 11/30

SNOWFALL (INCHES)
RECORDS
 TOTAL           20.5   1919
TOTALS            5.0               3.9     1.1      4.6
SINCE 7/1         5.0               6.2    -1.2      4.6
SNOWDEPTH AVG.      0                MM      MM        0
DAYS >= 1.0         2               1.2     0.8        2
GREATEST
 SNOW DEPTH         4   11/18                         -1  11/29
                                                          11/30
 24 HR TOTAL      2.9   11/18 TO 11/18

DEGREE_DAYS
HEATING TOTAL     662               882    -220      787
 SINCE 7/1       1041              1551    -510     1186
COOLING TOTAL       0                 0       0        0
 SINCE 1/1        911               768     143      823
.................................................

WIND (MPH)
AVERAGE WIND SPEED              7.8
HIGHEST WIND SPEED/DIRECTION    33/290    DATE  11/28
HIGHEST GUST SPEED/DIRECTION    43/290    DATE  11/28

SKY COVER
POSSIBLE SUNSHINE (PERCENT)   MM
AVERAGE SKY COVER           0.20
NUMBER OF DAYS FAIR           20
NUMBER OF DAYS PC             10
NUMBER OF DAYS CLOUDY          0

AVERAGE RH (PERCENT)     64

WEATHER CONDITIONS. NUMBER OF DAYS WITH
THUNDERSTORM              0     MIXED PRECIP               0
HEAVY RAIN                1     RAIN                       1
LIGHT RAIN                4     FREEZING RAIN              0
LT FREEZING RAIN          0     HAIL                       0
HEAVY SNOW                1     SNOW                       2
LIGHT SNOW                3     SLEET                      0
FOG                      11     FOG W/VIS <= 1/4 MILE      4
HAZE                      2

-  INDICATES NEGATIVE NUMBERS.
R  INDICATES RECORD WAS SET OR TIED.
MM INDICATES DATA IS MISSING.
T  INDICATES TRACE AMOUNT.

$$
