000
CXUS53 KLBF 011442
CLMLBF


CLIMATE REPORT
NATIONAL WEATHER SERVICE NORTH PLATTE
941 AM CDT TUE SEP 1 2015

...................................

...THE NORTH PLATTE NE CLIMATE SUMMARY FOR THE MONTH OF AUGUST 2015...

CLIMATE NORMAL PERIOD 1981 TO 2010
CLIMATE RECORD PERIOD 1874 TO 2015

WEATHER         OBSERVED          NORMAL  DEPART  LAST YEAR`S
                 VALUE   DATE(S)  VALUE   FROM    VALUE  DATE(S)
                                          NORMAL
................................................................
TEMPERATURE (F)
RECORD
 HIGH             108   08/02/2008
                        08/11/1936
                        00/00/2194
 LOW               35   08/28/1976
HIGHEST            96   08/02        98      -2       95  08/17
LOWEST             40   08/23        46      -6       50  08/01
AVG. MAXIMUM     83.9              86.1    -2.2     86.8
AVG. MINIMUM     56.4              58.2    -1.8     59.2
MEAN             70.2              72.1    -1.9     73.0
DAYS MAX >= 90      7              10.1    -3.1       12
DAYS MAX <= 32      0               0.0     0.0        0
DAYS MIN <= 32      0               0.0     0.0        0
DAYS MIN <= 0       0               0.0     0.0        0

PRECIPITATION (INCHES)
RECORD
 MAXIMUM         7.16   MM
                        1950
 MINIMUM         0.06   1967
TOTALS           3.19              2.29    0.90     5.10
DAILY AVG.       0.10              0.07    0.03     0.16
DAYS >= .01         7               8.8    -1.8       12
DAYS >= .10         5               4.2     0.8        8
DAYS >= .50         3               1.7     1.3        4
DAYS >= 1.00        1               0.5     0.5        1
GREATEST
 24 HR. TOTAL    1.44   08/07 TO 08/08           08/09 TO 08/10
                                                          08/10 TO 08/10
                                                          08/10 TO 08/10

SNOWFALL (INCHES)
RECORDS
 TOTAL              T   2008
                        2004
TOTALS            0.0               0.0     0.0      0.0
SINCE 7/1         0.0               0.0     0.0      0.0
SNOWDEPTH AVG.      0                MM      MM        0
DAYS >= 1.0         0               0.0     0.0        0
GREATEST
 SNOW DEPTH         0   MM                             0  MM
 24 HR TOTAL      0.0   MM

DEGREE_DAYS
HEATING TOTAL      23                15       8        0
 SINCE 7/1         29                20       9       17
COOLING TOTAL     190               236     -46      254
 SINCE 1/1        668               695     -27      669
.................................................

WIND (MPH)
AVERAGE WIND SPEED              7.4
HIGHEST WIND SPEED/DIRECTION    30/010    DATE  08/13
HIGHEST GUST SPEED/DIRECTION    40/350    DATE  08/13

SKY COVER
POSSIBLE SUNSHINE (PERCENT)   MM
AVERAGE SKY COVER           0.20
NUMBER OF DAYS FAIR           25
NUMBER OF DAYS PC              4
NUMBER OF DAYS CLOUDY          2

AVERAGE RH (PERCENT)     71

WEATHER CONDITIONS. NUMBER OF DAYS WITH
THUNDERSTORM              0     MIXED PRECIP               0
HEAVY RAIN                3     RAIN                       6
LIGHT RAIN                9     FREEZING RAIN              0
LT FREEZING RAIN          0     HAIL                       0
HEAVY SNOW                0     SNOW                       0
LIGHT SNOW                0     SLEET                      0
FOG                      11     FOG W/VIS <= 1/4 MILE      5
HAZE                      1

-  INDICATES NEGATIVE NUMBERS.
R  INDICATES RECORD WAS SET OR TIED.
MM INDICATES DATA IS MISSING.
T  INDICATES TRACE AMOUNT.

$$
