000
CXUS52 KILM 030346
CLMLBT


CLIMATE REPORT
NATIONAL WEATHER SERVICE WILMINGTON NC
1044 PM EST TUE DEC 2 2014

...................................

...THE LUMBERTON NC CLIMATE SUMMARY FOR THE MONTH OF NOVEMBER 2014...

CLIMATE NORMAL PERIOD 1981 TO 2010
CLIMATE RECORD PERIOD 9999 TO 9999

WEATHER         OBSERVED          NORMAL  DEPART  LAST YEAR`S
                 VALUE   DATE(S)  VALUE   FROM    VALUE  DATE(S)
                                          NORMAL
................................................................
TEMPERATURE (F)
HIGHEST            81   11/12                         82
LOWEST             15   11/19                         19
AVG. MAXIMUM     62.7              67.2    -4.5     64.6
AVG. MINIMUM     36.9              41.4    -4.5     38.6
MEAN             49.8              54.3    -4.5     51.6
DAYS MAX >= 90      0               0.0     0.0        0
DAYS MAX <= 32      0               0.0     0.0        0
DAYS MIN <= 32     12               5.7     6.3       11
DAYS MIN <= 0       0               0.0     0.0        0

PRECIPITATION (INCHES)
RECORD
 MAXIMUM         8.53   1947
 MINIMUM         0.11   2007
TOTALS           2.84              2.87   -0.03     2.47
DAILY AVG.       0.09              0.10   -0.01     0.08
DAYS >= .01         8                                  8
DAYS >= .10         4                                  4
DAYS >= .50         3                                  2
DAYS >= 1.00        0                                  1
GREATEST
 24 HR. TOTAL    1.42   11/25 TO 11/26

DEGREE_DAYS
HEATING TOTAL     455               334     121      412
COOLING TOTAL       9                13      -4       14
........................................................

WIND (MPH)
AVERAGE WIND SPEED              5.7
RESULTANT WIND SPEED/DIRECTION   2/311
HIGHEST WIND SPEED/DIRECTION    26/020    DATE  11/01
HIGHEST GUST SPEED/DIRECTION    36/240    DATE  11/17

SKY COVER
POSSIBLE SUNSHINE (PERCENT)   MM
AVERAGE SKY COVER           0.30
NUMBER OF DAYS FAIR           18
NUMBER OF DAYS PC              4
NUMBER OF DAYS CLOUDY          8

AVERAGE RH (PERCENT)     68

WEATHER CONDITIONS. NUMBER OF DAYS WITH
THUNDERSTORM              2     MIXED PRECIP               0
HEAVY RAIN                2     RAIN                       4
LIGHT RAIN                8     FREEZING RAIN              0
LT FREEZING RAIN          0     HAIL                       0
HEAVY SNOW                0     SNOW                       0
LIGHT SNOW                0     SLEET                      0
FOG                      18     FOG W/VIS <= 1/4 MILE      3
HAZE                      7

-  INDICATES NEGATIVE NUMBERS.
R  INDICATES RECORD WAS SET OR TIED.
MM INDICATES DATA IS MISSING.
T  INDICATES TRACE AMOUNT.

$$
