000
CXUS54 KCRP 011904
CLMLRD

CLIMATE REPORT
NATIONAL WEATHER SERVICE CORPUS CHRISTI TX
852 AM CDT FRI AUG 1 2014

...................................

...THE LAREDO CLIMATE SUMMARY FOR THE MONTH OF JULY 2014...

CLIMATE NORMAL PERIOD 1981 TO 2010
CLIMATE RECORD PERIOD 1900 TO 2014

WEATHER         OBSERVED          NORMAL  DEPART  LAST YEAR`S
                 VALUE   DATE(S)  VALUE   FROM    VALUE  DATE(S)
                                          NORMAL
................................................................
TEMPERATURE (F)
RECORD
 HIGH             113   07/14/1998
 LOW               61   07/21/1940
HIGHEST           107   07/21       102       5      106  07/30
                                                          07/29
LOWEST             73   07/10        75      -2       73  07/21
                                                          07/18
                                                          07/03
AVG. MAXIMUM    101.4              99.3     2.1     99.6
AVG. MINIMUM     77.3              76.7     0.6     76.7
MEAN             89.3              88.0     1.3     88.2
DAYS MAX >= 90     29              29.4    -0.4       31
DAYS MAX <= 32      0               0.0     0.0        0
DAYS MIN <= 32      0               0.0     0.0        0
DAYS MIN <= 0       0               0.0     0.0        0

PRECIPITATION (INCHES)
RECORD
 MAXIMUM         7.64   1976
 MINIMUM           MM   MM
TOTALS           1.34              2.01   -0.67     2.44
DAILY AVG.       0.04              0.06   -0.02     0.08
DAYS >= .01         5               4.8     0.2        5
DAYS >= .10         4               2.8     1.2        2
DAYS >= .50         0               1.2    -1.2        1
DAYS >= 1.00        0               0.6    -0.6        1
GREATEST
 24 HR. TOTAL    0.41   07/25 TO 07/25           07/15 TO 07/15
                                                          07/31 TO 07/31
                                                          07/31 TO 07/31
 STORM TOTAL       MM                                 MM
 (MM/DD(HH))            MM                    07/15(00) TO 07/15(00)
                                                 07/31(00) TO 07/31(00)1
                                                 07/31(00) TO 07/31(00)1

SNOWFALL (INCHES)
RECORDS
 TOTAL             MM   MM
 24 HR TOTAL       MM
TOTALS            0.0                MM      MM      0.0
SINCE 7/1         0.0                MM      MM      0.0
SNOWDEPTH AVG.      0                MM      MM        0
DAYS >= 1.0         0                MM      MM
GREATEST
 SNOW DEPTH         0   MM                             0
 24 HR TOTAL      0.0   07/31 TO 07/31               0.0

DEGREE_DAYS
HEATING TOTAL       0                 0       0        0
 SINCE 7/1          0                 0       0        0
COOLING TOTAL     763               713      50      727
 SINCE 1/1       2624              2516     108     2634
..................................................

WIND (MPH)
AVERAGE WIND SPEED              11.8
HIGHEST WIND SPEED/DIRECTION    38/190    DATE  07/25
HIGHEST GUST SPEED/DIRECTION    58/200    DATE  07/25

SKY COVER
AVERAGE SKY COVER           0.10

AVERAGE RH (PERCENT)     57

WEATHER CONDITIONS. NUMBER OF DAYS WITH
THUNDERSTORM              0     MIXED PRECIP               0
HEAVY RAIN                2     RAIN                       3
LIGHT RAIN                6     FREEZING RAIN              0
LT FREEZING RAIN          0     HAIL                       0
HEAVY SNOW                0     SNOW                       0
LIGHT SNOW                0     SLEET                      0
FOG                       5     FOG W/VIS <= 1/4 MILE      0
HAZE                      7

-  INDICATES NEGATIVE NUMBERS.
R  INDICATES RECORD WAS SET OR TIED.
MM INDICATES DATA IS MISSING.
T  INDICATES TRACE AMOUNT.

$$

GW
