000
CXUS51 KRNK 011527
CLMLWB


CLIMATE REPORT
NATIONAL WEATHER SERVICE BLACKSBURG VA
1011 AM EST SUN MAR 1 2015

...................................

...THE LEWISBURG WV CLIMATE SUMMARY FOR THE MONTH OF FEBRUARY 2015...

CLIMATE NORMAL PERIOD 1981 TO 2010
CLIMATE RECORD PERIOD 1973 TO 2015

WEATHER         OBSERVED          NORMAL  DEPART
                 VALUE   DATE(S)  VALUE   FROM
                                          NORMAL
................................................
TEMPERATURE (F)
RECORD
 HIGH              73   02/25/2000
 LOW              -10   02/05/1996
HIGHEST            66   02/08
LOWEST             -5   02/20
AVG. MAXIMUM     35.6              42.6    -7.0
AVG. MINIMUM     13.2              20.8    -7.6
MEAN             24.4              31.7    -7.3
DAYS MAX >= 90      0               0.0     0.0
DAYS MAX <= 32     11               5.9     5.1
DAYS MIN <= 32     27              24.8     2.2
DAYS MIN <= 0       3               0.6     2.4

SNOWFALL (INCHES)
TOTALS           33.7
SINCE 7/1        35.7
SNOWDEPTH AVG.      6
DAYS >= 1.0         5
GREATEST
 SNOW DEPTH        21

DEGREE_DAYS
HEATING TOTAL    1129               932     197
 SINCE 7/1       4213              4425    -212
COOLING TOTAL       0                 0       0
 SINCE 1/1          0                 0       0
.................................................

WIND (MPH)
AVERAGE WIND SPEED              5.3
HIGHEST WIND SPEED/DIRECTION    24/330    DATE  02/14
HIGHEST GUST SPEED/DIRECTION    40/330    DATE  02/14



-  INDICATES NEGATIVE NUMBERS.
R  INDICATES RECORD WAS SET OR TIED.
MM INDICATES DATA IS MISSING.
T  INDICATES TRACE AMOUNT.

REMARKS:
DUE TO HIGHLY SUSPECT PRECIPITATION VALUES FROM THE AUTOMATED RAIN
GAUGE...ALL LIQUID PRECIPITATION DATA WILL BE CODED AS MISSING.

$$

PW
