215
CXUS53 KTOP 011612
CLMLWC


CLIMATE REPORT
NATIONAL WEATHER SERVICE TOPEKA KS
1007 AM CST THU DEC 1 2016

...................................

...THE LAWRENCE KS CLIMATE SUMMARY FOR THE MONTH OF NOVEMBER 2016...

CLIMATE NORMAL PERIOD 1981 TO 2010
CLIMATE RECORD PERIOD 9999 TO 9999

WEATHER         OBSERVED          NORMAL  DEPART  LAST YEAR`S
                 VALUE   DATE(S)  VALUE   FROM    VALUE
                                          NORMAL
.............................................................
TEMPERATURE (F)
HIGHEST            80   11/01                         77
LOWEST             21   11/20                         21
AVG. MAXIMUM     63.0              55.4     7.6     59.1
AVG. MINIMUM     36.1              31.7     4.4     34.8
MEAN             49.5              43.5     6.0     47.0
DAYS MAX >= 90      0               0.0     0.0        0
DAYS MAX <= 32      0               0.5    -0.5        0
DAYS MIN <= 32     12              15.8    -3.8       14
DAYS MIN <= 0       0               0.0     0.0        0

PRECIPITATION (INCHES)
TOTALS           0.17              2.18   -2.01     5.11
DAILY AVG.       0.01                               0.17
DAYS >= .01         3                                 11
DAYS >= .10         0                                  7
DAYS >= .50         0                                  3
DAYS >= 1.00        0                                  2
GREATEST
 24 HR. TOTAL    0.07   11/22 TO 11/22              1.83

DEGREE_DAYS
HEATING TOTAL     454               644    -190      533
 SINCE 7/1        644              1008    -364      823
COOLING TOTAL      12                 1      11        0
 SINCE 1/1       1599              1371     228     1407
..............................................................

WIND (MPH)
AVERAGE WIND SPEED              8.4
HIGHEST WIND SPEED/DIRECTION    36/210    DATE  11/18
HIGHEST GUST SPEED/DIRECTION    44/220    DATE  11/18

SKY COVER
POSSIBLE SUNSHINE (PERCENT)   MM
AVERAGE SKY COVER           0.30
NUMBER OF DAYS FAIR           19
NUMBER OF DAYS PC              8
NUMBER OF DAYS CLOUDY          3

AVERAGE RH (PERCENT)     70

WEATHER CONDITIONS. NUMBER OF DAYS WITH
THUNDERSTORM              2     MIXED PRECIP               0
HEAVY RAIN                0     RAIN                       0
LIGHT RAIN                4     FREEZING RAIN              0
LT FREEZING RAIN          0     HEAVY SNOW                 0
SNOW                      0     LIGHT SNOW                 0
FOG                      19     FOG W/VIS <= 1/4 MILE      1
HAZE                     19

-  INDICATES NEGATIVE NUMBERS.
R  INDICATES RECORD WAS SET OR TIED.
MM INDICATES DATA IS MISSING.
T  INDICATES TRACE AMOUNT.

$$
