000
CXUS56 KHNX 020550
CLMMAE


CLIMATE REPORT
NATIONAL WEATHER SERVICE SAN JOAQUIN VALLEY, CA
1001 PM PDT SAT APR 1 2017

...................................

...THE MADERA CA AIRPORT CLIMATE SUMMARY FOR THE MONTH OF MARCH 2017...

CLIMATE NORMAL PERIOD 1981 TO 2010
CLIMATE RECORD PERIOD 1998 TO 2017

WEATHER         OBSERVED          NORMAL  DEPART  LAST YEAR`S
                 VALUE   DATE(S)  VALUE   FROM    VALUE  DATE(S)
                                          NORMAL
................................................................
TEMPERATURE (F)
RECORD
 HIGH              91   03/15/2015
 LOW               29   03/10/2009
HIGHEST            85   03/14        MM      MM       79  03/19
LOWEST             33   03/06        MM      MM       38  03/29
                        03/01                             03/23
AVG. MAXIMUM     70.0              66.3     3.7     68.8
AVG. MINIMUM     44.3              42.1     2.2     45.3
MEAN             57.2              54.2     3.0     57.0
DAYS MAX >= 90      0               0.0     0.0        0
DAYS MIN <= 32      0               0.3    -0.3        0

PRECIPITATION (INCHES)
RECORD
 MAXIMUM         4.27   2006
TOTALS           0.61              1.80   -1.19     3.12
DAYS >= .01         6                MM      MM        9
DAYS >= .10         3                MM      MM        6
DAYS >= .50         0                MM      MM        3
DAYS >= 1.00        0                MM      MM        0
GREATEST
 24 HR. TOTAL    0.22   03/25 TO 03/25

SNOWFALL (INCHES)
RECORDS
 TOTAL             MM   MM
TOTALS            0.0                MM

DEGREE_DAYS
HEATING TOTAL     242               336     -94      237
 SINCE 7/1       1921              2418    -497     1981
COOLING TOTAL       6                 1       5        0
 SINCE 1/1          6                 1       5        0
.................................................................

WIND (MPH)
AVERAGE WIND SPEED              5.1
HIGHEST WIND SPEED/DIRECTION    31/330    DATE  03/30
HIGHEST GUST SPEED/DIRECTION    40/340    DATE  03/30

AVERAGE RH (PERCENT)     70

WEATHER CONDITIONS. NUMBER OF DAYS WITH
THUNDERSTORM              0     RAIN                       2
HAIL                      0     FOG                       21
FOG W/VIS <= 1/4 MILE     0     HAZE                       6

-  INDICATES NEGATIVE NUMBERS.
R  INDICATES RECORD WAS SET OR TIED.
MM INDICATES DATA IS MISSING.
T  INDICATES TRACE AMOUNT.

$$
