000
CXUS56 KHNX 011512
CLMMAE


CLIMATE REPORT
NATIONAL WEATHER SERVICE SAN JOAQUIN VALLEY, CA
807 AM PDT SUN OCT 1 2017

...................................

...THE MADERA CA AIRPORT CLIMATE SUMMARY FOR THE MONTH OF SEPTEMBER 2017...

CLIMATE NORMAL PERIOD 1981 TO 2010
CLIMATE RECORD PERIOD 1998 TO 2017

WEATHER         OBSERVED          NORMAL  DEPART  LAST YEAR`S
                 VALUE   DATE(S)  VALUE   FROM    VALUE  DATE(S)
                                          NORMAL
................................................................
TEMPERATURE (F)
RECORD
 HIGH             109   09/03/1998
 LOW               43   09/27/2013
HIGHEST           109R  09/02        MM      MM      104  09/19
LOWEST             45   09/23        MM      MM       48  09/23
AVG. MAXIMUM     90.8              89.6     1.2     91.6
AVG. MINIMUM     60.5              55.8     4.7     56.0
MEAN             75.8              72.7     3.1     73.8
DAYS MAX >= 90     16              15.7     0.3       18
DAYS MIN <= 32      0               0.0     0.0        0

PRECIPITATION (INCHES)
RECORD
 MAXIMUM         0.27   2013
TOTALS           0.08              0.25   -0.17     0.00
DAYS >= .01         1                MM      MM        0
DAYS >= .10         0                MM      MM        0
DAYS >= .50         0                MM      MM        0
DAYS >= 1.00        0                MM      MM        0
GREATEST
 24 HR. TOTAL    0.08   09/11 TO 09/11

SNOWFALL (INCHES)
RECORDS
 TOTAL            0.0
TOTALS            0.0                MM

DEGREE_DAYS
HEATING TOTAL       5                 7      -2        3
 SINCE 7/1          5                 7      -2        3
COOLING TOTAL     324               238      86      272
 SINCE 1/1       1995              1462     533     1767
.................................................................

WIND (MPH)
AVERAGE WIND SPEED              6.1
HIGHEST WIND SPEED/DIRECTION    20/340    DATE  09/20
HIGHEST GUST SPEED/DIRECTION    23/310    DATE  09/19

AVERAGE RH (PERCENT)     53

WEATHER CONDITIONS. NUMBER OF DAYS WITH
THUNDERSTORM              0     RAIN                       0
HAIL                      0     FOG                        1
FOG W/VIS <= 1/4 MILE     0     HAZE                       8

-  INDICATES NEGATIVE NUMBERS.
R  INDICATES RECORD WAS SET OR TIED.
MM INDICATES DATA IS MISSING.
T  INDICATES TRACE AMOUNT.

$$
