000
CXUS56 KHNX 011813
CLMMAE


CLIMATE REPORT
NATIONAL WEATHER SERVICE SAN JOAQUIN VALLEY, CA
1112 AM PDT FRI APR 1 2016

...................................

...THE MADERA CA AIRPORT CLIMATE SUMMARY FOR THE MONTH OF MARCH 2016...

CLIMATE NORMAL PERIOD 1981 TO 2010
CLIMATE RECORD PERIOD 1998 TO 2016

WEATHER         OBSERVED          NORMAL  DEPART  LAST YEAR`S
                 VALUE   DATE(S)  VALUE   FROM    VALUE  DATE(S)
                                          NORMAL
................................................................
TEMPERATURE (F)
RECORD
 HIGH              91   03/15/2015
 LOW               29   03/10/2009
HIGHEST            79   03/19        MM      MM       91  03/15
LOWEST             38   03/29        MM      MM       34  03/05
                        03/23                             03/03
AVG. MAXIMUM     68.8              66.3     2.5     77.5
AVG. MINIMUM     45.3              42.1     3.2     45.5
MEAN             57.0              54.2     2.8     61.5
DAYS MAX >= 90      0               0.0     0.0        1
DAYS MIN <= 32      0               0.3    -0.3        0

PRECIPITATION (INCHES)
RECORD
 MAXIMUM         4.26   MM
TOTALS           3.12              1.80    1.32     0.01
DAYS >= .01         9                MM      MM        1
DAYS >= .10         6                MM      MM        0
DAYS >= .50         3                MM      MM        0
DAYS >= 1.00        0                MM      MM        0
GREATEST
 24 HR. TOTAL    0.78   03/06 TO 03/07

SNOWFALL (INCHES)
RECORDS
 TOTAL             MM   MM
TOTALS            0.0                MM

DEGREE_DAYS
HEATING TOTAL     237               336     -99      130
 SINCE 7/1       1981              2418    -437     1580
COOLING TOTAL       0                 1      -1       30
 SINCE 1/1          0                 1      -1       32
.................................................................

WIND (MPH)
AVERAGE WIND SPEED              5.7
HIGHEST WIND SPEED/DIRECTION    31/150    DATE  03/05
HIGHEST GUST SPEED/DIRECTION    38/150    DATE  03/05

AVERAGE RH (PERCENT)     72

WEATHER CONDITIONS. NUMBER OF DAYS WITH
THUNDERSTORM              0     RAIN                       5
HAIL                      0     FOG                       24
FOG W/VIS <= 1/4 MILE     4     HAZE                       7

-  INDICATES NEGATIVE NUMBERS.
R  INDICATES RECORD WAS SET OR TIED.
MM INDICATES DATA IS MISSING.
T  INDICATES TRACE AMOUNT.

$$
