000
CXUS56 KHNX 011732
CLMMAE


CLIMATE REPORT
NATIONAL WEATHER SERVICE SAN JOAQUIN VALLEY, CA
921 AM PST FRI DEC 1 2017

...................................

...THE MADERA CA AIRPORT CLIMATE SUMMARY FOR THE MONTH OF NOVEMBER 2017...

CLIMATE NORMAL PERIOD 1981 TO 2010
CLIMATE RECORD PERIOD 1998 TO 2017

WEATHER         OBSERVED          NORMAL  DEPART  LAST YEAR`S
                 VALUE   DATE(S)  VALUE   FROM    VALUE  DATE(S)
                                          NORMAL
................................................................
TEMPERATURE (F)
RECORD
 HIGH              90   11/05/2010
 LOW               27   11/29/2010
HIGHEST            81   11/26        MM      MM       84  11/11
LOWEST             34   11/30        MM      MM       33  11/25
                        11/28
AVG. MAXIMUM     68.8              64.7     4.1     69.5
AVG. MINIMUM     44.8              40.8     4.0     43.3
MEAN             56.8              52.7     4.1     56.4
DAYS MAX >= 90      0               0.0     0.0        0
DAYS MIN <= 32      0               2.0    -2.0        0

PRECIPITATION (INCHES)
RECORD
 MAXIMUM         2.07   2012
TOTALS           0.24              1.15   -0.91     1.58
DAYS >= .01         4                MM      MM        5
DAYS >= .10         1                MM      MM        3
DAYS >= .50         0                MM      MM        1
DAYS >= 1.00        0                MM      MM        0
GREATEST
 24 HR. TOTAL    0.12   11/17 TO 11/17

SNOWFALL (INCHES)
RECORDS
 TOTAL            0.0
TOTALS            0.0                MM

DEGREE_DAYS
HEATING TOTAL     243               369    -126      255
 SINCE 7/1        327               466    -139      308
COOLING TOTAL       3                 2       1        5
 SINCE 1/1       2026              1523     503     1819
.................................................................

WIND (MPH)
AVERAGE WIND SPEED              4.3
HIGHEST WIND SPEED/DIRECTION    25/340    DATE  11/17
HIGHEST GUST SPEED/DIRECTION    30/340    DATE  11/17

AVERAGE RH (PERCENT)     70

WEATHER CONDITIONS. NUMBER OF DAYS WITH
THUNDERSTORM              0     RAIN                       1
HAIL                      0     FOG                       18
FOG W/VIS <= 1/4 MILE     7     HAZE                      20

-  INDICATES NEGATIVE NUMBERS.
R  INDICATES RECORD WAS SET OR TIED.
MM INDICATES DATA IS MISSING.
T  INDICATES TRACE AMOUNT.

$$
