000
CXUS54 KMAF 011616
CLMMAF


CLIMATE REPORT
NATIONAL WEATHER SERVICE MIDLAND/ODESSA TX
1015 AM CST SUN MAR 1 2015

...................................

...THE MIDLAND CLIMATE SUMMARY FOR THE MONTH OF FEBRUARY 2015...

CLIMATE NORMAL PERIOD 1981 TO 2010
CLIMATE RECORD PERIOD 1930 TO 2015

WEATHER         OBSERVED          NORMAL  DEPART  LAST YEAR`S
                 VALUE   DATE(S)  VALUE   FROM    VALUE  DATE(S)
                                          NORMAL
................................................................
TEMPERATURE (F)
RECORD
 HIGH              90   02/26/2009
                        02/24/2009
                        02/19/1986
 LOW              -11   02/08/1933
HIGHEST            82   02/10        63      19       85  02/19
                                                          02/18
LOWEST             19   02/27        34     -15       13  02/06
AVG. MAXIMUM     59.6              62.4    -2.8     62.9
AVG. MINIMUM     34.1              34.5    -0.4     33.6
MEAN             46.8              48.5    -1.7     48.3
DAYS MAX >= 90      0               0.0     0.0        0
DAYS MAX <= 32      3               0.5     2.5        3
DAYS MIN <= 32     14              10.7     3.3       12
DAYS MIN <= 0       0               0.1    -0.1        0

PRECIPITATION (INCHES)
RECORD
 MAXIMUM         3.53   1932
 MINIMUM         0.00   1999
                        1947
TOTALS           0.26              0.71   -0.45     0.26
DAILY AVG.       0.01              0.03   -0.02     0.01
DAYS >= .01         4               3.8     0.2        2
DAYS >= .10         1               1.8    -0.8        1
DAYS >= .50         0               0.4    -0.4        0
DAYS >= 1.00        0               0.1    -0.1        0
GREATEST
 24 HR. TOTAL    0.54   01/31 TO 02/01              0.24

SNOWFALL (INCHES)
RECORDS
 TOTAL            4.5   2010
TOTALS            1.1               0.5     0.6      0.7
SINCE 7/1         3.6               4.5    -0.9      0.8
SNOWDEPTH AVG.      0                MM      MM        0
DAYS >= 1.0         0               0.2    -0.2        0
GREATEST
 SNOW DEPTH         0   MM                             0  MM
 24 HR TOTAL      0.5   02/27 TO 02/27               0.4

DEGREE_DAYS
HEATING TOTAL     504               465      39      462
 SINCE 7/1       2150              2237     -87     2248
.................................................................

WIND (MPH)
AVERAGE WIND SPEED              11.0
HIGHEST WIND SPEED/DIRECTION    40/020    DATE  02/04
HIGHEST GUST SPEED/DIRECTION    46/020    DATE  02/04

SKY COVER
POSSIBLE SUNSHINE (PERCENT)   MM
AVERAGE SKY COVER           0.40
NUMBER OF DAYS FAIR           16
NUMBER OF DAYS PC              5
NUMBER OF DAYS CLOUDY          7

AVERAGE RH (PERCENT)     62

WEATHER CONDITIONS. NUMBER OF DAYS WITH
THUNDERSTORM              0     MIXED PRECIP               0
HEAVY RAIN                0     RAIN                       1
LIGHT RAIN                1     FREEZING RAIN              0
LT FREEZING RAIN          2     HAIL                       0
HEAVY SNOW                0     SNOW                       1
LIGHT SNOW                6     SLEET                      1
FOG                      13     FOG W/VIS <= 1/4 MILE      3
HAZE                      8

-  INDICATES NEGATIVE NUMBERS.
R  INDICATES RECORD WAS SET OR TIED.
MM INDICATES DATA IS MISSING.
T  INDICATES TRACE AMOUNT.

$$
