000
CXUS53 KABR 011437
CLMMBG


CLIMATE REPORT
NATIONAL WEATHER SERVICE ABERDEEN SD
933 AM CDT SUN MAY 1 2016

...................................

...THE MOBRIDGE SD CLIMATE SUMMARY FOR THE MONTH OF APRIL 2016...

CLIMATE NORMAL PERIOD 1981 TO 2010
CLIMATE RECORD PERIOD 1911 TO 2016

WEATHER         OBSERVED          NORMAL  DEPART  LAST YEAR`S
                 VALUE   DATE(S)  VALUE   FROM    VALUE  DATE(S)
                                          NORMAL
................................................................
TEMPERATURE (F)
RECORD
 HIGH              96   04/30/1992
 LOW                1   04/03/1975
                        04/03/1936
HIGHEST            80   04/23        MM      MM       84  04/14
                        04/14
LOWEST             22   04/11        MM      MM       18  04/03
AVG. MAXIMUM     60.8              58.0     2.8     63.5
AVG. MINIMUM     35.7              32.5     3.2     33.8
MEAN             48.2              45.3     2.9     48.7
DAYS MAX >= 90      0               0.0     0.0        0
DAYS MAX <= 32      0               0.6    -0.6        0
DAYS MIN <= 32     11              14.2    -3.2       12
DAYS MIN <= 0       0               0.0     0.0        0

PRECIPITATION (INCHES)
RECORD
 MAXIMUM         5.37   1970
 MINIMUM         0.02   1952
TOTALS           4.62              1.57    3.05     0.50
DAYS >= .01         9                MM      MM        6
DAYS >= .10         7                MM      MM        1
DAYS >= .50         3                MM      MM        0
DAYS >= 1.00        2                MM      MM        0

SNOWFALL (INCHES)
RECORDS
 TOTAL           16.3   5
 SNOW DEPTH        MM   MM
TOTALS              T                MM      MM        T
SINCE 7/1        18.3                MM      MM     18.7
SNOWDEPTH AVG.      0                MM      MM        0
DAYS >= TRACE       2
DAYS >= 1.0         0
GREATEST
 SNOW DEPTH         T   04/01                          0  MM

DEGREE_DAYS
HEATING TOTAL     496               593     -97      482
 SINCE 7/1       6105              7595   -1490     7049
COOLING TOTAL       2                 1       1        0
 SINCE 1/1          2                 1       1        0

FREEZE DATES
RECORD
 EARLIEST     MM
 LATEST       MM
EARLIEST                        MM
LATEST                          MM
.................................................................

WIND (MPH)
AVERAGE WIND SPEED              13.0
RESULTANT WIND SPEED/DIRECTION   4/030
HIGHEST WIND SPEED/DIRECTION    39/180    DATE  04/09
HIGHEST GUST SPEED/DIRECTION    49/180    DATE  04/09

SKY COVER
POSSIBLE SUNSHINE (PERCENT)   MM
AVERAGE SKY COVER           0.40
NUMBER OF DAYS FAIR           16
NUMBER OF DAYS PC              7
NUMBER OF DAYS CLOUDY          7

AVERAGE RH (PERCENT)     64

WEATHER CONDITIONS. NUMBER OF DAYS WITH
THUNDERSTORM              0     MIXED PRECIP               0
HEAVY RAIN                1     RAIN                       6
LIGHT RAIN               10     FREEZING RAIN              0
LT FREEZING RAIN          0     HAIL                       0
HEAVY SNOW                0     SNOW                       0
LIGHT SNOW                2     SLEET                      0
FOG                      11     FOG W/VIS <= 1/4 MILE      1
HAZE                      0

-  INDICATES NEGATIVE NUMBERS.
R  INDICATES RECORD WAS SET OR TIED.
MM INDICATES DATA IS MISSING.
T  INDICATES TRACE AMOUNT.

$$
