000
CXUS53 KEAX 010742
CLMMCI

STLCLMWRK 000
TTAA00 KEAX 010740


CLIMATE REPORT
NATIONAL WEATHER SERVICE KANSAS CITY/PLEASANT HILL MO
139 AM CST SUN FEB 1 2015

...................................

...THE KANSAS CITY INTERNATIONAL MO CLIMATE SUMMARY FOR THE MONTH
OF JANUARY 2015...

CLIMATE NORMAL PERIOD 1981 TO 2010
CLIMATE RECORD PERIOD 1888 TO 2015

WEATHER         OBSERVED          NORMAL  DEPART  LAST YEAR`S
                 VALUE   DATE(S)  VALUE   FROM    VALUE  DATE(S)
                                          NORMAL
................................................................
TEMPERATURE (F)
RECORD
 HIGH              75   01/24/1950
 LOW              -20   01/12/1912
HIGHEST            73   01/28        61      12       62  01/19
LOWEST             -3   01/08         0      -3      -11  01/06
                        01/07
AVG. MAXIMUM     42.8              38.0     4.8     36.5
AVG. MINIMUM     19.6              19.6     0.0     12.5
MEAN             31.2              28.8     2.4     24.5
DAYS MAX >= 90      0               0.0     0.0        0
DAYS MAX <= 32      8              10.2    -2.2       11
DAYS MIN <= 32     28              27.5     0.5       31
DAYS MIN <= 0       2               2.1    -0.1        6

PRECIPITATION (INCHES)
RECORD
 MAXIMUM         5.52   1916
 MINIMUM         0.02   1986
TOTALS           1.20              1.07    0.13     0.39
DAILY AVG.       0.04              0.03    0.01     0.01
DAYS >= .01         7               6.3     0.7        6
DAYS >= .10         1               2.6    -1.6        2
DAYS >= .50         1               0.5     0.5        0
DAYS >= 1.00        0               0.1    -0.1        0
GREATEST
 24 HR. TOTAL    0.99   01/31 TO 01/31

SNOWFALL (INCHES)
RECORDS
 TOTAL           30.5   1962
                        0
                        0
TOTALS            2.3               4.6    -2.3      5.6
SINCE 7/1         5.4              10.8    -5.4     11.3
SNOWDEPTH AVG.      0                 2      -2        1
DAYS >= 1.0         0               1.6    -1.6        3
GREATEST
 SNOW DEPTH         1   01/31                          3  01/07
                        01/08                             01/06
                        01/07                             01/05
 24 HR TOTAL      0.7   MM

DEGREE_DAYS
HEATING TOTAL    1038              1122     -84     1247
 SINCE 7/1       3102              3164     -62     3444
COOLING TOTAL       0                 0       0        0
 SINCE 1/1          0                 0       0        0
.................................................................

WIND (MPH)
AVERAGE WIND SPEED              9.8
HIGHEST WIND SPEED/DIRECTION    33/330    DATE  01/29
HIGHEST GUST SPEED/DIRECTION    44/340    DATE  01/29

SKY COVER
POSSIBLE SUNSHINE (PERCENT)   MM
AVERAGE SKY COVER           0.50
NUMBER OF DAYS FAIR           11
NUMBER OF DAYS PC             13
NUMBER OF DAYS CLOUDY          7

AVERAGE RH (PERCENT)     64

WEATHER CONDITIONS. NUMBER OF DAYS WITH
THUNDERSTORM              0     MIXED PRECIP               0
HEAVY RAIN                0     RAIN                       1
LIGHT RAIN                5     FREEZING RAIN              0
LT FREEZING RAIN          0     HAIL                       0
HEAVY SNOW                0     SNOW                       1
LIGHT SNOW                7     SLEET                      1
FOG                      11     FOG W/VIS <= 1/4 MILE      0
HAZE                     13

-  INDICATES NEGATIVE NUMBERS.
R  INDICATES RECORD WAS SET OR TIED.
MM INDICATES DATA IS MISSING.
T  INDICATES TRACE AMOUNT.

$$
