000
CXUS53 KGLD 061908
CLMMCK

CLIMATE REPORT
NATIONAL WEATHER SERVICE GOODLAND
108 PM MDT MON JUL 6 2015

...................................

...THE MCCOOK CLIMATE SUMMARY FOR THE MONTH OF JUNE 2015...

CLIMATE NORMAL PERIOD 1981 TO 2010
CLIMATE RECORD PERIOD 1896 TO 2015

WEATHER         OBSERVED          NORMAL  DEPART  LAST YEAR`S
                 VALUE   DATE(S)  VALUE   FROM    VALUE  DATE(S)
                                          NORMAL
................................................................
TEMPERATURE (F)
RECORD
 HIGH             115   06/26/2012
 LOW               33   06/11/1998
                        06/06/1998
HIGHEST           101   06/30        99       2       96  06/03
LOWEST             54   06/01        45       9       46  06/10
AVG. MAXIMUM     86.7              84.0     2.7     83.8
AVG. MINIMUM     60.4              55.9     4.5     58.3
MEAN             73.6              69.9     3.7     71.1
DAYS MAX >= 90      9               7.9     1.1        6
DAYS MAX <= 32      0               0.0     0.0        0
DAYS MIN <= 32      0               0.0     0.0        0
DAYS MIN <= 0       0               0.0     0.0        0

PRECIPITATION (INCHES)
RECORD
 MAXIMUM         8.05   2014
 MINIMUM         0.42   1978
TOTALS           4.52              3.38    1.14     8.05
DAILY AVG.       0.15              0.11    0.04     0.27
DAYS >= .01         9               9.1    -0.1       16
DAYS >= .10         6               5.9     0.1       12
DAYS >= .50         3               2.2     0.8        4
DAYS >= 1.00        2               0.9     1.1        3
GREATEST
 24 HR. TOTAL    1.99   06/04 TO 06/05              3.04
 STORM TOTAL       MM
 (MM/DD(HH))            MM

.................................................................

-  INDICATES NEGATIVE NUMBERS.
R  INDICATES RECORD WAS SET OR TIED.
MM INDICATES DATA IS MISSING.
T  INDICATES TRACE AMOUNT.

$$
