000
CXUS52 KMLB 011642
CLMMCO

CLIMATE REPORT
NATIONAL WEATHER SERVICE MELBOURNE FL
841 AM EDT MON MAY 1 2017

...................................

...THE ORLANDO  AREA CLIMATE SUMMARY FOR THE MONTH OF APRIL 2017...

CLIMATE NORMAL PERIOD 1981 TO 2010
CLIMATE RECORD PERIOD 1892 TO 2017

WEATHER         OBSERVED          NORMAL  DEPART  LAST YEAR`S
                 VALUE   DATE(S)  VALUE   FROM    VALUE  DATE(S)
                                          NORMAL
................................................................
TEMPERATURE (F)
MONTHLY RECORD
 HOTTEST         78.7   1908
 COLDEST         66.8   1987

DAILY RECORD
 HIGH              98   04/26/1908
 LOW               37   04/02/1919

APRIL 2017
HIGHEST            96   04/05                         90
LOWEST             46   04/08                         55
AVG. MAXIMUM     87.1              82.5     4.6     83.5
AVG. MINIMUM     61.6              60.0     1.6     62.1
MEAN             74.4              71.2     3.2     72.8
DAYS MAX >= 90      9               2.0     7.0        1
DAYS MAX <= 32      0               0.0     0.0        0
DAYS MIN <= 32      0               0.0     0.0        0
DAYS MIN <= 0       0               0.0     0.0        0

PRECIPITATION (INCHES)
MONTHLY RECORD
 MAXIMUM         9.10   1992
 MINIMUM         0.00   1896

DAILY RECORD
 MAXIMUM         5.13   04/11/1992

APRIL 2017
TOTALS              T              2.68   -2.68     1.27

DAYS >= .01         0               6.2    -6.2        7
DAYS >= .10         0               3.9    -3.9        3
DAYS >= .50         0               1.8    -1.8        1
DAYS >= 1.00        0               0.6    -0.6        0
GREATEST
 24 HR. TOTAL       T   04/24 TO 04/24

SNOWFALL (INCHES)
TOTALS            0.0               0.0     0.0      0.0
SINCE 7/1         0.0               0.0     0.0      0.0
DAYS >= TRACE       0                                  0

DEGREE_DAYS
HEATING TOTAL       3                12      -9        0
 SINCE 7/1        209               570    -361      370
COOLING TOTAL     290               199      91      242
 SINCE 1/1        654               421     233      521
.................................................................

WIND (MPH)
AVERAGE WIND SPEED              9.0
HIGHEST WIND SPEED/DIRECTION    25/260    DATE  04/24
HIGHEST GUST SPEED/DIRECTION    34/260    DATE  04/24

SKY COVER
POSSIBLE SUNSHINE (PERCENT)   MM
AVERAGE SKY COVER           0.50
NUMBER OF DAYS FAIR            6
NUMBER OF DAYS PC             23
NUMBER OF DAYS CLOUDY          1

AVERAGE RH (PERCENT)     63

WEATHER CONDITIONS. NUMBER OF DAYS WITH
THUNDERSTORM              3     MIXED PRECIP               0
HEAVY RAIN                0     RAIN                       0
LIGHT RAIN                5     LT FREEZING RAIN           0
HAIL                      0     LIGHT SNOW                 0
SLEET                     0     FOG                        8
FOG W/VIS <= 1/4 MILE     0     HAZE                       3

-  INDICATES NEGATIVE NUMBERS.
R  INDICATES RECORD WAS SET OR TIED.
MM INDICATES DATA IS MISSING.
T  INDICATES TRACE AMOUNT.

$$
