000
CXUS54 KMEG 021445
CLMMEG


CLIMATE REPORT
NATIONAL WEATHER SERVICE MEMPHIS TN
942 AM CDT TUE AUG 2 2016

...................................

...THE MEMPHIS/GERMANTOWN WFO CLIMATE SUMMARY FOR THE MONTH OF JULY 2016...

CLIMATE NORMAL PERIOD 1981 TO 2010
CLIMATE RECORD PERIOD 1988 TO 2016

WEATHER         OBSERVED          NORMAL  DEPART  LAST YEAR`S
                 VALUE   DATE(S)  VALUE   FROM    VALUE  DATE(S)
                                          NORMAL
................................................................
TEMPERATURE (F)
RECORD
 HIGH             102   07/06/2012
                        07/11/2011
                        07/21/2006
 LOW               57   07/15/1990
                        07/14/1990
HIGHEST            99   07/22        MM      MM       99  07/29
LOWEST             70   07/16        MM      MM       67  07/31
AVG. MAXIMUM     92.5              90.9     1.6     92.2
AVG. MINIMUM     74.0              71.1     2.9     73.9
MEAN             83.2              81.0     2.2     83.0
DAYS MAX >= 90     24              19.3     4.7       22
DAYS MAX <= 32      0               0.0     0.0        0
DAYS MIN <= 32      0               0.0     0.0        0
DAYS MIN <= 0       0               0.0     0.0        0

PRECIPITATION (INCHES)
RECORD
 MAXIMUM           MM   MM
 MINIMUM           MM   MM
TOTALS           5.98              4.54    1.44     4.83
DAILY AVG.       0.19              0.15    0.04     0.16
DAYS >= .01        12               9.5     2.5        7
DAYS >= .10         9               6.7     2.3        6
DAYS >= .50         5               3.4     1.6        3
DAYS >= 1.00        1               1.6    -0.6        2
GREATEST
 24 HR. TOTAL    1.53   07/04 TO 07/04

SNOWFALL (INCHES)
RECORDS
 TOTAL             MM   5
TOTALS            0.0               0.0     0.0      0.0
SINCE 7/1         0.0               0.0     0.0      0.0
SNOWDEPTH AVG.      0                MM      MM        0
DAYS >= 1.0         0               0.0     0.0        0
GREATEST
 SNOW DEPTH         0   MM                             0  MM
 24 HR TOTAL      0.0   07/31 TO 07/31

DEGREE_DAYS
HEATING TOTAL       0                 0       0        0
 SINCE 7/1          0                 0       0        0
COOLING TOTAL     573               496      77      566
 SINCE 1/1       1293              1128     165     1318
.................................................................



-  INDICATES NEGATIVE NUMBERS.
R  INDICATES RECORD WAS SET OR TIED.
MM INDICATES DATA IS MISSING.
T  INDICATES TRACE AMOUNT.

$$
