000
CXUS54 KMEG 020039
CLMMEG


CLIMATE REPORT
NATIONAL WEATHER SERVICE MEMPHIS TN
736 PM CDT TUE SEP 1 2015

...................................

...THE MEMPHIS/GERMANTOWN WFO CLIMATE SUMMARY FOR THE MONTH OF AUGUST 2015...

CLIMATE NORMAL PERIOD 1981 TO 2010
CLIMATE RECORD PERIOD 1988 TO 2015

WEATHER         OBSERVED          NORMAL  DEPART  LAST YEAR`S
                 VALUE   DATE(S)  VALUE   FROM    VALUE  DATE(S)
                                          NORMAL
................................................................
TEMPERATURE (F)
RECORD
 HIGH             106   08/15/2007
 LOW               47   08/08/2009
HIGHEST            98   08/04        MM      MM       99  08/24
                        08/03                             08/23
LOWEST             57   08/26        MM      MM       60  08/14
                        08/25
AVG. MAXIMUM     89.3              90.6    -1.3     91.4
AVG. MINIMUM     67.5              69.5    -2.0     70.8
MEAN             78.4              80.1    -1.7     81.1
DAYS MAX >= 90     15              17.3    -2.3       21
DAYS MAX <= 32      0               0.0     0.0        0
DAYS MIN <= 32      0               0.0     0.0        0
DAYS MIN <= 0       0               0.0     0.0        0

PRECIPITATION (INCHES)
RECORD
 MAXIMUM           MM   MM
 MINIMUM           MM   MM
TOTALS           4.27              3.30    0.97     1.34
DAILY AVG.       0.14              0.11    0.03     0.04
DAYS >= .01        10               6.6     3.4        8
DAYS >= .10         6               4.4     1.6        3
DAYS >= .50         3               1.7     1.3        1
DAYS >= 1.00        1               0.7     0.3        0
GREATEST
 24 HR. TOTAL    1.76   08/05 TO 08/05

SNOWFALL (INCHES)
RECORDS
 TOTAL             MM   5
TOTALS            0.0               0.0     0.0      0.0
SINCE 7/1         0.0               0.0     0.0      0.0
SNOWDEPTH AVG.      0                MM      MM        0
DAYS >= 1.0         0               0.0     0.0        0
GREATEST
 SNOW DEPTH         0   MM                             0  MM
 24 HR TOTAL      0.0   08/31 TO 08/31

DEGREE_DAYS
HEATING TOTAL       0                 0       0        0
 SINCE 7/1          0                 0       0        0
COOLING TOTAL     421               467     -46      508
 SINCE 1/1       1739              1595     144     1581
.................................................................



-  INDICATES NEGATIVE NUMBERS.
R  INDICATES RECORD WAS SET OR TIED.
MM INDICATES DATA IS MISSING.
T  INDICATES TRACE AMOUNT.

$$
