000
CXUS44 KBRO 011508
CLMMFE


CLIMATE REPORT
NATIONAL WEATHER SERVICE BROWNSVILLE TX
856 AM CST THU FEB 1 2018

...................................

...THE MCALLEN CLIMATE SUMMARY FOR THE MONTH OF JANUARY 2018...

CLIMATE NORMAL PERIOD 1981 TO 2010
CLIMATE RECORD PERIOD 1961 TO 2018

WEATHER         OBSERVED          NORMAL  DEPART  LAST YEAR`S
                 VALUE   DATE(S)  VALUE   FROM    VALUE  DATE(S)
                                          NORMAL
................................................................
TEMPERATURE (F)
HIGHEST            85   01/11        86      -1       96  01/21
LOWEST             31   01/16        32      -1       32  01/07
AVG. MAXIMUM     69.0              71.0    -2.0
AVG. MINIMUM     47.3              50.7    -3.4
MEAN             58.1              60.8    -2.7     67.7
DAYS MAX >= 90      0               0.3    -0.3
DAYS MAX <= 32      0               0.0     0.0
DAYS MIN <= 32      1               0.4     0.6
DAYS MIN <= 0       0               0.0     0.0

PRECIPITATION (INCHES)
TOTALS           0.54              1.05   -0.51     0.98
DAILY AVG.       0.02              0.03   -0.01     0.03
DAYS >= .01         8               7.4     0.6        8
DAYS >= .10         2               2.6    -0.6        4
DAYS >= .50         0               0.7    -0.7        1
DAYS >= 1.00        0               0.2    -0.2        0
GREATEST
 24 HR. TOTAL    0.13   01/27 TO 01/27           01/18 TO 01/19
                                                          01/31 TO 01/31
                                                          01/31 TO 01/31

SNOWFALL (INCHES)
RECORDS
 24 HR TOTAL       MM
TOTALS              T               0.0     0.0      0.0
 LIQUID EQUIV      MM              0.00      MM     0.00
SINCE 7/1         0.3               0.0     0.3      0.0
 LIQUID 7/1      0.03
DAYS >= TRACE       1               0.0     1.0        0
DAYS >= 1.0         0               0.0     0.0        0
GREATEST
 SNOW DEPTH         0   MM                             0  MM
 24 HR TOTAL        T   01/16 TO 01/16           01/31 TO 01/31
                                                          01/31 TO 01/31
                                                          01/31 TO 01/31

DEGREE_DAYS
HEATING TOTAL     242               190      52       87
 SINCE 7/1        483               427      56      180
COOLING TOTAL      38                62     -24      179
 SINCE 1/1         38                62     -24      179

.................................................................

WIND (MPH)
AVERAGE WIND SPEED              8.4
HIGHEST WIND SPEED/DIRECTION    32/340    DATE  01/11
HIGHEST GUST SPEED/DIRECTION    39/350    DATE  01/11

SKY COVER
POSSIBLE SUNSHINE (PERCENT)   MM
AVERAGE SKY COVER           0.50
NUMBER OF DAYS FAIR           13
NUMBER OF DAYS PC              8
NUMBER OF DAYS CLOUDY         10

AVERAGE RH (PERCENT)     64

-  INDICATES NEGATIVE NUMBERS.
R  INDICATES RECORD WAS SET OR TIED.
MM INDICATES DATA IS MISSING.
T  INDICATES TRACE AMOUNT.

$$
