000
CXUS44 KBRO 011551
CLMMFE


CLIMATE REPORT
NATIONAL WEATHER SERVICE BROWNSVILLE TX
1051 AM CDT WED NOV 1 2017

...................................

...THE MCALLEN CLIMATE SUMMARY FOR THE MONTH OF OCTOBER 2017...

CLIMATE NORMAL PERIOD 1981 TO 2010
CLIMATE RECORD PERIOD 1961 TO 2017

WEATHER         OBSERVED          NORMAL  DEPART  LAST YEAR`S
                 VALUE   DATE(S)  VALUE   FROM    VALUE  DATE(S)
                                          NORMAL
................................................................
TEMPERATURE (F)
HIGHEST            98   10/22        95       3      100  10/20
                                                          10/19
                                                          10/18
LOWEST             44   10/29        52      -8       57  10/22
AVG. MAXIMUM     88.5              87.6     0.9
AVG. MINIMUM     66.7              66.8    -0.1
MEAN             77.6              77.2     0.4     82.9
DAYS MAX >= 90     17              11.9     5.1
DAYS MAX <= 32      0               0.0     0.0
DAYS MIN <= 32      0               0.0     0.0
DAYS MIN <= 0       0               0.0     0.0

PRECIPITATION (INCHES)
TOTALS           6.14              2.08    4.06     0.15
DAILY AVG.       0.20              0.07    0.13     0.00
DAYS >= .01         8               5.6     2.4        3
DAYS >= .10         6               3.3     2.7        0
DAYS >= .50         1               1.3    -0.3        0
DAYS >= 1.00        1               0.6     0.4        0
GREATEST
 24 HR. TOTAL    5.07   10/10 TO 10/10           10/20 TO 10/20
                                                          10/19 TO 10/20
                                                          10/20 TO 10/20
 STORM TOTAL       MM                                 MM
 (MM/DD(HH))            MM                    10/20(00) TO 10/20(00)
                                                 10/20(00) TO 10/20(00)0
                                                 10/20(00) TO 10/20(00)0

SNOWFALL (INCHES)
RECORDS
 24 HR TOTAL       MM
TOTALS            0.0               0.0     0.0      0.0
 LIQUID EQUIV    0.00              0.00    0.00     0.00
SINCE 7/1         0.0               0.0     0.0      0.0
 LIQUID 7/1      0.00
DAYS >= TRACE       0               0.0     0.0        0
DAYS >= 1.0         0               0.0     0.0        0
GREATEST
 SNOW DEPTH         0   MM                             0  MM
 24 HR TOTAL      0.0   10/31 TO 10/31           10/31 TO 10/31
                                                          10/20 TO 10/20
                                                          10/20 TO 10/20
 STORM TOTAL       MM                                 MM
 (MM/DD(HH))            MM                    10/31(00) TO 10/31(00)
                                                 10/20(00) TO 10/20(00)0
                                                 10/20(00) TO 10/20(00)0

DEGREE_DAYS
HEATING TOTAL      10                 5       5        0
 SINCE 7/1         10                 5       5        0
COOLING TOTAL     409               383      26      561
 SINCE 1/1       5325              4182    1143     5184

FREEZE DATES
RECORD
 EARLIEST     MM
 LATEST       MM
EARLIEST                        MM
LATEST                          MM
.................................................

WIND (MPH)
AVERAGE WIND SPEED              7.5
HIGHEST WIND SPEED/DIRECTION    38/150    DATE  10/10
HIGHEST GUST SPEED/DIRECTION    44/140    DATE  10/10

SKY COVER
POSSIBLE SUNSHINE (PERCENT)   MM
AVERAGE SKY COVER           0.30
NUMBER OF DAYS FAIR           21
NUMBER OF DAYS PC              9
NUMBER OF DAYS CLOUDY          1

AVERAGE RH (PERCENT)     66

WEATHER CONDITIONS. NUMBER OF DAYS WITH
THUNDERSTORM              0     MIXED PRECIP               0
HEAVY RAIN                5     RAIN                       3
LIGHT RAIN                9     FREEZING RAIN              0
LT FREEZING RAIN          0     HAIL                       0
HEAVY SNOW                0     SNOW                       0
LIGHT SNOW                0     SLEET                      0
FOG                      13     FOG W/VIS <= 1/4 MILE      2
HAZE                      3

-  INDICATES NEGATIVE NUMBERS.
R  INDICATES RECORD WAS SET OR TIED.
MM INDICATES DATA IS MISSING.
T  INDICATES TRACE AMOUNT.

$$
