000
CXUS56 KMFR 011207
CLMMFR

CLIMATE REPORT
NATIONAL WEATHER SERVICE MEDFORD, OR
445 AM PDT WED JUL 1 2015

...................................

...THE MEDFORD OR CLIMATE SUMMARY FOR THE MONTH OF JUNE 2015...

CLIMATE NORMAL PERIOD 1981 TO 2010
CLIMATE RECORD PERIOD 1911 TO 2015

WEATHER         OBSERVED          NORMAL  DEPART  LAST YEAR`S
                 VALUE   DATE(S)  VALUE   FROM    VALUE  DATE(S)
                                          NORMAL
................................................................
TEMPERATURE (F)
RECORD
 HIGH             111   06/22/1992
 LOW               31   06/12/1952
HIGHEST           107   06/26                         99  06/30
LOWEST             50   06/14                         44  06/18
                        06/03                             06/14
AVG. MAXIMUM     91.3              81.6     9.7     83.3
AVG. MINIMUM     58.3              52.0     6.3     52.2
MEAN             74.8              66.8     8.0     67.7
DAYS MAX >= 90     21               6.3    14.7        6
DAYS MAX <= 32      0               0.0     0.0        0
DAYS MIN <= 32      0               0.0     0.0        0
DAYS MIN <= 0       0               0.0     0.0        0

PRECIPITATION (INCHES)
RECORD
 MAXIMUM         3.49   1931
TOTALS           0.31              0.62   -0.31     0.54
DAILY AVG.       0.01              0.02   -0.01     0.02
DAYS >= .01         3               4.2    -1.2        2
DAYS >= .10         1               2.0    -1.0        1
DAYS >= .50         0               0.2    -0.2        0
DAYS >= 1.00        0               0.0     0.0        0
GREATEST
 24 HR. TOTAL    0.27   05/31 TO 06/01

SNOWFALL (INCHES)
RECORDS
 TOTAL            0.0   2010
TOTALS            0.0               0.0     0.0      0.0
SINCE 7/1           T               4.1    -4.1      3.4

DEGREE_DAYS
HEATING TOTAL      10                54     -44       22
 SINCE 7/1       3246              4251   -1005     4179
COOLING TOTAL     311               108     203      111
 SINCE 1/1        356               146     210      167

FREEZE DATES
RECORD
 EARLIEST     09/13/1921
 LATEST       06/12/1952
EARLIEST                        10/18
LATEST                          04/29
.................................................................

WIND (MPH)
AVERAGE WIND SPEED              4.7
HIGHEST WIND SPEED/DIRECTION    20/290    DATE  06/18
HIGHEST GUST SPEED/DIRECTION    27/280    DATE  06/18

SKY COVER
POSSIBLE SUNSHINE (PERCENT)   MM
AVERAGE SKY COVER           0.10
NUMBER OF DAYS FAIR           25
NUMBER OF DAYS PC              3
NUMBER OF DAYS CLOUDY          2

AVERAGE RH (PERCENT)     46

WEATHER CONDITIONS. NUMBER OF DAYS WITH
THUNDERSTORM              0     MIXED PRECIP               0
HEAVY RAIN                0     RAIN                       2
LIGHT RAIN                3     FREEZING RAIN              0
LT FREEZING RAIN          0     HAIL                       0
HEAVY SNOW                0     SNOW                       0
LIGHT SNOW                0     SLEET                      0
FOG                       1     FOG W/VIS <= 1/4 MILE      0
HAZE                      1

-  INDICATES NEGATIVE NUMBERS.
R  INDICATES RECORD WAS SET OR TIED.
MM INDICATES DATA IS MISSING.
T  INDICATES TRACE AMOUNT.

&&

JUNE 2015 HAD A VERY WET START IN MEDFORD AS NEARLY ALL OF OUR MONTHLY
RAINFALL OCCURRED ON THE FIRST DAY. ANOTHER WEAK DISTURBANCE MOVED
THROUGH ON THE 8TH AND 9TH PROVIDING MUCH OF THE ROGUE VALLEY
AND SURROUNDING AREAS WITH ANOTHER COUPLE OF DAYS OF SHOWERS AND
THUNDERSTORMS. BEYOND THAT, MEDFORD REMAINED EITHER SUNNY OR MOSTLY
SUNNY WITH NO MEASURABLE RAINFALL. THIS ALLOWED FOR TEMPERATURES TO
SOAR ACROSS SOUTHERN OREGON AND NORTHERN CALIFORNIA. THESE CONDITIONS
RESULTED IN THE HOTTEST MONTH OF JUNE MEDFORD HAS SEEN SINCE RECORDS
BEGAN BACK IN 1911. THE RECORDS FOR HOTTEST JUNE INCLUDE THE AVERAGE
MAXIMUM TEMPERATURE, THE AVERAGE MINIMUM TEMPERATURE, AND THE AVERAGE
TEMPERATURE ITSELF WHICH IS THE AVERAGE OF THE AVERAGE MAX AND MIN
TEMPERATURES. THERE WERE 21 DAYS WHICH REACHED AT LEAST 90 DEGREES AND
5 DAYS WITH TEMPERATURES SOARING OVER 100 DEGREES...WITH OUR FIRST 100
DEGREE DAY OCCURRING ON THE 7TH. WE EVEN BROKE DAILY MAXIMUM
TEMPERATURE RECORDS 6 TIMES THIS MONTH. ADDITIONALLY, WE ALSO HAD MILD
TO WARM MINIMUM TEMPERATURES ALL MONTH. IN FACT, MEDFORD BROKE THE ALL
TIME RECORD WARMEST MINIMUM TEMPERATURE ON THE 28TH WITH A LOW
TEMPERATURE OF 76 DEGREES. ALTHOUGH A FEW SHOWERS AND STORMS OCCURRED
THROUGHOUT JUNE, RAINFALL VALUES ACROSS SOUTHERN OREGON AND NORTHERN
CALIFORNIA ARE STILL MUCH BELOW NORMAL FOR THE MONTH OF JUNE AS WELL AS
FOR THE WATER AND CALENDAR YEAR. THIS HAS ALLOWED FOR OUR DROUGHT
CONDITIONS TO CONTINUE DRYING OUT FUELS. CONSEQUENTLY, THE
THUNDERSTORMS WHICH HAVE OCCURRED THIS MONTH HAVE PRODUCED NUMEROUS
WILDFIRES ACROSS OUR FORECAST AREA.

$$
