312
CXUS53 KIND 011511
CLMMIE


CLIMATE REPORT
NATIONAL WEATHER SERVICE INDIANAPOLIS IN
1109 AM EDT SAT OCT 1 2016

...................................

...THE MUNCIE IN CLIMATE SUMMARY FOR THE MONTH OF SEPTEMBER 2016...

CLIMATE NORMAL PERIOD 1981 TO 2010
CLIMATE RECORD PERIOD 9999 TO 9999

WEATHER         OBSERVED          NORMAL  DEPART  LAST YEAR`S
                 VALUE   DATE(S)  VALUE   FROM    VALUE  DATE(S)
                                          NORMAL
................................................................
TEMPERATURE (F)
HIGHEST            90   09/23                         90  09/07
                        09/07                             09/06
                        09/06                             09/04
LOWEST             53   09/28                         43  09/22
                        09/27                             09/21
AVG. MAXIMUM     81.3              76.9     4.4     78.2
AVG. MINIMUM     60.0              54.0     6.0     55.2
MEAN             70.7              65.5     5.2     66.7
DAYS MAX >= 90      3               1.3     1.7        3
DAYS MAX <= 32      0               0.0     0.0        0
DAYS MIN <= 32      0               0.1    -0.1        0
DAYS MIN <= 0       0               0.0     0.0        0

PRECIPITATION (INCHES)
TOTALS           4.70              2.96    1.74     2.17
DAILY AVG.       0.16              0.10    0.06     0.07
DAYS >= .01         9               8.8     0.2        6
DAYS >= .10         6               5.0     1.0        5
DAYS >= .50         3               2.1     0.9        2
DAYS >= 1.00        3               0.9     2.1        0
GREATEST
 24 HR. TOTAL    1.61   09/16 TO 09/17

DEGREE_DAYS
HEATING TOTAL      10                91     -81       59
 SINCE 7/1         13               101     -88       74
COOLING TOTAL     188               105      83      118
 SINCE 1/1       1288               939     349      879
.................................................................

WIND (MPH)
AVERAGE WIND SPEED              5.8
HIGHEST WIND SPEED/DIRECTION    28/290    DATE  09/26
HIGHEST GUST SPEED/DIRECTION    38/300    DATE  09/26

SKY COVER
POSSIBLE SUNSHINE (PERCENT)   MM
AVERAGE SKY COVER           0.30
NUMBER OF DAYS FAIR           21
NUMBER OF DAYS PC              6
NUMBER OF DAYS CLOUDY          3

AVERAGE RH (PERCENT)     70

WEATHER CONDITIONS. NUMBER OF DAYS WITH
THUNDERSTORM              8     MIXED PRECIP               0
HEAVY RAIN                4     RAIN                       6
LIGHT RAIN               12     FREEZING RAIN              0
LT FREEZING RAIN          0     HAIL                       0
HEAVY SNOW                0     SNOW                       0
LIGHT SNOW                0     SLEET                      0
FOG                      14     FOG W/VIS <= 1/4 MILE      1
HAZE                      4

-  INDICATES NEGATIVE NUMBERS.
R  INDICATES RECORD WAS SET OR TIED.
MM INDICATES DATA IS MISSING.
T  INDICATES TRACE AMOUNT.

$$
