000
CXUS54 KMEG 011707
CLMMKL


CLIMATE REPORT
NATIONAL WEATHER SERVICE MEMPHIS TN
1157 AM CDT WED NOV 1 2017

...................................

...THE JACKSON CLIMATE SUMMARY FOR THE MONTH OF OCTOBER 2017...

CLIMATE NORMAL PERIOD 1981 TO 2010
CLIMATE RECORD PERIOD 1948 TO 2017

WEATHER         OBSERVED          NORMAL  DEPART  LAST YEAR`S
                 VALUE   DATE(S)  VALUE   FROM    VALUE  DATE(S)
                                          NORMAL
................................................................
TEMPERATURE (F)
RECORD
 HIGH              96   10/01/1953
 LOW               25   10/29/1952
                        10/22/1952
HIGHEST            90   10/09        74      16       92  10/07
LOWEST             32   10/30        48     -16       36  10/22
                        10/29
                        10/28
AVG. MAXIMUM     74.6              73.2     1.4     82.2
AVG. MINIMUM     48.9              47.8     1.1     52.5
MEAN             61.8              60.5     1.3     67.4
DAYS MAX >= 90      1               0.2     0.8        4
DAYS MAX <= 32      0               0.0     0.0        0
DAYS MIN <= 32      3               1.8     1.2        0
DAYS MIN <= 0       0               0.0     0.0        0

PRECIPITATION (INCHES)
RECORD
 MAXIMUM         8.72   2007
 MINIMUM         0.00   1963
TOTALS           3.27              3.77   -0.50     1.17
DAILY AVG.       0.11              0.12   -0.01     0.04
DAYS >= .01         8               8.1    -0.1        4
DAYS >= .10         4               5.3    -1.3        2
DAYS >= .50         3               2.6     0.4        1
DAYS >= 1.00        1               1.2    -0.2        0
GREATEST
 24 HR. TOTAL    1.43   10/27 TO 10/27

SNOWFALL (INCHES)
RECORDS
 TOTAL            0.0   2002
                        2001
                        1993
TOTALS            0.0               0.0     0.0      0.0
SINCE 7/1         0.0               0.0     0.0      0.0
SNOWDEPTH AVG.      0                MM      MM        0
DAYS >= 1.0         0               0.0     0.0        0
GREATEST
 SNOW DEPTH         0   MM                             0  MM
 24 HR TOTAL      0.0   10/31 TO 10/31

DEGREE_DAYS
HEATING TOTAL     184               188      -4       44
 SINCE 7/1        191               214     -23       49
COOLING TOTAL      91                48      43      123
 SINCE 1/1       1791              1691     100     2074
.................................................................

WIND (MPH)
AVERAGE WIND SPEED              5.6
HIGHEST WIND SPEED/DIRECTION    25/330    DATE  10/15
HIGHEST GUST SPEED/DIRECTION    31/180    DATE  10/22

SKY COVER
POSSIBLE SUNSHINE (PERCENT)   MM
AVERAGE SKY COVER           0.30
NUMBER OF DAYS FAIR           19
NUMBER OF DAYS PC             12
NUMBER OF DAYS CLOUDY          0

AVERAGE RH (PERCENT)     73

WEATHER CONDITIONS. NUMBER OF DAYS WITH
THUNDERSTORM              0     MIXED PRECIP               0
HEAVY RAIN                3     RAIN                       5
LIGHT RAIN                8     FREEZING RAIN              0
LT FREEZING RAIN          0     HAIL                       0
HEAVY SNOW                0     SNOW                       0
LIGHT SNOW                0     SLEET                      0
FOG                      19     FOG W/VIS <= 1/4 MILE      2
HAZE                      1

-  INDICATES NEGATIVE NUMBERS.
R  INDICATES RECORD WAS SET OR TIED.
MM INDICATES DATA IS MISSING.
T  INDICATES TRACE AMOUNT.

$$
