000
CXUS53 KDVN 012059 RRA
CLMMLI

CLIMATE REPORT...RETRANSMISSION
NATIONAL WEATHER SERVICE QUAD CITIES IA IL
300 PM CST WED MAR 1 2017

...................................

...THE MOLINE CLIMATE SUMMARY FOR THE MONTH OF FEBRUARY 2017...

CLIMATE NORMAL PERIOD 1981 TO 2010
CLIMATE RECORD PERIOD 1872 TO 2017

WEATHER         OBSERVED          NORMAL  DEPART
                 VALUE   DATE(S)  VALUE   FROM
                                          NORMAL
................................................
TEMPERATURE (F)
RECORD
 HIGH              74   02/19/2017
 LOW              -28   02/03/1996
HIGHEST            74R  02/19        41      33
LOWEST             10   02/04        15      -5
AVG. MAXIMUM     50.6              35.7    14.9
AVG. MINIMUM     26.7              18.3     8.4
MEAN             38.6              27.0    11.6
DAYS MAX >= 90      0               0.0     0.0
DAYS MAX <= 32      4              10.5    -6.5
DAYS MIN <= 32     22              24.6    -2.6
DAYS MIN <= 0       0               2.6    -2.6

PRECIPITATION (INCHES)
RECORD
 MAXIMUM         4.87   1887
 MINIMUM         0.07   1877
TOTALS           0.91              1.60   -0.69
DAILY AVG.       0.03              0.06   -0.03
DAYS >= .01         7               8.3    -1.3
DAYS >= .10         4
DAYS >= .50         0
DAYS >= 1.00        0               0.3    -0.3
GREATEST
 24 HR. TOTAL    0.25   02/28 TO 02/28
                        02/27 TO 02/28
                        02/28 TO 02/28

SNOWFALL (INCHES)
RECORDS
 TOTAL           22.3   2014
TOTALS            2.3               6.8    -4.5
SINCE 7/1        16.5              26.7   -10.2
SNOWDEPTH AVG.      0
DAYS >= TRACE       3               5.6    -2.6
DAYS >= 1.0         1               2.1    -1.1
GREATEST
 SNOW DEPTH         1   02/09
                        02/08
 24 HR TOTAL      1.3   02/08 TO 02/08

DEGREE_DAYS
HEATING TOTAL     731              1064    -333
 SINCE 7/1       3803              4798    -995
COOLING TOTAL       0                 0       0
 SINCE 1/1          0                 0       0
.................................................

WIND (MPH)
AVERAGE WIND SPEED              9.1
HIGHEST WIND SPEED/DIRECTION    32/320    DATE  02/12
HIGHEST GUST SPEED/DIRECTION    45/310    DATE  02/12

SKY COVER
POSSIBLE SUNSHINE (PERCENT)   MM
AVERAGE SKY COVER           0.30
NUMBER OF DAYS FAIR           19
NUMBER OF DAYS PC              6
NUMBER OF DAYS CLOUDY          3

AVERAGE RH (PERCENT)     64

WEATHER CONDITIONS. NUMBER OF DAYS WITH
THUNDERSTORM              4     HAIL                       0
SLEET                     0     FOG                        9
FOG W/VIS <= 1/4 MILE     1     HAZE                       8

-  INDICATES NEGATIVE NUMBERS.
R  INDICATES RECORD WAS SET OR TIED.
MM INDICATES DATA IS MISSING.
T  INDICATES TRACE AMOUNT.

$$
