000
CXUS51 KCAR 012119
CLMMLT


CLIMATE REPORT
NATIONAL WEATHER SERVICE CARIBOU, ME
518 PM EDT FRI JUL 1 2016

...................................

...THE MILLINOCKET ME CLIMATE SUMMARY FOR THE MONTH OF JUNE 2016...

CLIMATE NORMAL PERIOD 1981 TO 2010
CLIMATE RECORD PERIOD 1903 TO 2016

WEATHER         OBSERVED          NORMAL  DEPART  LAST YEAR`S
                 VALUE   DATE(S)  VALUE   FROM    VALUE  DATE(S)
                                          NORMAL
................................................................
TEMPERATURE (F)
RECORD
 HIGH             101   06/18/1907
 LOW                0   06/23/2016
HIGHEST            87   06/27        MM      MM       82  06/12
LOWEST             40   06/17        MM      MM       41  06/02
AVG. MAXIMUM     72.2              73.4    -1.2     69.6
AVG. MINIMUM     50.3              52.1    -1.8     50.4
MEAN             61.2              62.8    -1.6     60.0
DAYS MAX >= 90      0               0.4    -0.4        0
DAYS MAX <= 32      0               0.0     0.0        0
DAYS MIN <= 32      0               0.0     0.0        0
DAYS MIN <= 0       0               0.0     0.0        0

PRECIPITATION (INCHES)
RECORD
 MAXIMUM           MM   MM
 MINIMUM           MM   MM
TOTALS           2.92                     -1.15
DAILY AVG.       0.10              0.14   -0.04     0.15
DAYS >= .01         9                MM      MM       16
DAYS >= .10         6                MM      MM       14
DAYS >= .50         3                MM      MM        3
DAYS >= 1.00        0                MM      MM        1

SNOWFALL (INCHES)
RECORDS
 TOTAL             MM   MM
TOTALS             MM                MM      MM       MM
SINCE 7/1          MM                MM      MM       MM
SNOWDEPTH AVG.     MM                MM      MM       MM
DAYS >= 1.0         0                MM      MM        0
GREATEST
 SNOW DEPTH        MM                                 MM  MM
 24 HR TOTAL       MM                                 MM

DEGREE_DAYS
HEATING TOTAL     116               116       0      160
 SINCE 7/1       7275              8406   -1131     8449
COOLING TOTAL      26                49     -23       20
 SINCE 1/1         32                55     -23       54
.................................................................

WIND (MPH)
AVERAGE WIND SPEED              5.3
HIGHEST WIND SPEED/DIRECTION    25/340    DATE  06/14
HIGHEST GUST SPEED/DIRECTION    38/360    DATE  06/14

SKY COVER
POSSIBLE SUNSHINE (PERCENT)   MM
AVERAGE SKY COVER           0.50
NUMBER OF DAYS FAIR           10
NUMBER OF DAYS PC              9
NUMBER OF DAYS CLOUDY         11

AVERAGE RH (PERCENT)     69

WEATHER CONDITIONS. NUMBER OF DAYS WITH
THUNDERSTORM              0     MIXED PRECIP               0
HEAVY RAIN                5     RAIN                       7
LIGHT RAIN               17     FREEZING RAIN              0
LT FREEZING RAIN          0     HAIL                       0
HEAVY SNOW                0     SNOW                       0
LIGHT SNOW                0     SLEET                      0
FOG                      12     FOG W/VIS <= 1/4 MILE      3
HAZE                      2

-  INDICATES NEGATIVE NUMBERS.
R  INDICATES RECORD WAS SET OR TIED.
MM INDICATES DATA IS MISSING.
T  INDICATES TRACE AMOUNT.

$$
