000
CXUS56 KPQR 011707
CLMMMV


CLIMATE REPORT
NATIONAL WEATHER SERVICE PORTLAND OREGON
907 AM PST THU FEB 1 2018

...................................

...THE MCMINNVILLE OR CLIMATE SUMMARY FOR THE MONTH OF JANUARY 2018...

CLIMATE NORMAL PERIOD 1981 TO 2010
CLIMATE RECORD PERIOD 1894 TO 2018

WEATHER         OBSERVED          NORMAL  DEPART  LAST YEAR`S
                 VALUE   DATE(S)  VALUE   FROM    VALUE  DATE(S)
                                          NORMAL
................................................................
TEMPERATURE (F)
HIGHEST            61                                 55  01/18
LOWEST             30                                 11  01/13
AVG. MAXIMUM     51.5              47.7     3.8     42.1
AVG. MINIMUM     40.4              33.9     6.5     28.9
MEAN             46.0              40.8     5.2     35.5
DAYS MAX >= 90      0               0.0     0.0        0
DAYS MAX <= 32      0               0.2    -0.2        2
DAYS MIN <= 32      1              12.9   -11.9       20
DAYS MIN <= 0       0               0.0     0.0        0

PRECIPITATION (INCHES)
RECORD
 MAXIMUM        15.58   1914
 MINIMUM         0.35   1985
TOTALS           6.27              6.10    0.17     3.68
DAYS >= .01        23                MM      MM       13
DAYS >= .10        15                MM      MM        7
DAYS >= .50         4                MM      MM        3
DAYS >= 1.00        1                MM      MM        0
GREATEST
 24 HR. TOTAL    1.08   01/11 TO 01/11

DEGREE_DAYS
HEATING TOTAL     582               750    -168      911
 SINCE 7/1       2328              2755    -427     2680
COOLING TOTAL       0                 0       0        0
 SINCE 1/1          0                 0       0        0
.................................................................

WIND (MPH)
AVERAGE WIND SPEED              6.8
RESULTANT WIND SPEED/DIRECTION   3/196
HIGHEST WIND SPEED/DIRECTION    31/190    DATE  01/21
HIGHEST GUST SPEED/DIRECTION    41/190    DATE  01/21

SKY COVER
POSSIBLE SUNSHINE (PERCENT)   MM
AVERAGE SKY COVER           0.70

AVERAGE RH (PERCENT)     86

WEATHER CONDITIONS. NUMBER OF DAYS WITH
THUNDERSTORM              0     MIXED PRECIP               0
HEAVY RAIN                1     RAIN                       8
LIGHT RAIN               25     FREEZING RAIN              0
LT FREEZING RAIN          0     HAIL                       0
HEAVY SNOW                0     SNOW                       0
LIGHT SNOW                0     SLEET                      0
FOG                      22     FOG W/VIS <= 1/4 MILE      5
HAZE                      0

-  INDICATES NEGATIVE NUMBERS.
R  INDICATES RECORD WAS SET OR TIED.
MM INDICATES DATA IS MISSING.
T  INDICATES TRACE AMOUNT.

$$
