000
CXUS51 KPHI 011956
CLMMPO


CLIMATE REPORT
NATIONAL WEATHER SERVICE MOUNT HOLLY NJ
255 PM EST SUN JAN 1 2017

...................................

...THE MOUNT POCONO PA CLIMATE SUMMARY FOR THE MONTH OF DECEMBER 2016...

CLIMATE NORMAL PERIOD 1981 TO 2010
CLIMATE RECORD PERIOD 1901 TO 2016

WEATHER         OBSERVED          NORMAL  DEPART  LAST YEAR`S
                 VALUE   DATE(S)  VALUE   FROM    VALUE
                                          NORMAL
.............................................................
TEMPERATURE (F)
RECORD
 HIGH              67   12/13/2015
 LOW              -22   12/30/1917
HIGHEST            50                MM      MM       67
LOWEST              2                MM      MM       23
AVG. MAXIMUM     34.4              34.2     0.2     49.0
AVG. MINIMUM     20.9              21.1    -0.2     34.5
MEAN             27.6              27.7    -0.1     41.8
DAYS MAX >= 90      0               0.0     0.0        0
DAYS MAX <= 32     12              14.5    -2.5        1
DAYS MIN <= 32     31              27.7     3.3       15
DAYS MIN <= 0       0               0.5    -0.5        0

PRECIPITATION (INCHES)
RECORD
 MAXIMUM        10.78   1973
 MINIMUM         0.00   1989
TOTALS           2.19              3.87   -1.68     3.83
DAILY AVG.       0.07              0.12   -0.05     0.12
DAYS >= .01        12                MM      MM       14
DAYS >= .10         7                MM      MM        8
DAYS >= .50         1                MM      MM        2
DAYS >= 1.00        0                MM      MM        1
GREATEST
 24 HR. TOTAL    1.22   11/30 TO 12/01              1.13

DEGREE_DAYS
HEATING TOTAL    1150              1158      -8      711
 SINCE 7/1       2543              2737    -194     1978
COOLING TOTAL       0                 0       0        0
 SINCE 1/1        397               314      83      403
..............................................................

WIND (MPH)
AVERAGE WIND SPEED              11.1
HIGHEST WIND SPEED/DIRECTION    32/290    DATE  12/15
HIGHEST GUST SPEED/DIRECTION    51/290    DATE  12/15

SKY COVER
POSSIBLE SUNSHINE (PERCENT)   MM
AVERAGE SKY COVER           0.60
NUMBER OF DAYS FAIR            4
NUMBER OF DAYS PC             19
NUMBER OF DAYS CLOUDY          8

AVERAGE RH (PERCENT)     72

WEATHER CONDITIONS. NUMBER OF DAYS WITH
THUNDERSTORM              0     MIXED PRECIP               0
HEAVY RAIN                1     RAIN                       1
LIGHT RAIN                5     FREEZING RAIN              0
LT FREEZING RAIN          5     HEAVY SNOW                 0
SNOW                      3     LIGHT SNOW                17
SLEET                     0     FOG                       15
FOG W/VIS <= 1/4 MILE     3     HAZE                       2

-  INDICATES NEGATIVE NUMBERS.
R  INDICATES RECORD WAS SET OR TIED.
MM INDICATES DATA IS MISSING.
T  INDICATES TRACE AMOUNT.

$$
