000
CXUS55 KMSO 020029
CLMMSO


CLIMATE REPORT
NATIONAL WEATHER SERVICE MISSOULA, MT
528 PM MST FRI DEC 1 2017

...................................

...THE MISSOULA MT CLIMATE SUMMARY FOR THE MONTH OF NOVEMBER 2017...

CLIMATE NORMAL PERIOD 1981 TO 2010
CLIMATE RECORD PERIOD 1893 TO 2017

WEATHER         OBSERVED          NORMAL  DEPART  LAST YEAR`S
                 VALUE   DATE(S)  VALUE   FROM    VALUE
                                          NORMAL
.............................................................
TEMPERATURE (F)
RECORD
 HIGH              73   11/12/1999
 LOW              -23   11/16/1955
HIGHEST            60   11/26        MM      MM       59
LOWEST             20   11/30        MM      MM       19
                        11/13
AVG. MAXIMUM     41.3              41.5    -0.2     47.6
AVG. MINIMUM     26.5              24.9     1.6     28.0
MEAN             33.9              33.2     0.7     37.8
DAYS MAX >= 90      0               0.0     0.0        0
DAYS MAX <= 32      3               4.8    -1.8        1
DAYS MIN <= 32     28              24.1     3.9       26
DAYS MIN <= 0       0               0.4    -0.4        0

PRECIPITATION (INCHES)
RECORD
 MAXIMUM         5.48   1927
 MINIMUM            T   1904
TOTALS           1.61              1.01    0.60     0.34
DAILY AVG.       0.05              0.03    0.02     0.01
DAYS >= .01        15              11.1     3.9        6
DAYS >= .10         6               3.1     2.9        1
DAYS >= .50         0               0.2    -0.2        0
DAYS >= 1.00        0               0.0     0.0        0
GREATEST
 24 HR. TOTAL    0.33   11/01 TO 11/02              0.21

SNOWFALL (INCHES)
TOTALS            5.7               5.4     0.3      1.2
SINCE 7/1         6.1               6.0     0.1      1.3
DAYS >= TRACE      10               5.4     4.6        6
DAYS >= 1.0         2               1.9     0.1        1
GREATEST
 SNOW DEPTH         2   11/04                         -1
                        11/03
 24 HR TOTAL      2.2   MM                           1.0

DEGREE_DAYS
HEATING TOTAL     925               954     -29
 SINCE 7/1       1890              1896      -6
COOLING TOTAL       0                 0       0
 SINCE 1/1        509               332     177
..............................................................

WIND (MPH)
AVERAGE WIND SPEED              5.3
HIGHEST WIND SPEED/DIRECTION    40/310    DATE  11/13
HIGHEST GUST SPEED/DIRECTION    53/310    DATE  11/13

SKY COVER
POSSIBLE SUNSHINE (PERCENT)   MM
AVERAGE SKY COVER           0.70
NUMBER OF DAYS FAIR            4
NUMBER OF DAYS PC             12
NUMBER OF DAYS CLOUDY         14

AVERAGE RH (PERCENT)     79

WEATHER CONDITIONS. NUMBER OF DAYS WITH
THUNDERSTORM              0     MIXED PRECIP               0
HEAVY RAIN                1     RAIN                       2
LIGHT RAIN               10     FREEZING RAIN              1
LT FREEZING RAIN          2     HAIL                       0
HEAVY SNOW                0     SNOW                       2
LIGHT SNOW                8     SLEET                      0
FOG                      18     FOG W/VIS <= 1/4 MILE      8
HAZE                      6

-  INDICATES NEGATIVE NUMBERS.
R  INDICATES RECORD WAS SET OR TIED.
MM INDICATES DATA IS MISSING.
T  INDICATES TRACE AMOUNT.

$$
