000
CXUS55 KGJT 011555
CLMMTJ


CLIMATE REPORT
NATIONAL WEATHER SERVICE GRAND JUNCTION CO
840 AM MST MON FEB 1 2016

...................................

...THE MONTROSE CO CLIMATE SUMMARY FOR THE MONTH OF JANUARY 2016...

CLIMATE NORMAL PERIOD 1981 TO 2010
CLIMATE RECORD PERIOD 9999 TO 9999

WEATHER         OBSERVED          NORMAL  DEPART  LAST YEAR`S
                 VALUE   DATE(S)  VALUE   FROM    VALUE  DATE(S)
                                          NORMAL
................................................................
TEMPERATURE (F)
HIGHEST            56   01/30        MM      MM       59  01/27
LOWEST             -3   01/01        MM      MM        0  01/01
AVG. MAXIMUM     36.1              38.2    -2.1     42.0
AVG. MINIMUM     14.3              14.6    -0.3     19.5
MEAN             25.2              26.4    -1.2     30.8
DAYS MAX >= 90      0               0.0     0.0        0
DAYS MAX <= 32     11               6.7     4.3        4
DAYS MIN <= 32     31              30.6     0.4       30
DAYS MIN <= 0       2               1.7     0.3        1

PRECIPITATION (INCHES)
TOTALS           0.55              0.65   -0.10     0.20
DAILY AVG.       0.02              0.02    0.00     0.01
DAYS >= .01         7                MM      MM        3
DAYS >= .10         1                MM      MM        1
DAYS >= .50         0                MM      MM        0
DAYS >= 1.00        0                MM      MM        0
GREATEST
 24 HR. TOTAL    0.43   01/30 TO 01/31              0.17

SNOWFALL (INCHES)
TOTALS             MM                MM      MM       MM
SINCE 7/1          MM                MM      MM       MM
SNOWDEPTH AVG.     MM                MM      MM       MM
DAYS >= 1.0        MM                MM      MM       MM
GREATEST
 SNOW DEPTH        MM                                 MM  MM
 24 HR TOTAL       MM                                 MM

DEGREE_DAYS
HEATING TOTAL    1226              1197      29     1053
 SINCE 7/1       3583              3805    -222     3310
COOLING TOTAL       0                 0       0        0
 SINCE 1/1          0                 0       0        0
.................................................................

WIND (MPH)
AVERAGE WIND SPEED              4.7
HIGHEST WIND SPEED/DIRECTION    37/310    DATE  01/20
HIGHEST GUST SPEED/DIRECTION    47/320    DATE  01/20

SKY COVER
POSSIBLE SUNSHINE (PERCENT)   MM
AVERAGE SKY COVER           0.40
NUMBER OF DAYS FAIR           13
NUMBER OF DAYS PC              7
NUMBER OF DAYS CLOUDY         11

AVERAGE RH (PERCENT)     71

WEATHER CONDITIONS. NUMBER OF DAYS WITH
THUNDERSTORM              0     MIXED PRECIP               0
HEAVY RAIN                0     RAIN                       0
LIGHT RAIN                0     FREEZING RAIN              0
LT FREEZING RAIN          0     HAIL                       0
HEAVY SNOW                2     SNOW                       3
LIGHT SNOW               14     SLEET                      0
FOG                      16     FOG W/VIS <= 1/4 MILE      4
HAZE                      8

-  INDICATES NEGATIVE NUMBERS.
R  INDICATES RECORD WAS SET OR TIED.
MM INDICATES DATA IS MISSING.
T  INDICATES TRACE AMOUNT.

$$
