000
CXUS53 KILX 011752
CLMMTO

CLIMATE REPORT
NATIONAL WEATHER SERVICE LINCOLN IL
1048 AM CST SUN MAR 1 2015

...................................

...THE MATTOON IL AIRPORT CLIMATE SUMMARY FOR THE MONTH OF FEBRUARY 2015...

CLIMATE NORMAL PERIOD 1981 TO 2010
CLIMATE RECORD PERIOD 9999 TO 9999

WEATHER         OBSERVED          NORMAL  DEPART  LAST YEAR`S
                 VALUE   DATE(S)  VALUE   FROM    VALUE
                                          NORMAL
.............................................................
TEMPERATURE (F)
RECORD
 HIGH              MM   MM
 LOW               MM   MM
HIGHEST            57   02/08        MM      MM       61
LOWEST             -9   02/24        MM      MM      -13
                        02/23
AVG. MAXIMUM     29.1              39.7   -10.6     29.5
AVG. MINIMUM      9.9              24.0   -14.1     11.0
MEAN             19.5              31.8   -12.3     20.3
DAYS MAX >= 90      0               0.0     0.0        0
DAYS MAX <= 32     17               6.9    10.1       19
DAYS MIN <= 32     26              22.2     3.8       26
DAYS MIN <= 0       7               0.3     6.7        7

PRECIPITATION (INCHES)
RECORD
 MAXIMUM           MM   MM
 MINIMUM           MM   MM
TOTALS             MMR             1.77      MM     1.65
DAILY AVG.       0.03              0.06   -0.03     0.07
DAYS >= .01        MM                MM      MM        2
DAYS >= .10        MM                MM      MM        2
DAYS >= .50        MM                MM      MM        2
DAYS >= 1.00       MM                MM      MM        0
GREATEST
 24 HR. TOTAL      MM                               0.85

DEGREE_DAYS
HEATING TOTAL    1268               928     340     1244
 SINCE 7/1       4693              4204     489     4847
COOLING TOTAL       0                 0       0        0
 SINCE 1/1          0                 0       0        0
..............................................................

WIND (MPH)
AVERAGE WIND SPEED              11.2
HIGHEST WIND SPEED/DIRECTION    40/330    DATE  02/14
HIGHEST GUST SPEED/DIRECTION    49/330    DATE  02/14

SKY COVER
POSSIBLE SUNSHINE (PERCENT)   MM
AVERAGE SKY COVER           0.50
NUMBER OF DAYS FAIR            9
NUMBER OF DAYS PC             13
NUMBER OF DAYS CLOUDY          6

AVERAGE RH (PERCENT)     71

WEATHER CONDITIONS. NUMBER OF DAYS WITH
THUNDERSTORM              0     MIXED PRECIP               0
HEAVY RAIN                0     RAIN                       0
LIGHT RAIN                1     FREEZING RAIN              0
LT FREEZING RAIN          1     HAIL                       0
HEAVY SNOW                1     SNOW                       5
LIGHT SNOW               16     SLEET                      0
FOG                      15     FOG W/VIS <= 1/4 MILE      2
HAZE                     10

-  INDICATES NEGATIVE NUMBERS.
R  INDICATES RECORD WAS SET OR TIED.
MM INDICATES DATA IS MISSING.
T  INDICATES TRACE AMOUNT.

$$
