476
CXUS56 KOTX 012319 CCA
CLMMWH

CLIMATE REPORT
NATIONAL WEATHER SERVICE SPOKANE, WA
451 AM PDT TUE AUG 1 2017

...................................

...THE MOSES LAKE WA AIRPORT CLIMATE SUMMARY FOR THE MONTH OF JULY 2017...

CLIMATE NORMAL PERIOD 1981 TO 2010
CLIMATE RECORD PERIOD 9999 TO 9999

WEATHER         OBSERVED          NORMAL  DEPART  LAST YEAR`S
                 VALUE   DATE(S)  VALUE   FROM    VALUE  DATE(S)
                                          NORMAL
................................................................
TEMPERATURE (F)
RECORD
 HIGH              MM   MM
 LOW               MM   MM
HIGHEST           103   07/07        MM      MM      102  07/29
LOWEST             50   07/18        MM      MM       49  07/20
AVG. MAXIMUM     92.8              88.9     3.9     86.2
AVG. MINIMUM     57.7              56.3     1.4     57.2
MEAN             75.2              72.6     2.6     71.7
DAYS MAX >= 90     25              14.7    10.3       10
DAYS MAX <= 32      0               0.0     0.0        0
DAYS MIN <= 32      0               0.0     0.0        0
DAYS MIN <= 0       0               0.0     0.0        0

PRECIPITATION (INCHES)
RECORD
 MAXIMUM           MM   MM
 MINIMUM           MM   MM
TOTALS           0.00              0.41   -0.41     0.56
DAILY AVG.       0.00              0.01   -0.01     0.02
DAYS >= .01         0                MM      MM        7
DAYS >= .10         0                MM      MM        1
DAYS >= .50         0                MM      MM        0
DAYS >= 1.00        0                MM      MM        0
GREATEST
 24 HR. TOTAL    0.00   07/31 TO 07/31           07/10 TO 07/10

DEGREE_DAYS
HEATING TOTAL       0                 8      -8        2
 SINCE 7/1          0                 8      -8        2
COOLING TOTAL     316               244      72      220
 SINCE 1/1        480               354     126      395
.................................................

WIND (MPH)
AVERAGE WIND SPEED              6.6
HIGHEST WIND SPEED/DIRECTION    24/250    DATE  07/20
HIGHEST GUST SPEED/DIRECTION    32/260    DATE  07/23

SKY COVER
POSSIBLE SUNSHINE (PERCENT)   MM
AVERAGE SKY COVER           0.00
NUMBER OF DAYS FAIR           31
NUMBER OF DAYS PC              0
NUMBER OF DAYS CLOUDY          0

AVERAGE RH (PERCENT)     39

WEATHER CONDITIONS. NUMBER OF DAYS WITH
THUNDERSTORM              0     MIXED PRECIP               0
HEAVY RAIN                0     RAIN                       0
LIGHT RAIN                0     FREEZING RAIN              0
LT FREEZING RAIN          0     HAIL                       0
HEAVY SNOW                0     SNOW                       0
LIGHT SNOW                0     SLEET                      0
FOG                       0     FOG W/VIS <= 1/4 MILE      0
HAZE                      0

-  INDICATES NEGATIVE NUMBERS.
R  INDICATES RECORD WAS SET OR TIED.
MM INDICATES DATA IS MISSING.
T  INDICATES TRACE AMOUNT.

$$
