000
CXUS53 KLIX 011630
CLMNEW


CLIMATE REPORT
NATIONAL WEATHER SERVICE NEW ORLEANS
1026 AM CST FRI DEC 1 2017

...................................

...THE NEW ORLEANS CLIMATE SUMMARY FOR THE MONTH OF NOVEMBER 2017...

CLIMATE NORMAL PERIOD 1981 TO 2010
CLIMATE RECORD PERIOD 1946 TO 2017

WEATHER         OBSERVED          NORMAL  DEPART  LAST YEAR`S
                 VALUE   DATE(S)  VALUE   FROM    VALUE  DATE(S)
                                          NORMAL
................................................................
TEMPERATURE (F)
RECORD
 HIGH              98   11/09/2010
 LOW               24   11/25/1970
HIGHEST            84   11/04                         88  11/04
                        11/03                             11/02
                        11/02
LOWEST             37   11/24                         38  11/21
AVG. MAXIMUM     74.1              71.8     2.3     75.4
AVG. MINIMUM     55.7              53.5     2.2     57.2
MEAN             64.9              62.7     2.2     66.3
DAYS MAX >= 90      0               0.0     0.0        0
DAYS MAX <= 32      0               0.0     0.0        0
DAYS MIN <= 32      0               0.2    -0.2        0
DAYS MIN <= 0       0               0.0     0.0        0

PRECIPITATION (INCHES)
RECORD
 MAXIMUM
 MINIMUM
TOTALS           0.06              4.49   -4.43     2.77
DAILY AVG.       0.00              0.15   -0.15     0.09
DAYS >= .01         2               7.9    -5.9        6
DAYS >= .10         0               5.1    -5.1        2
DAYS >= .50         0               2.9    -2.9        2
DAYS >= 1.00        0               1.4    -1.4        1
GREATEST
 24 HR. TOTAL    0.05   11/09 TO 11/09

SNOWFALL (INCHES)
RECORDS
 TOTAL
 24 HR TOTAL
 SNOW DEPTH
TOTALS            0.0               0.0     0.0      0.0
SINCE 7/1         0.0               0.0     0.0      0.0
SNOWDEPTH AVG.      0                 0       0        0
DAYS >= TRACE       0               0.0     0.0        0
DAYS >= 1.0         0               0.0     0.0        0
GREATEST
 SNOW DEPTH         0                                  0
 24 HR TOTAL      0.0

DEGREE_DAYS
HEATING TOTAL      92               139     -47       71
 SINCE 7/1        132               164     -32       71
COOLING TOTAL      97                69      28      118
 SINCE 1/1       3204              2978     226     3835
.................................................

WIND (MPH)
AVERAGE WIND SPEED              6.8
HIGHEST WIND SPEED/DIRECTION    25/350    DATE  11/19
HIGHEST GUST SPEED/DIRECTION    35/010    DATE  11/19

SKY COVER
POSSIBLE SUNSHINE (PERCENT)   MM
AVERAGE SKY COVER           0.40
NUMBER OF DAYS FAIR           16
NUMBER OF DAYS PC             11
NUMBER OF DAYS CLOUDY          3

AVERAGE RH (PERCENT)     75

WEATHER CONDITIONS. NUMBER OF DAYS WITH
THUNDERSTORM              0     MIXED PRECIP               0
HEAVY RAIN                0     RAIN                       1
LIGHT RAIN                5     FREEZING RAIN              0
LT FREEZING RAIN          0     HAIL                       0
HEAVY SNOW                0     SNOW                       0
LIGHT SNOW                0     SLEET                      0
FOG                      20     FOG W/VIS <= 1/4 MILE      3
HAZE                      4

-  INDICATES NEGATIVE NUMBERS.
R  INDICATES RECORD WAS SET OR TIED.
MM INDICATES DATA IS MISSING.
T  INDICATES TRACE AMOUNT.

$$
