000
CXUS56 KMTR 022350
CLMOAK


CLIMATE REPORT
NATIONAL WEATHER SERVICE SAN FRANCISCO BAY AREA
350 PM PST SUN NOV 2 2014

...................................

...THE OAKLAND AIRPORT CLIMATE SUMMARY FOR THE MONTH OF OCTOBER 2014...

CLIMATE NORMAL PERIOD 1981 TO 2010
CLIMATE RECORD PERIOD 1948 TO 2014

WEATHER         OBSERVED          NORMAL  DEPART  LAST YEAR`S
                 VALUE   DATE(S)  VALUE   FROM    VALUE  DATE(S)
                                          NORMAL
................................................................
TEMPERATURE (F)
RECORD
 HIGH              98   MM
 LOW               42   10/05/2009
HIGHEST            92   10/04                         87  10/04
LOWEST             47   10/27                         45  10/31
                                                          10/30
                                                          10/28
AVG. MAXIMUM     74.8              69.7     5.1     70.3
AVG. MINIMUM     53.0              51.3     1.7     49.2
MEAN             63.9                               59.8
DAYS MAX >= 90      1                                  0
DAYS MAX <= 32      0                                  0
DAYS MIN <= 32      0                                  0
DAYS MIN <= 0       0                                  0

PRECIPITATION (INCHES)
RECORD
 MAXIMUM         8.56   1962
 MINIMUM         0.00   1959
TOTALS           0.57              1.20   -0.63     0.01
DAILY AVG.       0.02              0.04   -0.02     0.00
DAYS >= .01         4                                  1
DAYS >= .10         2                                  0
DAYS >= .50         0                                  0
DAYS >= 1.00        0                                  0
GREATEST
 24 HR. TOTAL    0.32   10/31 TO 10/31           10/27 TO 10/27
                        10/30 TO 10/31                    10/31 TO 10/31
                        10/31 TO 10/31                    10/31 TO 10/31

DEGREE_DAYS
HEATING TOTAL      63               152     -89      168
 SINCE 7/1         93               352    -259      272
COOLING TOTAL      39                12      27       13
 SINCE 1/1        305               137     168      212
..................................................

WIND (MPH)
AVERAGE WIND SPEED              6.4
RESULTANT WIND SPEED/DIRECTION   4/276
HIGHEST WIND SPEED/DIRECTION    26/210    DATE  10/14
HIGHEST GUST SPEED/DIRECTION   9999MM     DATE   MM

SKY COVER
POSSIBLE SUNSHINE (PERCENT)   MM
AVERAGE SKY COVER           0.40
NUMBER OF DAYS FAIR           17
NUMBER OF DAYS PC              9
NUMBER OF DAYS CLOUDY          5

AVERAGE RH (PERCENT)     67

WEATHER CONDITIONS. NUMBER OF DAYS WITH
THUNDERSTORM              0     MIXED PRECIP               0
HEAVY RAIN                1     RAIN                       2
LIGHT RAIN                4     FREEZING RAIN              0
LT FREEZING RAIN          0     HAIL                       0
HEAVY SNOW                0     SNOW                       0
LIGHT SNOW                0     SLEET                      0
FOG                       9     FOG W/VIS <= 1/4 MILE      0
HAZE                      4

-  INDICATES NEGATIVE NUMBERS.
R  INDICATES RECORD WAS SET OR TIED.
MM INDICATES DATA IS MISSING.
T  INDICATES TRACE AMOUNT.

$$
