000
CXUS53 KGID 011642
CLMODX


CLIMATE REPORT
NATIONAL WEATHER SERVICE HASTINGS NE
1040 AM CST THU FEB 1 2018

...................................

...THE ORD NE CLIMATE SUMMARY FOR THE MONTH OF JANUARY 2018...

CLIMATE NORMAL PERIOD 1981 TO 2010
CLIMATE RECORD PERIOD 1895 TO 2018

WEATHER         OBSERVED          NORMAL  DEPART  LAST YEAR`S
                 VALUE   DATE(S)  VALUE   FROM    VALUE
                                          NORMAL
.............................................................
TEMPERATURE (F)
HIGHEST            64   01/19        MM      MM       53
LOWEST            -19   01/01        MM      MM      -15
AVG. MAXIMUM     34.3              36.9    -2.6     34.1
AVG. MINIMUM     10.2              12.3    -2.1     14.2
MEAN             22.2              24.6    -2.4     24.1
DAYS MAX >= 90      0               0.0     0.0        0
DAYS MAX <= 32     12
DAYS MIN <= 32     31              30.7     0.3       31
DAYS MIN <= 0       5

PRECIPITATION (INCHES)
TOTALS           0.83              0.37    0.46     1.15
DAILY AVG.       0.03              0.01    0.02     0.04
DAYS >= .01         7                MM      MM        5
DAYS >= .10         1                MM      MM        4
DAYS >= .50         1                MM      MM        0
DAYS >= 1.00        0                MM      MM        0
GREATEST
 24 HR. TOTAL    0.65   01/22 TO 01/22

DEGREE_DAYS
HEATING TOTAL    1318
 SINCE 7/1       3885
COOLING TOTAL       0
 SINCE 1/1          0
..............................................................

WIND (MPH)
AVERAGE WIND SPEED              9.0
HIGHEST WIND SPEED/DIRECTION    39/030    DATE  01/21
HIGHEST GUST SPEED/DIRECTION    53/030    DATE  01/22

SKY COVER
POSSIBLE SUNSHINE (PERCENT)   MM
NUMBER OF DAYS FAIR           20
NUMBER OF DAYS PC              8
NUMBER OF DAYS CLOUDY          3

AVERAGE RH (PERCENT)     74

WEATHER CONDITIONS. NUMBER OF DAYS WITH
THUNDERSTORM              0     MIXED PRECIP               0
HEAVY RAIN                0     RAIN                       0
LIGHT RAIN                3     FREEZING RAIN              0
LT FREEZING RAIN          1     HAIL                       0
HEAVY SNOW                1     SNOW                       2
LIGHT SNOW               10     SLEET                      0
FOG                      13     FOG W/VIS <= 1/4 MILE      1
HAZE                      3

-  INDICATES NEGATIVE NUMBERS.
R  INDICATES RECORD WAS SET OR TIED.
MM INDICATES DATA IS MISSING.
T  INDICATES TRACE AMOUNT.

$$
