664
CXUS53 KGID 011417
CLMODX


CLIMATE REPORT
NATIONAL WEATHER SERVICE HASTINGS NE
910 AM CDT TUE AUG 1 2017

...................................

...THE ORD NE CLIMATE SUMMARY FOR THE MONTH OF JULY 2017...

CLIMATE NORMAL PERIOD 1981 TO 2010
CLIMATE RECORD PERIOD 1895 TO 2017

WEATHER         OBSERVED          NORMAL  DEPART  LAST YEAR`S
                 VALUE   DATE(S)  VALUE   FROM    VALUE
                                          NORMAL
.............................................................
TEMPERATURE (F)
HIGHEST           102   07/06        MM      MM       98
LOWEST             48   07/01        MM      MM       53
AVG. MAXIMUM     90.3              87.3     3.0     85.2
AVG. MINIMUM     64.1              61.5     2.6     62.3
MEAN             77.2              74.4     2.8     73.8
DAYS MAX >= 90     20              10.7     9.3        8
DAYS MAX <= 32      0
DAYS MIN <= 32      0               0.0     0.0        0
DAYS MIN <= 0       0

PRECIPITATION (INCHES)
TOTALS           2.53              2.97   -0.44     6.66
DAILY AVG.       0.08              0.10   -0.02     0.21
DAYS >= .01         9                MM      MM       15
DAYS >= .10         4                MM      MM        8
DAYS >= .50         3                MM      MM        5
DAYS >= 1.00        1                MM      MM        1
GREATEST
 24 HR. TOTAL    1.05   07/26 TO 07/26

DEGREE_DAYS
HEATING TOTAL       0
 SINCE 7/1          0
COOLING TOTAL     384
 SINCE 1/1        611
..............................................................

WIND (MPH)
AVERAGE WIND SPEED              6.9
HIGHEST WIND SPEED/DIRECTION    33/050    DATE  07/21
HIGHEST GUST SPEED/DIRECTION    44/040    DATE  07/21

SKY COVER
POSSIBLE SUNSHINE (PERCENT)   MM
NUMBER OF DAYS FAIR           27
NUMBER OF DAYS PC              3
NUMBER OF DAYS CLOUDY          1

AVERAGE RH (PERCENT)     64

WEATHER CONDITIONS. NUMBER OF DAYS WITH
THUNDERSTORM             11     MIXED PRECIP               0
HEAVY RAIN                4     RAIN                       5
LIGHT RAIN               14     FREEZING RAIN              0
LT FREEZING RAIN          0     HAIL                       0
HEAVY SNOW                0     SNOW                       0
LIGHT SNOW                0     SLEET                      0
FOG                      17     FOG W/VIS <= 1/4 MILE      2
HAZE                     11

-  INDICATES NEGATIVE NUMBERS.
R  INDICATES RECORD WAS SET OR TIED.
MM INDICATES DATA IS MISSING.
T  INDICATES TRACE AMOUNT.

$$
