000
CXUS56 KSGX 011744
CLMOKB


CLIMATE REPORT
NATIONAL WEATHER SERVICE SAN DIEGO, CA
1044 AM PDT SUN MAY 1 2016

...................................

...THE OCEANSIDE AIRPORT CA CLIMATE SUMMARY FOR THE MONTH OF APRIL 2016...

CLIMATE NORMAL PERIOD 1981 TO 2010
CLIMATE RECORD PERIOD 1999 TO 2016

WEATHER         OBSERVED          NORMAL  DEPART  LAST YEAR`S
                 VALUE   DATE(S)  VALUE   FROM    VALUE  DATE(S)
                                          NORMAL
................................................................
TEMPERATURE (F)
RECORD
 HIGH              98   04/20/2009
 LOW                9   04/26/2011
HIGHEST            85   04/18        MM      MM       87  04/29
                        04/17
LOWEST             42   04/17        MM      MM       41  04/18
AVG. MAXIMUM     71.5              67.9     3.6     72.8
AVG. MINIMUM     48.8              49.2    -0.4     48.5
MEAN             60.2              58.6     1.6     60.7
DAYS MAX >= 90      0               0.1    -0.1        0
DAYS MAX <= 32      0               0.0     0.0        0
DAYS MAX >= 100     0                                  0
DAYS MIN <= 32      0               0.0     0.0        0

PRECIPITATION (INCHES)
RECORD
 MAXIMUM         2.63   2010
 MINIMUM           MM   MM
TOTALS           0.46              0.97   -0.51     0.04
DAILY AVG.       0.02              0.03   -0.01     0.00
DAYS >= .01         4                MM      MM        1
DAYS >= .10         2                MM      MM        0
DAYS >= .50         0                MM      MM        0
DAYS >= 1.00        0                MM      MM        0
DAYS >= 1.50        0                                  0
DAYS >= 2.00        0                                  0
GREATEST
 24 HR. TOTAL    0.25   04/07 TO 04/08           04/25 TO 04/25
                                                          04/24 TO 04/25
                                                          04/25 TO 04/25
 STORM TOTAL       MM                                 MM
 (MM/DD(HH))            MM                    04/25(00) TO 04/25(00)
                                                 04/25(00) TO 04/25(00)5
                                                 04/25(00) TO 04/25(00)5

DEGREE_DAYS
HEATING TOTAL     142               196     -54      126
 SINCE 7/1       1531              1894    -363     1124
COOLING TOTAL       4                 2       2        3
 SINCE 1/1         10                 3       7       34

FREEZE DATES
RECORD
 EARLIEST     MM
 LATEST       MM
EARLIEST                        MM
LATEST                          MM
......................................................

WIND (MPH)
AVERAGE WIND SPEED              5.6
RESULTANT WIND SPEED/DIRECTION   4/249
HIGHEST WIND SPEED/DIRECTION    29/300    DATE  04/16
HIGHEST GUST SPEED/DIRECTION    38/290    DATE  04/16

SKY COVER
POSSIBLE SUNSHINE (PERCENT)   MM
AVERAGE SKY COVER           0.40
NUMBER OF DAYS FAIR           15
NUMBER OF DAYS PC             13
NUMBER OF DAYS CLOUDY          2

AVERAGE RH (PERCENT)     67

WEATHER CONDITIONS. NUMBER OF DAYS WITH
THUNDERSTORM              0     MIXED PRECIP               0
HEAVY RAIN                1     RAIN                       2
LIGHT RAIN                5     FREEZING RAIN              0
LT FREEZING RAIN          0     HAIL                       0
HEAVY SNOW                0     SNOW                       0
LIGHT SNOW                0     SLEET                      0
FOG                      11     FOG W/VIS <= 1/4 MILE      2
HAZE                      7

-  INDICATES NEGATIVE NUMBERS.
R  INDICATES RECORD WAS SET OR TIED.
MM INDICATES DATA IS MISSING.
T  INDICATES TRACE AMOUNT.

$$
