252
CXUS54 KOUN 011229
CLMOKC

CLIMATE REPORT
NATIONAL WEATHER SERVICE NORMAN OK
622 AM CST WED FEB 1 2017

...................................

...THE OKLAHOMA CITY CLIMATE SUMMARY FOR THE MONTH OF JANUARY 2017...

CLIMATE NORMAL PERIOD 1981 TO 2010
CLIMATE RECORD PERIOD 1890 TO 2017

WEATHER         OBSERVED          NORMAL  DEPART  LAST YEAR`S
                 VALUE   DATE(S)  VALUE   FROM    VALUE
                                          NORMAL
.............................................................
TEMPERATURE (F)
RECORD
 HIGH              83   01/31/1911
 LOW              -11   01/19/1892
HIGHEST            79                70       9       76
LOWEST             -3                 8     -11       16
AVG. MAXIMUM     54.3              49.7     4.6     49.9
AVG. MINIMUM     28.7              28.8    -0.1     28.1
MEAN             41.5              39.2     2.3     39.0
DAYS MAX >= 90      0               0.0     0.0        0
DAYS MAX <= 32      3               2.7     0.3        2
DAYS MIN <= 32     17              19.8    -2.8       23
DAYS MIN <= 0       1               0.0     1.0        0

PRECIPITATION (INCHES)
RECORD
 MAXIMUM         5.64   1949
 MINIMUM         0.00   1986
TOTALS           1.57              1.39    0.18     0.11
DAILY AVG.       0.05              0.04    0.01     0.00
DAYS >= .01         8               5.1     2.9        3
DAYS >= .10         2               2.6    -0.6        0
DAYS >= .50         1               0.9     0.1        0
DAYS >= 1.00        1               0.3     0.7        0
GREATEST
 24 HR. TOTAL    1.27   01/15 TO 01/16

SNOWFALL (INCHES)
TOTALS            1.7               2.8    -1.1
SINCE 7/1         2.1               5.3    -3.2

DEGREE_DAYS
HEATING TOTAL     721               798     -77      798
 SINCE 7/1       1827              2153    -326     1888
..............................................................

WIND (MPH)
AVERAGE WIND SPEED              11.8
HIGHEST WIND SPEED/DIRECTION    36/350    DATE  01/22
HIGHEST GUST SPEED/DIRECTION    44/010    DATE  01/22


WEATHER CONDITIONS. NUMBER OF DAYS WITH
THUNDERSTORM              0     MIXED PRECIP               0
HEAVY RAIN                0     RAIN                       2
LIGHT RAIN                6     FREEZING RAIN              1
LT FREEZING RAIN          3     HAIL                       0
HEAVY SNOW                0     SNOW                       1
LIGHT SNOW                2     SLEET                      0
FOG                      12     FOG W/VIS <= 1/4 MILE      3
HAZE                      2

-  INDICATES NEGATIVE NUMBERS.
R  INDICATES RECORD WAS SET OR TIED.
MM INDICATES DATA IS MISSING.
T  INDICATES TRACE AMOUNT.
..............................................................
RECORDS/REMARKS

RECORD MIN TEMP OF -3 DEGREES TIED ON THE 7TH.
NEW RECORD MAX TEMPERATURE OF 79 DEGREES SET ON THE 11TH.
NEW RECORD DAILY RAINFALL OF 1.24 INCHES SET ON THE 15TH.
RECORD MAX TEMPERATURE OF 76 DEGREES TIED ON THE 30TH.
TOTAL PRECIPITATION FOR THE YEAR 2017 IS 1.57 INCHES.

$$
