000
CXUS54 KOUN 011257
CLMOKC

CLIMATE REPORT
NATIONAL WEATHER SERVICE NORMAN OK
749 AM CDT SAT NOV 1 2014

...................................

...THE OKLAHOMA CITY CLIMATE SUMMARY FOR THE MONTH OF OCTOBER 2014...

CLIMATE NORMAL PERIOD 1981 TO 2010
CLIMATE RECORD PERIOD 1890 TO 2014

WEATHER         OBSERVED          NORMAL  DEPART  LAST YEAR`S
                 VALUE   DATE(S)  VALUE   FROM    VALUE
                                          NORMAL
.............................................................
TEMPERATURE (F)
RECORD
 HIGH              97   10/01/1938
                        10/03/1951
                        10/03/1898
 LOW               16   10/31/1993
                        10/30/1917
HIGHEST            94                89       5       90
LOWEST             38                34       4       32
AVG. MAXIMUM     79.7              73.4     6.3     73.3
AVG. MINIMUM     53.6              51.6     2.0     51.2
MEAN             66.7              62.5     4.2     62.3
DAYS MAX >= 90      6               0.5     5.5        1
DAYS MAX <= 32      0               0.0     0.0        0
DAYS MIN <= 32      0               0.3    -0.3        1
DAYS MIN <= 0       0               0.0     0.0        0

PRECIPITATION (INCHES)
RECORD
 MAXIMUM        13.18   1983
 MINIMUM            T   1958
                        1952
TOTALS           2.44              3.71   -1.27     3.42
DAILY AVG.       0.08              0.12   -0.04     0.11
DAYS >= .01         7               7.9    -0.9        9
DAYS >= .10         7               4.8     2.2        6
DAYS >= .50         2               2.5    -0.5        1
DAYS >= 1.00        0               1.1    -1.1        1
GREATEST
 24 HR. TOTAL    1.00   10/12 TO 10/13

SNOWFALL (INCHES)
TOTALS            0.0                 T     0.0
SINCE 7/1         0.0                 T     0.0

DEGREE_DAYS
HEATING TOTAL      75               145     -70      161
 SINCE 7/1         86               164     -78      164
COOLING TOTAL     135                67      68       84
 SINCE 1/1       2126              2092      34     2069
..............................................................

WIND (MPH)
AVERAGE WIND SPEED              10.0
HIGHEST WIND SPEED/DIRECTION    43/350    DATE  10/05
HIGHEST GUST SPEED/DIRECTION    55/350    DATE  10/05


WEATHER CONDITIONS. NUMBER OF DAYS WITH
THUNDERSTORM              0     MIXED PRECIP               0
HEAVY RAIN                5     RAIN                       6
LIGHT RAIN                6     FREEZING RAIN              0
LT FREEZING RAIN          0     HAIL                       0
HEAVY SNOW                0     SNOW                       0
LIGHT SNOW                0     SLEET                      0
FOG                      11     FOG W/VIS <= 1/4 MILE      0
HAZE                      4

-  INDICATES NEGATIVE NUMBERS.
R  INDICATES RECORD WAS SET OR TIED.
MM INDICATES DATA IS MISSING.
T  INDICATES TRACE AMOUNT.
................................................................
RECORD EVENTS/REMARKS
RECORD WARMEST MAXIMUM TEMPERATURE OF 92 DEGREES SET ON THE 25TH.
RECORD WARMEST MINIMUM TEMPERATURE OF 67 DEGREES SET ON THE 27TH
10TH WARMEST OCTOBER ON RECORD.
THE JANUARY THROUGH OCTOBER 2014 TOTAL PRECIPITATION IS 25.30 INCHES.

$$
