000
CXUS56 KSEW 011033
CLMOLM


CLIMATE REPORT
NATIONAL WEATHER SERVICE SEATTLE WA
333 AM PDT SAT NOV 1 2014

...................................

...THE OLYMPIA WA AIRPORT CLIMATE SUMMARY FOR THE MONTH OF OCTOBER 2014...

CLIMATE NORMAL PERIOD 1981 TO 2010
CLIMATE RECORD PERIOD 1948 TO 2014

WEATHER         OBSERVED          NORMAL  DEPART  LAST YEAR`S
                 VALUE   DATE(S)  VALUE   FROM    VALUE  DATE(S)
                                          NORMAL
................................................................
TEMPERATURE (F)
RECORD
 HIGH              90   10/01/1987
 LOW               14   10/31/2002
HIGHEST            79   10/06        MM      MM       74  10/06
LOWEST             37   10/26        MM      MM       28  10/29
AVG. MAXIMUM     64.4              60.2     4.2     57.2
AVG. MINIMUM     47.2              40.5     6.7     39.6
MEAN             55.8              50.3     5.5     48.4
DAYS MAX >= 90      0               0.0     0.0        0
DAYS MAX <= 32      0               0.0     0.0        0
DAYS MIN <= 32      0               3.4    -3.4        3
DAYS MIN <= 0       0               0.0     0.0        0

PRECIPITATION (INCHES)
RECORD
 MAXIMUM        10.72   2003
 MINIMUM         0.39   1987
TOTALS           6.91              4.60    2.31     2.13
DAILY AVG.       0.22              0.15    0.07     0.07
DAYS >= .01        20              14.2     5.8       10
DAYS >= .10        13               9.1     3.9        5
DAYS >= .50         6               2.7     3.3        2
DAYS >= 1.00        1               0.9     0.1        0
GREATEST
 24 HR. TOTAL    1.65   10/22 TO 10/23

DEGREE_DAYS
HEATING TOTAL     278               454    -176
COOLING TOTAL       0                 0       0
.................................................................

WIND (MPH)
AVERAGE WIND SPEED              5.1
HIGHEST WIND SPEED/DIRECTION    31/180    DATE  10/25
HIGHEST GUST SPEED/DIRECTION    44/180    DATE  10/25

SKY COVER
POSSIBLE SUNSHINE (PERCENT)   MM
AVERAGE SKY COVER           0.70
NUMBER OF DAYS FAIR            6
NUMBER OF DAYS PC              7
NUMBER OF DAYS CLOUDY         18

AVERAGE RH (PERCENT)     82

WEATHER CONDITIONS. NUMBER OF DAYS WITH
THUNDERSTORM              0     MIXED PRECIP               0
HEAVY RAIN                4     RAIN                      11
LIGHT RAIN               23     FREEZING RAIN              0
LT FREEZING RAIN          0     HAIL                       0
HEAVY SNOW                0     SNOW                       0
LIGHT SNOW                0     SLEET                      0
FOG                      30     FOG W/VIS <= 1/4 MILE     17
HAZE                      0

-  INDICATES NEGATIVE NUMBERS.
R  INDICATES RECORD WAS SET OR TIED.
MM INDICATES DATA IS MISSING.
T  INDICATES TRACE AMOUNT.

$$
