000
CXAK59 PAFG 020115
CLMOME


CLIMATE REPORT
NATIONAL WEATHER SERVICE FAIRBANKS, AK
409 PM AKST THU DEC 1 2016

...................................

...THE NOME AK CLIMATE SUMMARY FOR THE MONTH OF NOVEMBER 2016...

CLIMATE NORMAL PERIOD 1981 TO 2010
CLIMATE RECORD PERIOD 1906 TO 2016

WEATHER         OBSERVED          NORMAL  DEPART  LAST YEAR`S
                 VALUE   DATE(S)  VALUE   FROM    VALUE  DATE(S)
                                          NORMAL
................................................................
TEMPERATURE (F)
RECORD
 HIGH              50   11/01/1928
 LOW              -39   11/30/1948
HIGHEST            44   11/01        MM      MM       MM  MM
LOWEST            -16   11/27        MM      MM       MM  MM
AVG. MAXIMUM     22.1              23.1    -1.0       MM
AVG. MINIMUM      9.6              10.7    -1.1       MM
MEAN             15.9              16.9    -1.0       MM
DAYS MAX >= 90      0               0.0     0.0       MM
DAYS MAX <= 32     26              23.7     2.3       MM
DAYS MIN <= 32     29              29.0     0.0       MM
DAYS MIN <= 0      11               6.1     4.9       MM

PRECIPITATION (INCHES)
RECORD
 MAXIMUM         4.39   1979
 MINIMUM         0.02   2012
TOTALS           0.71              1.22   -0.51       MM
DAILY AVG.       0.02              0.04   -0.02       MM
DAYS >= .01         4              11.5    -7.5       MM
DAYS >= .10         3               4.4    -1.4       MM
DAYS >= .50         0               0.1    -0.1       MM
DAYS >= 1.00        0               0.0     0.0       MM
GREATEST
 24 HR. TOTAL    0.41   11/16 TO 11/16                MM

SNOWFALL (INCHES)
RECORDS
 TOTAL           30.9   1994
 24 HR TOTAL       MM
 SNOW DEPTH        36   11/30/1915
TOTALS            8.5              12.1    -3.6       MM
SINCE 7/1         8.6              17.3    -8.7       MM
SNOWDEPTH AVG.      3                 4      -1       MM
DAYS >= TRACE      11              11.2    -0.2       MM
DAYS >= 1.0         2               4.2    -2.2       MM
GREATEST
 SNOW DEPTH         7   11/21                         MM  MM
                        11/20
                        11/19
 24 HR TOTAL      4.8   MM                            MM

DEGREE_DAYS
HEATING TOTAL    1465              1443      22       MM
 SINCE 7/1       3615              4093    -478       MM
COOLING TOTAL       0                 0       0       MM
 SINCE 1/1          0                 3      -3       MM
.................................................................

WIND (MPH)
AVERAGE WIND SPEED              8.5
HIGHEST WIND SPEED/DIRECTION    31/MM     DATE   MM
HIGHEST GUST SPEED/DIRECTION    39/MM     DATE   MM

SKY COVER
AVERAGE SKY COVER           0.60


WEATHER CONDITIONS. NUMBER OF DAYS WITH
THUNDERSTORM              0     MIXED PRECIP               0
HEAVY RAIN                0     RAIN                       0
LIGHT RAIN                2     FREEZING RAIN              0
LT FREEZING RAIN          1     HAIL                       0
HEAVY SNOW                0     SNOW                       4
LIGHT SNOW                7     SLEET                      0
FOG                       8     FOG W/VIS <= 1/4 MILE      1
HAZE                      2

-  INDICATES NEGATIVE NUMBERS.
R  INDICATES RECORD WAS SET OR TIED.
MM INDICATES DATA IS MISSING.
T  INDICATES TRACE AMOUNT.

$$
