000
CXAK59 PAOM 011712
CLMOME

CLIMATE REPORT
NATIONAL WEATHER SERVICE NOME, AK
912 AM AKDT WED OCT 1 2014

...................................

...THE NOME WSO AP CLIMATE SUMMARY FOR THE MONTH OF SEPTEMBER 2014...

CLIMATE NORMAL PERIOD 1981 TO 2010
CLIMATE RECORD PERIOD 1906 TO 2014

WEATHER         OBSERVED          NORMAL  DEPART  LAST YEAR`S
                 VALUE   DATE(S)  VALUE   FROM    VALUE  DATE(S)
                                          NORMAL
................................................................
TEMPERATURE (F)
RECORD
 HIGH              71   9/11/1979
 LOW                9   9/28/1992
HIGHEST            65   9/12         59       6      55  9/09
LOWEST             27   9/24         23       4      21  9/30
AVG. MAXIMUM       52.3              48.7     3.6    46.0
AVG. MINIMUM       38.4              36.9     1.5    33.7
MEAN               45.3              42.8     2.5    39.9
DAYS MAX >= 90      0                 0.0     0.0     0
DAYS MAX <= 32      0                 0.2    -0.2     0
DAYS MAX >= 80      0                 0.0     0.0     0
DAYS MAX >= 70      0                 0.0    -0.0     0
DAYS MIN <= 32      9                 9.4    -0.4    13
DAYS MIN <= 0       0                 0.0     0.0     0

PRECIPITATION (INCHES)
RECORD
 MAXIMUM            7.46   1986
 MINIMUM            0.06   2008
TOTALS              2.58              2.45    0.13    1.98
DAILY AVG.          0.09              0.08    0.01    0.07
DAYS >= .01        15                14.8     0.2    11
DAYS >= .10         8                 7.2     0.8     6
DAYS >= .50         1                 1.1    -0.1     1
DAYS >= 1.0         0                 0.1    -0.1     0
GREATEST
 24 HR TOTAL        0.54   9/01                       0.70  9/12

SNOWFALL (INCHES)
RECORDS
 TOTAL              4.0   1919
 24 HR TOTAL        4.0   9-23-1920
 SNOW DEPTH         2     9-30-1993
TOTALS              0.0               0.6    -0.6     1.1
SINCE 7/1           0.0               0.5    -0.5     1.1
SNOWDEPTH AVG.      0                 0       0       0
DAYS >= TRACE       0                 2.9    -2.9     8
DAYS >= 1.0         0                 0.2    -0.2     0
DAYS >= 6.0         0                 0.0     0.0     0
GREATEST
 SNOW DEPTH         0   MM                            0  MM
 24 HR TOTAL      0.0   MM                          0.7  9/23

DEGREE_DAYS
HEATING TOTAL     583               666     -83     746
 SINCE 7/1       1286              1530    -244    1520
COOLING TOTAL       0                 0       0       0
 SINCE 1/1          3                 0       3       7
................................................................

WIND (MPH)
AVERAGE WIND SPEED                8.7
HIGHEST WIND SPEED/DIRECTION     29/090    DATE   09/11
HIGHEST GUST SPEED/DIRECTION     39/130    DATE   09/13

SKY COVER
POSSIBLE SUNSHINE (PERCENT)   MM
AVERAGE SKY COVER             MM
NUMBER OF DAYS FAIR           MM
NUMBER OF DAYS PC             MM
NUMBER OF DAYS CLOUDY         MM

AVERAGE RH (PERCENT)     MM

WEATHER CONDITIONS. NUMBER OF DAYS WITH
THUNDERSTORM              1     ICE PELLETS                 0
RAIN                     17     GLAZE                       0
DRIZZLE                   0     HAIL                        0
SNOW                      0     HAZE                        1
FOG                      15     FOG W/VIS <= 1/4 MILE       0
BLOWING SNOW              0


-  INDICATES NEGATIVE NUMBERS.
R  INDICATES RECORD WAS SET OR TIED.
MM INDICATES DATA IS MISSING.
T  INDICATES TRACE AMOUNT.

&&


$$
JAS OCT 14
