000
CXUS56 KOTX 022201
CLMOMK


CLIMATE REPORT
NATIONAL WEATHER SERVICE SPOKANE, WA
256 PM PDT TUE JUN 2 2015

...................................

...THE OMAK WA AIRPORT CLIMATE SUMMARY FOR THE MONTH OF MAY 2015...

CLIMATE NORMAL PERIOD 1981 TO 2010
CLIMATE RECORD PERIOD 9999 TO 9999

WEATHER         OBSERVED          NORMAL  DEPART  LAST YEAR`S
                 VALUE   DATE(S)  VALUE   FROM    VALUE  DATE(S)
                                          NORMAL
................................................................
TEMPERATURE (F)
RECORD
 HIGH              98   05/28/1934
 LOW               19   05/01/1954
HIGHEST            88   05/22        MM      MM       87  05/22
LOWEST             32   05/09        MM      MM       33  05/07
AVG. MAXIMUM     77.4              72.0     5.4     74.8
AVG. MINIMUM     46.7              44.3     2.4     44.2
MEAN             62.0              58.1     3.9     59.5
DAYS MAX >= 90      0               0.7    -0.7        0
DAYS MAX <= 32      0               0.0     0.0        0
DAYS MIN <= 32      1               1.5    -0.5        0
DAYS MIN <= 0       0               0.0     0.0        0

PRECIPITATION (INCHES)
RECORD
 MAXIMUM         4.42   1948
 MINIMUM            T   1938
TOTALS           1.42              1.22    0.20     0.48
DAILY AVG.       0.05              0.04    0.01     0.02
DAYS >= .01         9                MM      MM        7
DAYS >= .10         3                MM      MM        2
DAYS >= .50         1                MM      MM        0
DAYS >= 1.00        0                MM      MM        0
GREATEST
 24 HR. TOTAL    0.52   05/29 TO 05/29           05/08 TO 05/09
                        05/28 TO 05/29                    05/09 TO 05/09
                        05/29 TO 05/29                    05/09 TO 05/09

SNOWFALL (INCHES)
RECORDS
 TOTAL             MM   MM
TOTALS             MM                MM      MM       MM
SINCE 7/1          MM                MM      MM       MM
SNOWDEPTH AVG.     MM                MM      MM       MM
DAYS >= 1.0         0                MM      MM       MM
GREATEST
 SNOW DEPTH        MM                                 MM  MM
 24 HR TOTAL       MM                                 MM

DEGREE_DAYS
HEATING TOTAL     130               234    -104      177
 SINCE 7/1       5319              6273    -954     6380
COOLING TOTAL      46                22      24       14
 SINCE 1/1         46                23      23       14
..........................................................

WIND (MPH)
AVERAGE WIND SPEED              7.6
HIGHEST WIND SPEED/DIRECTION    32/040    DATE  05/11
HIGHEST GUST SPEED/DIRECTION    41/010    DATE  05/11

SKY COVER
POSSIBLE SUNSHINE (PERCENT)   MM
AVERAGE SKY COVER           0.20
NUMBER OF DAYS FAIR           26
NUMBER OF DAYS PC              4
NUMBER OF DAYS CLOUDY          1

AVERAGE RH (PERCENT)     50

WEATHER CONDITIONS. NUMBER OF DAYS WITH
THUNDERSTORM              0     MIXED PRECIP               0
HEAVY RAIN                2     RAIN                       4
LIGHT RAIN               10     FREEZING RAIN              0
LT FREEZING RAIN          0     HAIL                       0
HEAVY SNOW                0     SNOW                       0
LIGHT SNOW                0     SLEET                      0
FOG                       5     FOG W/VIS <= 1/4 MILE      0
HAZE                      0

-  INDICATES NEGATIVE NUMBERS.
R  INDICATES RECORD WAS SET OR TIED.
MM INDICATES DATA IS MISSING.
T  INDICATES TRACE AMOUNT.

$$
