000
CXAK59 PAOT 020813
CLMOTZ

CLIMATE REPORT
NATIONAL WEATHER SERVICE KOTZEBUE, AK
1213 AM AKDT SAT JUL 2 2016

...................................

...THE KOTZEBUE WSO AP CLIMATE SUMMARY FOR THE MONTH OF JUNE 2016...

CLIMATE NORMAL PERIOD 1981 TO 2010
CLIMATE RECORD PERIOD 1898 TO 2016

WEATHER         OBSERVED          NORMAL  DEPART  LAST YEAR`S
                 VALUE   DATE(S)  VALUE   FROM    VALUE  DATE(S)
                                          NORMAL
................................................................
TEMPERATURE (F)
RECORD
 HIGH              85   6/19/2013
 LOW               20   6/06/1903
HIGHEST            74   6/17         63      11      79  6/18
LOWEST             33                26       7      33  6/11
AVG. MAXIMUM       57.3              51.5     5.8    56.6
AVG. MINIMUM       45.1              39.9     5.2    46.0
MEAN               51.2              45.7     5.5    51.3
DAYS MAX >= 90      0                 0.0     0.0     0
DAYS MAX <= 32      0                 0.0    -0.0     0
DAYS MAX >= 80      0                 0.2    -0.2     0
DAYS MAX >= 70      2                 0.8     1.2     5
DAYS MIN <= 32      0                 4.4    -4.4     0
DAYS MIN <= 0       0                 0.0     0.0     0

PRECIPITATION (INCHES)
RECORD
 MAXIMUM            1.43   1979
 MINIMUM            0.00   1995
TOTALS              0.25              0.58   -0.33    0.21
DAILY AVG.          0.01              0.02   -0.01    0.01
DAYS >= .01         5                 4.9     0.1     5
DAYS >= .10         0                 1.4    -1.4     0
DAYS >= .50         0                 0.2    -0.2     0
DAYS >= 1.0         0                 0.0     0.0     0
GREATEST
 24 HR TOTAL        0.09   6/13                       0.08  6/08

SNOWFALL (INCHES)
RECORDS
 TOTAL              2.4   1963
 24 HR TOTAL       20.5   6-11-1931
 SNOW DEPTH       205     6-11-1931
TOTALS              0.0               0.0     0.0     0.0
SINCE 7/1          59.7              53.0     6.7    24.7
SNOWDEPTH AVG.      0                 0       0       0
DAYS >= TRACE       0                 1.0    -1.0     0
DAYS >= 1.0         0                 0.0     0.0     0
DAYS >= 6.0         0                 0.0     0.0     0
GREATEST
 SNOW DEPTH         0   MM                            0  MM
 24 HR TOTAL      0.0   MM                          0.0  MM

DEGREE_DAYS
HEATING TOTAL     404               581    -177     409
 SINCE 7/1      13232             15387   -2155   13545
COOLING TOTAL       0                 0       0       4
 SINCE 1/1          0                 0       0       4
................................................................

WIND (MPH)
AVERAGE WIND SPEED               11.9
HIGHEST WIND SPEED/DIRECTION     31/290    DATE    06/8
HIGHEST GUST SPEED/DIRECTION     38/010    DATE    06/1

SKY COVER
POSSIBLE SUNSHINE (PERCENT)   MM
AVERAGE SKY COVER             MM
NUMBER OF DAYS FAIR           MM
NUMBER OF DAYS PC             MM
NUMBER OF DAYS CLOUDY         MM

AVERAGE RH (PERCENT)     MM

WEATHER CONDITIONS. NUMBER OF DAYS WITH
THUNDERSTORM              0     ICE PELLETS                 0
RAIN                     10     GLAZE                       0
DRIZZLE                   0     HAIL                        0
SNOW                      0     HAZE                        3
FOG                       3     FOG W/VIS <= 1/4 MILE       2
BLOWING SNOW              0


-  INDICATES NEGATIVE NUMBERS.
R  INDICATES RECORD WAS SET OR TIED.
MM INDICATES DATA IS MISSING.
T  INDICATES TRACE AMOUNT.

&&


$$
SV JUL 16
