000
CXUS56 KPDT 011700
CLMPDT

CLIMATE REPORT
NATIONAL WEATHER SERVICE PENDLETON OREGON
859 AM PST FRI DEC 01 2017

....................................

...THE PENDLETON OR CLIMATE SUMMARY FOR THE MONTH OF NOVEMBER 2017...

CLIMATE NORMAL PERIOD 1981 TO 2010
CLIMATE RECORD PERIOD 1934 TO 2017

WEATHER         OBSERVED          NORMAL  DEPART  LAST YEAR`S
                 VALUE   DATE(S)  VALUE   FROM    VALUE  DATE(S)
                                          NORMAL

................................................................

TEMPERATURE (F)
RECORD
 HIGH              80  11/12/1999
 LOW              -12  11/23/1985
HIGHEST            70  11/23       66         4            71  11/ 2
LOWEST             19  11/ 7       20        -1            30  11/17
AVG. MAXIMUM     51.9            49.2       2.7          55.7
AVG. MINUMUM     34.0            33.4       0.6          38.1
MEAN             43.0            41.3       1.7          46.9
DAYS MAX >= 90      0               0         0             0
DAYS MAX <= 32      0               2        -2             0
DAYS MIN <= 32     10              12        -2             4
DAYS MIN <= 0       0               0         0             4


PRECIPITATION (INCHES)
RECORD
 MAXIMUM          3.76   1973
 MINIMUM          0.04   1939
TOTALS            1.56            1.52      0.04          0.91
DAILY AVG.        0.05            0.05      0.00          0.03
DAYS >=  0.01       15              12         3            12
DAYS >=  0.10        7               5         2             3
DAYS >=  0.50        0               0         0             0
DAYS >=  1.00        0               0         0             0
GREATEST
 24 HR. TOTAL     0.33  11/26



SNOWFALL (INCHES)
RECORD
 MAXIMUM          14.9   1985
 MINIMUM           0.0   2016
TOTALS             0.0             1.4      -1.4           0.0
SINCE 7/1          0.0             1.5      -1.5           0.0
DAYS >=  TRACE                       1        -1
DAYS >=  1.0         0               0         0             0
GREATEST
 24 HR. TOTAL      0.0  11/30


DEGREE DAYS
HEATING TOTAL      656             710       -54           534
 SINCE 7/1        1208            1244       -36          1024
COOLING TOTAL        0               0         0             0
 SINCE 1/1         894             633       261           605

.............................................................

WIND (MPH)
AVERAGE WIND SPEED                     7.5
RESULTANT WIND SPEED/DIRECTION         5/221
HIGHEST WIND SPEED/DIRECTION          36/210      DATE          11/20
HIGHEST GUST SPEED/DIRECTION          44/210      DATE          11/20


WEATHER CONDITIONS. NUMBER OF DAYS WITH
THUNDERSTORM               0    MIXED PRECIP                           0
HEAVY RAIN                 2    RAIN                                   6
LIGHT RAIN                20    FREEZING RAIN                          0
LT FREEZING RAIN           0    HAIL                                   0
HEAVY SNOW                 0    SNOW                                   0
LIGHT SNOW                 0    SLEET                                  0
FOG                       18    FOG W/VIS <=1/4 MILE                   6
HAZE                       6

-  INDICATES NEGATIVE NUMBERS.
R  INDICATES RECORD WAS SET OR TIED.
MM INDICATES DATA IS MISSING.
T  INDICATES TRACE AMOUNT.

$$
