000
CXUS51 KPHI 011044
CLMPHL


CLIMATE REPORT
NATIONAL WEATHER SERVICE MOUNT HOLLY NJ
644 AM EDT THU SEP 1 2016

...................................

...THE PHILADELPHIA CLIMATE SUMMARY FOR THE MONTH OF AUGUST 2016...

CLIMATE NORMAL PERIOD 1981 TO 2010
CLIMATE RECORD PERIOD 1872 TO 2016

WEATHER         OBSERVED          NORMAL  DEPART  LAST YEAR`S
                 VALUE   DATE(S)  VALUE   FROM    VALUE  DATE(S)
                                          NORMAL
................................................................
TEMPERATURE (F)
RECORD
 HIGH             106   08/07/1918
 LOW               44   08/29/1986
HIGHEST            98                94       4       94
LOWEST             62                56       6       63
AVG. MAXIMUM     89.7              85.3     4.4     88.0
AVG. MINIMUM     72.4              67.9     4.5     70.0
MEAN             81.0              76.6     4.4     79.0
DAYS MAX >= 90     17               6.2    10.8       12
DAYS MAX <= 32      0               0.0     0.0        0
DAYS MIN <= 32      0               0.0     0.0        0
DAYS MIN <= 0       0               0.0     0.0        0

PRECIPITATION (INCHES)
RECORD
 MAXIMUM        19.31   2011
 MINIMUM         0.46   1896
TOTALS           1.70              3.50   -1.80     0.98
DAILY AVG.       0.05              0.11   -0.06     0.03
DAYS >= .01         5               8.4    -3.4        5
DAYS >= .10         4               5.3    -1.3        2
DAYS >= .50         2               2.3    -0.3        1
DAYS >= 1.00        0               1.2    -1.2        0
GREATEST
 24 HR. TOTAL    0.60   08/21 TO 08/21              0.76
                        08/20 TO 08/21
                        08/21 TO 08/21

SNOWFALL (INCHES)
RECORDS
 TOTAL             MM   5
 24 HR TOTAL       MM
TOTALS            0.0               0.0     0.0      0.0
SINCE 7/1         0.0               0.0     0.0      0.0
SNOWDEPTH AVG.      0                MM      MM        0
DAYS >= 1.0         0               0.0     0.0        0
GREATEST
 SNOW DEPTH         0   MM                             0  MM
 24 HR TOTAL      0.0   08/31 TO 08/31               0.0

DEGREE_DAYS
HEATING TOTAL       0                 1      -1        0
 SINCE 7/1          0                 1      -1        0
COOLING TOTAL     505               360     145      444
 SINCE 1/1       1412              1117     295     1406
.................................................................

WIND (MPH)
AVERAGE WIND SPEED              8.0
HIGHEST WIND SPEED/DIRECTION    24/290    DATE  08/17
HIGHEST GUST SPEED/DIRECTION    30/280    DATE  08/17

SKY COVER
POSSIBLE SUNSHINE (PERCENT)   MM
AVERAGE SKY COVER           0.50
NUMBER OF DAYS FAIR            9
NUMBER OF DAYS PC             17
NUMBER OF DAYS CLOUDY          5

AVERAGE RH (PERCENT)     65

WEATHER CONDITIONS. NUMBER OF DAYS WITH
THUNDERSTORM              0     MIXED PRECIP               0
HEAVY RAIN                3     RAIN                       4
LIGHT RAIN                9     FREEZING RAIN              0
LT FREEZING RAIN          0     HEAVY SNOW                 0
SNOW                      0     LIGHT SNOW                 0
SLEET                     0     FOG                        5
FOG W/VIS <= 1/4 MILE     0     HAZE                       1

-  INDICATES NEGATIVE NUMBERS.
R  INDICATES RECORD WAS SET OR TIED.
MM INDICATES DATA IS MISSING.
T  INDICATES TRACE AMOUNT.

$$
