000
CXUS53 KILX 011946
CLMPIA

CLIMATE REPORT
NATIONAL WEATHER SERVICE LINCOLN IL
246 PM CDT FRI SEP 1 2017

...................................

...THE PEORIA IL CLIMATE SUMMARY FOR THE MONTH OF AUGUST 2017...

CLIMATE NORMAL PERIOD 1981 TO 2010
CLIMATE RECORD PERIOD 1883 TO 2017

WEATHER         OBSERVED          NORMAL  DEPART  LAST YEAR`S
                 VALUE   DATE(S)  VALUE   FROM    VALUE
                                          NORMAL
.............................................................
TEMPERATURE (F)
RECORD
 HIGH             106   08/18/1936
 LOW               41   08/28/1986
                        08/31/1915
                        08/26/1910
HIGHEST            91   08/15        84       7       93
LOWEST             54   08/04        63      -9       56
AVG. MAXIMUM     81.9              83.8    -1.9     85.0
AVG. MINIMUM     61.4              63.7    -2.3     67.7
MEAN             71.6              73.8    -2.2     76.4
DAYS MAX >= 90      1               5.5    -4.5        2
DAYS MAX <= 32      0               0.0     0.0        0
DAYS MIN <= 32      0               0.0     0.0        0
DAYS MIN <= 0       0               0.0     0.0        0

PRECIPITATION (INCHES)
RECORD
 MAXIMUM         8.61   1965
 MINIMUM         0.25   1992
TOTALS           0.99              3.24   -2.25     7.45
DAILY AVG.       0.03              0.10   -0.07     0.24
DAYS >= .01         7               9.1    -2.1       13
DAYS >= .10         4               6.0    -2.0       11
DAYS >= .50         0               2.5    -2.5        5
DAYS >= 1.00        0               0.8    -0.8        2
GREATEST
 24 HR. TOTAL    0.38   08/22 TO 08/22              1.98

SNOWFALL (INCHES)
RECORDS
 TOTAL            0.0   MM
TOTALS            0.0               0.0     0.0      0.0
SINCE 7/1         0.0               0.0     0.0      0.0
DAYS >= 1.0         0               0.0     0.0        0
GREATEST
 SNOW DEPTH         0   MM                             0
 24 HR TOTAL      0.0   08/31 TO 08/31               0.0

DEGREE_DAYS
HEATING TOTAL       0                 5      -5        0
 SINCE 7/1          0                 6      -6        4
COOLING TOTAL     213               276     -63      360
 SINCE 1/1        926               907      19     1157
..............................................................

WIND (MPH)
AVERAGE WIND SPEED              5.3
HIGHEST WIND SPEED/DIRECTION    21/240    DATE  08/17
HIGHEST GUST SPEED/DIRECTION    30/310    DATE  08/04

SKY COVER
POSSIBLE SUNSHINE (PERCENT)   MM
AVERAGE SKY COVER           0.20
NUMBER OF DAYS FAIR           23
NUMBER OF DAYS PC              7
NUMBER OF DAYS CLOUDY          1

AVERAGE RH (PERCENT)     73

WEATHER CONDITIONS. NUMBER OF DAYS WITH
THUNDERSTORM              7     MIXED PRECIP               0
HEAVY RAIN                2     RAIN                       2
LIGHT RAIN               12     FREEZING RAIN              0
LT FREEZING RAIN          0     HAIL                       0
HEAVY SNOW                0     SNOW                       0
LIGHT SNOW                0     SLEET                      0
FOG                      11     FOG W/VIS <= 1/4 MILE      2
HAZE                      3

-  INDICATES NEGATIVE NUMBERS.
R  INDICATES RECORD WAS SET OR TIED.
MM INDICATES DATA IS MISSING.
T  INDICATES TRACE AMOUNT.

&&

RECORDS ESTABILSHED THIS MONTH:

NONE

$$
