000
CXUS55 KPIH 020025
CLMPIH

CLIMATE REPORT
NATIONAL WEATHER SERVICE POCATELLO ID
548 PM MDT MON AUG 1 2016

...................................

...THE POCATELLO CLIMATE SUMMARY FOR THE MONTH OF JULY 2016...

CLIMATE NORMAL PERIOD 1981 TO 2010
CLIMATE RECORD PERIOD 1939 TO 2016

WEATHER         OBSERVED          NORMAL  DEPART  LAST YEAR`S
                 VALUE   DATE(S)  VALUE   FROM    VALUE  DATE(S)
                                          NORMAL
................................................................
TEMPERATURE (F)
RECORD
 HIGH             104   07/22/2000
 LOW               34   07/08/1981
HIGHEST            98   07/26       104      -6       98  07/03
LOWEST             39   07/12        34       5       39  07/29
                                                          07/28
AVG. MAXIMUM     89.2              87.8     1.4     85.4
AVG. MINIMUM     52.0              52.0     0.0     52.9
MEAN             70.6              69.9     0.7     69.2
DAYS MAX >= 90     18              13.3     4.7        8
DAYS MAX <= 32      0               0.0     0.0        0
DAYS MIN <= 32      0               0.0     0.0        0
DAYS MIN <= 0       0               0.0     0.0        0

PRECIPITATION (INCHES)
RECORD
 MAXIMUM         2.28   2009
                        1984
 MINIMUM         0.00   2003
                        1988
                        1963
TOTALS           0.15              0.64   -0.49     1.38
DAILY AVG.       0.00              0.02   -0.02     0.04
DAYS >= .01         2               4.4    -2.4       11
DAYS >= .10         1               1.8    -0.8        6
DAYS >= .50         0               0.3    -0.3        0
DAYS >= 1.00        0               0.0     0.0        0
GREATEST
 24 HR. TOTAL    0.14   07/10 TO 07/10              0.32

SNOWFALL (INCHES)
RECORDS
 TOTAL            0.0   2010
                        2009
                        2008
TOTALS            0.0               0.0     0.0      0.0
SINCE 7/1         0.0               0.0     0.0      0.0
SNOWDEPTH AVG.      0                MM      MM        0
DAYS >= 1.0         0               0.0     0.0        0
GREATEST
 SNOW DEPTH         0   MM                             0  MM
 24 HR TOTAL      0.0   07/31 TO 07/31               0.0

DEGREE_DAYS
HEATING TOTAL      17                20      -3       23
 SINCE 7/1         17                20      -3       23
COOLING TOTAL     196               172      24      161
 SINCE 1/1        286               223      63      300
.................................................................

WIND (MPH)
AVERAGE WIND SPEED              9.5
HIGHEST WIND SPEED/DIRECTION    45/250    DATE  07/09
HIGHEST GUST SPEED/DIRECTION    60/240    DATE  07/09

SKY COVER
POSSIBLE SUNSHINE (PERCENT)   MM
AVERAGE SKY COVER           0.10
NUMBER OF DAYS FAIR           30
NUMBER OF DAYS PC              1
NUMBER OF DAYS CLOUDY          0

AVERAGE RH (PERCENT)     38

WEATHER CONDITIONS. NUMBER OF DAYS WITH
THUNDERSTORM              2     MIXED PRECIP               0
HEAVY RAIN                0     RAIN                       0
LIGHT RAIN                3     FREEZING RAIN              0
LT FREEZING RAIN          0     HAIL                       0
HEAVY SNOW                0     SNOW                       0
LIGHT SNOW                0     SLEET                      0
FOG                       1     FOG W/VIS <= 1/4 MILE      0
HAZE                      4

-  INDICATES NEGATIVE NUMBERS.
R  INDICATES RECORD WAS SET OR TIED.
MM INDICATES DATA IS MISSING.
T  INDICATES TRACE AMOUNT.
&&
12TH: LOW OF 39 BREAKS PREVIOUS RECORD OF 40 SET IN 1987.

$$
