000
CXUS55 KPIH 011444
CLMPIH

CLIMATE REPORT
NATIONAL WEATHER SERVICE POCATELLO ID
839 AM MDT FRI SEP 1 2017

...................................

...THE POCATELLO CLIMATE SUMMARY FOR THE MONTH OF AUGUST 2017...

CLIMATE NORMAL PERIOD 1981 TO 2010
CLIMATE RECORD PERIOD 1939 TO 2017

WEATHER         OBSERVED          NORMAL  DEPART  LAST YEAR`S
                 VALUE   DATE(S)  VALUE   FROM    VALUE  DATE(S)
                                          NORMAL
................................................................
TEMPERATURE (F)
RECORD
 HIGH             104   08/08/1990
                        08/02/1969
 LOW               30   08/25/1992
HIGHEST            97   08/28       104      -7       97  08/30
                        08/01
LOWEST             42   08/16        30      12       40  08/26
                                                          08/20
AVG. MAXIMUM     89.1              87.1     2.0     87.6
AVG. MINIMUM     51.1              50.7     0.4     47.8
MEAN             70.1              68.9     1.2     67.7
DAYS MAX >= 90     15              11.9     3.1       13
DAYS MAX <= 32      0               0.0     0.0        0
DAYS MIN <= 32      0               0.1    -0.1        0
DAYS MIN <= 0       0               0.0     0.0        0

PRECIPITATION (INCHES)
RECORD
 MAXIMUM         3.98   1968
 MINIMUM         0.00   2002
                        1998
                        1958
TOTALS           0.35              0.61   -0.26     0.24
DAILY AVG.       0.01              0.02   -0.01     0.01
DAYS >= .01         4               4.5    -0.5        1
DAYS >= .10         2               1.9     0.1        1
DAYS >= .50         0               0.4    -0.4        0
DAYS >= 1.00        0               0.0     0.0        0
GREATEST
 24 HR. TOTAL    0.17   08/08 TO 08/08              0.24

SNOWFALL (INCHES)
RECORDS
 TOTAL            0.0   2010
                        2009
                        2008
TOTALS            0.0               0.0     0.0      0.0
SINCE 7/1         0.0               0.0     0.0      0.0
SNOWDEPTH AVG.      0                MM      MM        0
DAYS >= 1.0         0               0.0     0.0        0
GREATEST
 SNOW DEPTH         0   MM                             0  MM
 24 HR TOTAL      0.0   08/31 TO 08/31               0.0

DEGREE_DAYS
HEATING TOTAL       4                26     -22       21
 SINCE 7/1          4                46     -42       38
COOLING TOTAL     168               147      21      113
 SINCE 1/1        509               370     139      399
.................................................................

WIND (MPH)
AVERAGE WIND SPEED              7.7
HIGHEST WIND SPEED/DIRECTION    31/310    DATE  08/29
HIGHEST GUST SPEED/DIRECTION    46/320    DATE  08/29

SKY COVER
POSSIBLE SUNSHINE (PERCENT)   MM
AVERAGE SKY COVER           0.10
NUMBER OF DAYS FAIR           27
NUMBER OF DAYS PC              4
NUMBER OF DAYS CLOUDY          0

AVERAGE RH (PERCENT)     45

WEATHER CONDITIONS. NUMBER OF DAYS WITH
THUNDERSTORM              5     MIXED PRECIP               0
HEAVY RAIN                0     RAIN                       0
LIGHT RAIN                6     FREEZING RAIN              0
LT FREEZING RAIN          0     HAIL                       0
HEAVY SNOW                0     SNOW                       0
LIGHT SNOW                0     SLEET                      0
FOG                       4     FOG W/VIS <= 1/4 MILE      0
HAZE                      5

-  INDICATES NEGATIVE NUMBERS.
R  INDICATES RECORD WAS SET OR TIED.
MM INDICATES DATA IS MISSING.
T  INDICATES TRACE AMOUNT.

$$
