000
CXUS51 KPBZ 011311
CLMPIT


CLIMATE REPORT
NATIONAL WEATHER SERVICE PITTSBURGH PA
910 AM EDT THU SEP 1 2016

...................................

...THE PITTSBURGH CLIMATE SUMMARY FOR THE MONTH OF AUGUST 2016...

CLIMATE NORMAL PERIOD 1981 TO 2010
CLIMATE RECORD PERIOD 1871 TO 2016

WEATHER         OBSERVED          NORMAL  DEPART  LAST YEAR`S
                 VALUE   DATE(S)  VALUE   FROM    VALUE  DATE(S)
                                          NORMAL
................................................................
TEMPERATURE (F)
RECORD
 HIGH             103   08/06/1918
 LOW               39   08/29/1982
HIGHEST            91                        MM       90  08/17
LOWEST             56                        MM       52  08/13
AVG. MAXIMUM     85.4              81.4     4.0     81.5
AVG. MINIMUM     66.7              61.5     5.2     61.1
MEAN             76.0              71.5     4.5     71.3
DAYS MAX >= 90      3               2.5     0.5        1
DAYS MAX <= 32      0               0.0     0.0        0
DAYS MIN <= 32      0               0.0     0.0        0
DAYS MIN <= 0       0               0.0     0.0        0

PRECIPITATION (INCHES)
RECORD
 MAXIMUM         8.29   1864
 MINIMUM         0.43   1894
TOTALS           3.29              3.48   -0.19
DAILY AVG.       0.11              0.11    0.00     0.07
DAYS >= .01        14               9.8     4.2        5
DAYS >= .10         9               5.8     3.2        4
DAYS >= .50         1               2.6    -1.6        2
DAYS >= 1.00        0               0.9    -0.9        1
GREATEST
 24 HR. TOTAL    1.04   08/12 TO 08/13           08/18 TO 08/18
                                                          08/18 TO 08/19
                                                          08/19 TO 08/19

SNOWFALL (INCHES)
RECORDS
 TOTAL            0.0   MM
 24 HR TOTAL      0.0   08/31/2002 TO 08/31/2002
                        08/01/2001 TO 08/01/2001
TOTALS            0.0               0.0     0.0      0.0
SINCE 7/1         0.0               0.0     0.0      0.0
SNOWDEPTH AVG.      0                MM      MM        0
DAYS >= TRACE       0
DAYS >= 1.0         0               0.0     0.0        0
GREATEST
 24 HR TOTAL      0.0   08/31 TO 08/31               0.0

DEGREE_DAYS
HEATING TOTAL       0                 9      -9        6
 SINCE 7/1          1                13     -12        6
COOLING TOTAL     350               209     141      210
 SINCE 1/1        975               652     323      803
..........................................................

WIND (MPH)
AVERAGE WIND SPEED              5.3
HIGHEST WIND SPEED/DIRECTION    39/160    DATE  08/15
HIGHEST GUST SPEED/DIRECTION    40/300    DATE  08/28

AVERAGE RH (PERCENT)     68

WEATHER CONDITIONS. NUMBER OF DAYS WITH
THUNDERSTORM              0     MIXED PRECIP               0
HEAVY RAIN                2     RAIN                       7
LIGHT RAIN               13     FREEZING RAIN              0
LT FREEZING RAIN          0     HAIL                       0
HEAVY SNOW                0     SNOW                       0
LIGHT SNOW                0     SLEET                      0
FOG                      17     FOG W/VIS <= 1/4 MILE      0
HAZE                      4

-  INDICATES NEGATIVE NUMBERS.
R  INDICATES RECORD WAS SET OR TIED.
MM INDICATES DATA IS MISSING.
T  INDICATES TRACE AMOUNT.

$$
