000
CXUS54 KMOB 010712
CLMPNS


CLIMATE REPORT
NATIONAL WEATHER SERVICE MOBILE AL
154 AM CDT FRI APR 1 2016

...................................

...THE PENSACOLA CLIMATE SUMMARY FOR THE MONTH OF MARCH 2016...

CLIMATE NORMAL PERIOD 1981 TO 2010
CLIMATE RECORD PERIOD 1879 TO 2016

WEATHER         OBSERVED          NORMAL  DEPART  LAST YEAR`S
                 VALUE   DATE(S)  VALUE   FROM    VALUE  DATE(S)
                                          NORMAL
................................................................
TEMPERATURE (F)
RECORD
 HIGH              88   03/30/1946
 LOW               22   03/02/1980
HIGHEST            82   03/16                         87  03/17
LOWEST             39   03/21                         29  03/06
AVG. MAXIMUM     72.8              69.6     3.2     73.1
AVG. MINIMUM     57.5              51.2     6.3     56.6
MEAN             65.2              60.4     4.8     64.9
DAYS MAX >= 90      0               0.0     0.0        0
DAYS MAX <= 32      0               0.0     0.0        0
DAYS MIN <= 32      0               0.6    -0.6        1
DAYS MIN <= 0       0               0.0     0.0        0

PRECIPITATION (INCHES)

TOTALS           7.65              5.81    1.84     2.38
DAILY AVG.       0.25              0.19    0.06     0.08
DAYS >= .01        10               8.1     1.9        6
DAYS >= .10         9               6.2     2.8        3
DAYS >= .50         6               3.5     2.5        1
DAYS >= 1.00        4               1.8     2.2        1
GREATEST
 24 HR. TOTAL    1.48   03/26 TO 03/27

SNOWFALL (INCHES)
RECORDS
 TOTAL            0.0   2001
 SNOW DEPTH         0
TOTALS            0.0               0.0     0.0      0.0
SINCE 7/1         0.0               0.0     0.0      0.0
SNOWDEPTH AVG.      0                                  0
DAYS >= 1.0         0               0.0     0.0        0
GREATEST
 SNOW DEPTH         0                                  0
 24 HR TOTAL      0.0   03/31 TO 03/31

DEGREE_DAYS
HEATING TOTAL      72               176    -104      100
 SINCE 7/1        954              1484    -530     1543
COOLING TOTAL      86                33      53      102
 SINCE 1/1        104                47      57      109
.................................................................

WIND (MPH)
AVERAGE WIND SPEED              10.3
HIGHEST WIND SPEED/DIRECTION    33/140    DATE  03/12
HIGHEST GUST SPEED/DIRECTION    44/140    DATE  03/12

SKY COVER
POSSIBLE SUNSHINE (PERCENT)   MM
AVERAGE SKY COVER           0.50
NUMBER OF DAYS FAIR           10
NUMBER OF DAYS PC             13
NUMBER OF DAYS CLOUDY          8

AVERAGE RH (PERCENT)     74

WEATHER CONDITIONS. NUMBER OF DAYS WITH
THUNDERSTORM              5     MIXED PRECIP               0
HEAVY RAIN                7     RAIN                       8
LIGHT RAIN               13     FREEZING RAIN              0
LT FREEZING RAIN          0     HAIL                       0
HEAVY SNOW                0     SNOW                       0
LIGHT SNOW                0     SLEET                      0
FOG                      17     FOG W/VIS <= 1/4 MILE      3
HAZE                      4

-  INDICATES NEGATIVE NUMBERS.
R  INDICATES RECORD WAS SET OR TIED.
MM INDICATES DATA IS MISSING.
T  INDICATES TRACE AMOUNT.

$$
