048
CXZS50 NSTU 132331
CLMPPG

CLIMATE REPORT
NATIONAL WEATHER SERVICE PAGO PAGO AS
1231 PM SST WED JUL 13 2016

.....................................

...THE PAGO PAGO AIRPORT CLIMATE SUMMARY FOR THE MONTH OF JUNE 2016...

CLIMATE NORMAL PERIOD 1981 TO 2010
CLIMATE RECORD PERIOD 1956 TO 2016

WEATHER ITEM      OBSERVED    DATES       NORMAL      DEPARTURE   LAST YEAR
                  VALUE                   VALUE       FROM        VALUE DATE(S)
                                                      NORMAL
.............................................................................
TEMPERATURE (F)
RECORD
 HIGH             95          06/23/1988
 LOW              61          06/26/1965

HIGHEST           87          06/30        85         2           87 06/08
                              06/16                                  06/07
                              06/11                                  06/05
                              06/09                                  06/03

LOWEST            75          06/05        77        -2           74 06/24

AVG. MAXIMUM      84.7                    85.0       -0.3         83.3
AVG. MINIMUM      78.5                    76.9        1.6         77.7
MEAN              81.9                    80.9        1.0         80.5
DAYS MAX >= 90     0                       0.1       -0.1          0
DAYS MAX <= 32     0                       0.0        0.0          0
DAYS MIN <= 32     0                       0.0        0.0          0
DAYS MIN <= 0      0                       0.0        0.0          0

PRECIPITATION (INCHES)
RECORD
 MAXIMUM          18.31      1958
 MINIMUM           1.97      1992
TOTALS             3.88                   5.86       -1.98         9.07
DAILY AVG.         0.13                   0.20       -0.07         0.30
DAYS >= .01       20                     18.4         1.6         16
DAYS >= .10       10                     10.1        -0.1         10
DAYS >= .50        2                      3.5        -1.5          7
DAYS >= 1.00       1                      1.4        -0.4          6
GREATEST
 24 HR. TOTAL      1.52      06/10 TO 11               2.63     06/17 TO 18

DEGREE DAYS
HEATING TOTAL     000                     00          00          00
SINCE 1/1         000                     00          00          00
COOLING TOTAL     508                    479          29         472
SINCE 1/1        3343                   3110         233        3133

WIND (MPH)
AVERAGE WIND SPEED 14.9
HIGHEST WIND SPEED/DIRECTION   25/100     DATE 06/09
HIGHEST GUST SPEED/DIRECTION   MM         DATE MM

SKY COVER
POSSIBLE SUNSHINE (PERCENT)    MM
AVERAGE SKY COVER               5.8
NUMBER OF DAYS FAIR            01
NUMBER OF DAYS PC              20
NUMBER OF DAYS CLOUDY          09

AVERAGE RH (PERCENT)           85

WEATHER CONDITIONS NUMBER OF DAYS WITH
THUNDERSTORM            00    MIXED PRECIP            00
HEAVY RAIN              05    RAIN                    01
LIGHT RAIN              22    FREEZING RAIN           00
LT FREEZING RAIN        00    HAIL                    00
HEAVY SNOW              00    SNOW                    00
LIGHT SNOW              00    SLEET                   00
FOG                     00    FOG W/VIS <= 1/4 MILE   00
HAZE                    00

- INDICATES NEGATIVE NUMBERS
R INDICATES RECORD WAS SET OR TIED
MM INDICATES DATA IS MISSING
T INDICATES TRACE AMOUNTTEMPERATURE (F)
