000
CXUS55 KPUB 011724
CLMPUB


CLIMATE REPORT
NATIONAL WEATHER SERVICE PUEBLO
1121 AM MDT FRI SEP 1 2017

...................................

...THE PUEBLO CO CLIMATE SUMMARY FOR THE MONTH OF AUGUST 2017...

CLIMATE NORMAL PERIOD 1981 TO 2010
CLIMATE RECORD PERIOD 1888 TO 2017

WEATHER         OBSERVED          NORMAL  DEPART  LAST YEAR`S
                 VALUE   DATE(S)  VALUE   FROM    VALUE  DATE(S)
                                          NORMAL
................................................................
TEMPERATURE (F)
RECORD
 HIGH             105   08/02/2008
 LOW               39   08/26/1910
HIGHEST            96   08/26        91       5      101  08/10
                        08/19
LOWEST             51   08/25        55      -4       50  08/25
AVG. MAXIMUM     87.9              89.4    -1.5     90.4
AVG. MINIMUM     57.0              57.5    -0.5     59.3
MEAN             72.4              73.4    -1.0     74.9
DAYS MAX >= 90     15              17.0    -2.0
DAYS MAX <= 32      0               0.0     0.0
DAYS MIN <= 32      0               0.0     0.0
DAYS MIN <= 0       0               0.0     0.0

PRECIPITATION (INCHES)
RECORD
 MAXIMUM         5.85   1955
 MINIMUM            T   1900
TOTALS           0.55              2.32   -1.77     1.32
DAILY AVG.       0.02              0.08   -0.06
DAYS >= .01        10               9.5     0.5
DAYS >= .10         2               5.1    -3.1
DAYS >= .50         0               1.3    -1.3
DAYS >= 1.00        0               0.5    -0.5
GREATEST
 24 HR. TOTAL    0.14   08/07 TO 08/08

SNOWFALL (INCHES)
RECORDS
 TOTAL              T   2016
                        2014
TOTALS            0.0               0.0     0.0        T
SINCE 7/1         0.0               0.0     0.0        T
SNOWDEPTH AVG.      0
DAYS >= 1.0         0               0.0     0.0
GREATEST
 SNOW DEPTH         0   MM                             0
 24 HR TOTAL      0.0   08/31 TO 08/31                 T

DEGREE_DAYS
HEATING TOTAL       0                 4      -4        0
 SINCE 7/1          0                 5      -5        0
COOLING TOTAL     236               266     -30      312
 SINCE 1/1        881               811      70     1165
.................................................................

WIND (MPH)
AVERAGE WIND SPEED              6.9
HIGHEST WIND SPEED/DIRECTION    41/300    DATE  08/31
HIGHEST GUST SPEED/DIRECTION    50/300    DATE  08/31

SKY COVER
POSSIBLE SUNSHINE (PERCENT)   MM
AVERAGE SKY COVER           0.20
NUMBER OF DAYS FAIR           26
NUMBER OF DAYS PC              5
NUMBER OF DAYS CLOUDY          0

AVERAGE RH (PERCENT)     56

WEATHER CONDITIONS. NUMBER OF DAYS WITH
THUNDERSTORM             15     MIXED PRECIP               0
HEAVY RAIN                2     RAIN                       4
LIGHT RAIN               16     FREEZING RAIN              0
LT FREEZING RAIN          0     HAIL                       0
HEAVY SNOW                0     SNOW                       0
LIGHT SNOW                0     SLEET                      0
FOG                       5     FOG W/VIS <= 1/4 MILE      0
HAZE                      3

-  INDICATES NEGATIVE NUMBERS.
R  INDICATES RECORD WAS SET OR TIED.
MM INDICATES DATA IS MISSING.
T  INDICATES TRACE AMOUNT.

$$
