000
CXUS51 KPHI 021247
CLMRDG


CLIMATE REPORT
NATIONAL WEATHER SERVICE MOUNT HOLLY NJ
746 AM EST FRI JAN 2 2015

...................................

...THE READING CLIMATE SUMMARY FOR THE MONTH OF DECEMBER 2014...

CLIMATE NORMAL PERIOD 1981 TO 2010
CLIMATE RECORD PERIOD 1869 TO 2015

WEATHER         OBSERVED          NORMAL  DEPART  LAST YEAR`S
                 VALUE   DATE(S)  VALUE   FROM    VALUE  DATE(S)
                                          NORMAL
................................................................
TEMPERATURE (F)
RECORD
 HIGH              77   12/29/1984
 LOW               -6   12/30/1917
HIGHEST            63                MM      MM       68
LOWEST             19                MM      MM       14
AVG. MAXIMUM     43.7              41.7     2.0     42.5
AVG. MINIMUM     30.5              26.1     4.4     26.4
MEAN             37.1              33.9     3.2     34.4
DAYS MAX >= 90      0               0.0     0.0        0
DAYS MAX <= 32      2               3.8    -1.8        7
DAYS MIN <= 32     22              23.8    -1.8       23
DAYS MIN <= 0       0               0.1    -0.1        0

PRECIPITATION (INCHES)
RECORD
 MAXIMUM         9.89   1983
 MINIMUM         0.17   1955
TOTALS           2.90              3.29   -0.39     3.21
DAILY AVG.       0.09              0.11   -0.02     0.10
DAYS >= .01        14                MM      MM       13
DAYS >= .10         8                MM      MM        7
DAYS >= .50         1                MM      MM        3
DAYS >= 1.00        0                MM      MM        0
GREATEST
 24 HR. TOTAL    0.76   12/24 TO 12/24              0.94

SNOWFALL (INCHES)
RECORDS
 TOTAL             MM   5
 24 HR TOTAL       MM
TOTALS             MM                MM      MM       MM
SINCE 7/1          MM                MM      MM       MM
SNOWDEPTH AVG.     MM                MM      MM       MM
DAYS >= 1.0         0                MM      MM        0
GREATEST
 SNOW DEPTH        MM                                 MM  MM
 24 HR TOTAL       MM                                 MM

DEGREE_DAYS
HEATING TOTAL     855               964    -109      939
 SINCE 7/1       1870              2031    -161     1988
COOLING TOTAL       0                 0       0        0
 SINCE 1/1        962               896      66     1124
.................................................................

WIND (MPH)
AVERAGE WIND SPEED              7.0
HIGHEST WIND SPEED/DIRECTION    30/320    DATE  12/10
HIGHEST GUST SPEED/DIRECTION    37/250    DATE  12/25

SKY COVER
POSSIBLE SUNSHINE (PERCENT)   MM
AVERAGE SKY COVER           0.70
NUMBER OF DAYS FAIR            7
NUMBER OF DAYS PC              8
NUMBER OF DAYS CLOUDY         16

AVERAGE RH (PERCENT)     71

WEATHER CONDITIONS. NUMBER OF DAYS WITH
THUNDERSTORM              0     MIXED PRECIP               0
HEAVY RAIN                0     RAIN                       7
LIGHT RAIN               14     FREEZING RAIN              2
LT FREEZING RAIN          2     HEAVY SNOW                 0
SNOW                      0     LIGHT SNOW                 4
SLEET                     0     FOG                       16
FOG W/VIS <= 1/4 MILE     1     HAZE                       3

-  INDICATES NEGATIVE NUMBERS.
R  INDICATES RECORD WAS SET OR TIED.
MM INDICATES DATA IS MISSING.
T  INDICATES TRACE AMOUNT.

$$
