000
CXUS56 KPDT 011410
CLMRDM

CLIMATE REPORT
NATIONAL WEATHER SERVICE PENDLETON OREGON
706 AM PDT TUE AUG 01 2017

....................................

...THE REDMOND OR CLIMATE SUMMARY FOR THE MONTH OF JULY 2017...

CLIMATE NORMAL PERIOD 1981 TO 2010
CLIMATE RECORD PERIOD 1949 TO 2017

WEATHER         OBSERVED          NORMAL  DEPART  LAST YEAR`S
                 VALUE   DATE(S)  VALUE   FROM    VALUE  DATE(S)
                                          NORMAL

................................................................

TEMPERATURE (F)
RECORD
 HIGH             105   7/22/1959
 LOW               28   7/14/1962
HIGHEST            99   7/ 6       92         7           100   7/29
LOWEST             42   7/16       31        11            40   7/16
AVG. MAXIMUM     91.1            85.6       5.5          84.4
AVG. MINUMUM     48.8            46.2       2.6          46.6
MEAN             70.0            65.9       4.1          65.5
DAYS MAX >= 90     21              11        10             9
DAYS MAX <= 32      0               2        -2             0
DAYS MIN <= 32      0               2        -2             0
DAYS MIN <= 0       0               2        -2             0


PRECIPITATION (INCHES)
RECORD
 MAXIMUM          3.73   1987
 MINIMUM          0.00   1988
TOTALS               T            0.53     -0.53          0.64
DAILY AVG.        0.00            0.02     -0.02          0.02
DAYS >=  0.01        0               3        -3             6
DAYS >=  0.10        0               1        -1             2
DAYS >=  0.50        0               0         0             0
DAYS >=  1.00        0               0         0             0
GREATEST
 24 HR. TOTAL        T   7/26


DEGREE DAYS
HEATING TOTAL        6              68       -62            49
 SINCE 7/1           6              68       -62            49
COOLING TOTAL      167             100        67            76
 SINCE 1/1         218             122        96           143

.............................................................

WIND (MPH)
AVERAGE WIND SPEED                     6.8
RESULTANT WIND SPEED/DIRECTION         4/283
HIGHEST WIND SPEED/DIRECTION          24/300      DATE          07/18
HIGHEST GUST SPEED/DIRECTION          36/330      DATE          07/18


WEATHER CONDITIONS. NUMBER OF DAYS WITH
THUNDERSTORM               1    MIXED PRECIP                           0
HEAVY RAIN                 0    RAIN                                   0
LIGHT RAIN                 1    FREEZING RAIN                          0
LT FREEZING RAIN           0    HAIL                                   0
HEAVY SNOW                 0    SNOW                                   0
LIGHT SNOW                 0    SLEET                                  0
FOG                        0    FOG W/VIS <=1/4 MILE                   0
HAZE                       1

-  INDICATES NEGATIVE NUMBERS.
R  INDICATES RECORD WAS SET OR TIED.
MM INDICATES DATA IS MISSING.
T  INDICATES TRACE AMOUNT.

$$
