000
CXUS53 KGRB 010828
CLMRHI


CLIMATE REPORT
NATIONAL WEATHER SERVICE GREEN BAY
225 AM CST THU DEC 1 2016

...................................

...THE RHINELANDER WI CLIMATE SUMMARY FOR THE MONTH OF NOVEMBER 2016...

CLIMATE NORMAL PERIOD 1981 TO 2010
CLIMATE RECORD PERIOD 1908 TO 2016

WEATHER         OBSERVED          NORMAL  DEPART  LAST YEAR`S
                 VALUE   DATE(S)  VALUE   FROM    VALUE  DATE(S)
                                          NORMAL
................................................................
TEMPERATURE (F)
RECORD
 HIGH              73   11/05/1975
 LOW              -16   11/30/1976
HIGHEST            70   11/06        57      13       70  11/03
                        11/05
LOWEST             10   11/21         2       8        5  11/28
                                                          11/22
AVG. MAXIMUM     49.5              37.9    11.6     46.0
AVG. MINIMUM     30.3              22.7     7.6     27.1
MEAN             39.9              30.3     9.6     36.5
DAYS MAX >= 90      0               0.0     0.0        0
DAYS MAX <= 32      2              10.0    -8.0        5
DAYS MIN <= 32     17              25.6    -8.6       20
DAYS MIN <= 0       0               0.5    -0.5        0

PRECIPITATION (INCHES)
RECORD
 MAXIMUM         5.71   1934
 MINIMUM         0.12   1939
TOTALS           1.93              1.84    0.09     2.40
DAILY AVG.       0.07              0.06    0.01     0.08
DAYS >= .01         9                MM      MM       13
DAYS >= .10         3                MM      MM        7
DAYS >= .50         2                MM      MM        1
DAYS >= 1.00        0                MM      MM        0
GREATEST
 STORM TOTAL       MM
 (MM/DD(HH))            MM

SNOWFALL (INCHES)
RECORDS
 TOTAL           32.4   2014
TOTALS            6.6                MM      MM      3.1
SINCE 7/1         6.6                MM      MM      4.1
DAYS >= TRACE       6                MM      MM        9
DAYS >= 1.0         1                MM      MM        2
GREATEST
 SNOW DEPTH         5   11/24                          1  11/26
                        11/23                             11/20
                                                          11/19
 24 HR TOTAL      5.3   MM

DEGREE_DAYS
HEATING TOTAL     744              1041    -297      848
 SINCE 7/1       1482              2134    -652     1717
COOLING TOTAL       0                 0       0        0
 SINCE 1/1        321               261      60      233
.................................................................

WIND (MPH)
AVERAGE WIND SPEED              6.8
HIGHEST WIND SPEED/DIRECTION    28/220    DATE  11/18
HIGHEST GUST SPEED/DIRECTION    40/230    DATE  11/18

SKY COVER
POSSIBLE SUNSHINE (PERCENT)   MM
AVERAGE SKY COVER           0.50
NUMBER OF DAYS FAIR           12
NUMBER OF DAYS PC              8
NUMBER OF DAYS CLOUDY         10

AVERAGE RH (PERCENT)     78

WEATHER CONDITIONS. NUMBER OF DAYS WITH
THUNDERSTORM              0     MIXED PRECIP               0
HEAVY RAIN                0     RAIN                       2
LIGHT RAIN               10     FREEZING RAIN              0
LT FREEZING RAIN          2     HAIL                       0
HEAVY SNOW                0     SNOW                       2
LIGHT SNOW                7     SLEET                      0
FOG                      22     FOG W/VIS <= 1/4 MILE      7
HAZE                      1

-  INDICATES NEGATIVE NUMBERS.
R  INDICATES RECORD WAS SET OR TIED.
MM INDICATES DATA IS MISSING.
T  INDICATES TRACE AMOUNT.

$$
