163
CXUS53 KGRB 051227 CCA
CLMRHI

CLIMATE REPORT...CORRECTION
NATIONAL WEATHER SERVICE GREEN BAY
437 AM CST FRI DEC 1 2017

...................................

...THE RHINELANDER WI CLIMATE SUMMARY FOR THE MONTH OF NOVEMBER 2017...

CLIMATE NORMAL PERIOD 1981 TO 2010
CLIMATE RECORD PERIOD 1908 TO 2017

WEATHER         OBSERVED          NORMAL  DEPART  LAST YEAR`S
                 VALUE   DATE(S)  VALUE   FROM    VALUE  DATE(S)
                                          NORMAL
................................................................
TEMPERATURE (F)
RECORD
 HIGH              73   11/05/1975
 LOW              -16   11/30/1976
HIGHEST            56   11/24        57      -1       70  11/06
                                                          11/05
LOWEST              0   11/10         2      -2       10  11/21
AVG. MAXIMUM     36.7              37.9    -1.2     49.5
AVG. MINIMUM     21.4              22.7    -1.3     30.3
MEAN             29.1              30.3    -1.2     39.9
DAYS MAX >= 90      0               0.0     0.0        0
DAYS MAX <= 32      8              10.0    -2.0        2
DAYS MIN <= 32     28              25.6     2.4       17
DAYS MIN <= 0       1               0.5     0.5        0

PRECIPITATION (INCHES)
RECORD
 MAXIMUM         5.71   1934
 MINIMUM         0.12   1939
TOTALS           1.21              1.84   -0.63     1.93
DAILY AVG.       0.04              0.06   -0.02     0.07
DAYS >= .01        11                MM      MM        9
DAYS >= .10         6                MM      MM        3
DAYS >= .50         0                MM      MM        2
DAYS >= 1.00        0                MM      MM        0
GREATEST
 STORM TOTAL       MM
 (MM/DD(HH))            MM

SNOWFALL (INCHES)
RECORDS
 TOTAL           32.4   2014
TOTALS           12.7                MM      MM      6.6
SINCE 7/1        13.7                MM      MM      6.6
DAYS >= TRACE      15                MM      MM        6
DAYS >= 1.0         4                MM      MM        1
GREATEST
 SNOW DEPTH         4   11/11                          5  11/24
                                                          11/23
 24 HR TOTAL      4.3   11/04 TO 11/04

DEGREE_DAYS
HEATING TOTAL    1036              1041      -5      744
 SINCE 7/1       1937              2134    -197     1482
COOLING TOTAL       0                 0       0        0
 SINCE 1/1        215               261     -46      321
.................................................................

WIND (MPH)
AVERAGE WIND SPEED              8.2
HIGHEST WIND SPEED/DIRECTION    32/270    DATE  11/28
HIGHEST GUST SPEED/DIRECTION    42/270    DATE  11/28

SKY COVER
POSSIBLE SUNSHINE (PERCENT)   MM
AVERAGE SKY COVER           0.60
NUMBER OF DAYS FAIR            6
NUMBER OF DAYS PC             11
NUMBER OF DAYS CLOUDY         13

AVERAGE RH (PERCENT)     77

WEATHER CONDITIONS. NUMBER OF DAYS WITH
THUNDERSTORM              0     MIXED PRECIP               0
HEAVY RAIN                0     RAIN                       0
LIGHT RAIN                6     FREEZING RAIN              0
LT FREEZING RAIN          0     HAIL                       0
HEAVY SNOW                0     SNOW                       2
LIGHT SNOW               15     SLEET                      0
FOG                      17     FOG W/VIS <= 1/4 MILE      2
HAZE                      2

-  INDICATES NEGATIVE NUMBERS.
R  INDICATES RECORD WAS SET OR TIED.
MM INDICATES DATA IS MISSING.
T  INDICATES TRACE AMOUNT.

$$
