000
CXUS53 KGRB 010857
CLMRHI

CLIMATE REPORT
NATIONAL WEATHER SERVICE GREEN BAY
353 AM CDT TUE SEP 1 2015

...................................

...THE RHINELANDER WI CLIMATE SUMMARY FOR THE MONTH OF AUGUST 2015...

CLIMATE NORMAL PERIOD 1981 TO 2010
CLIMATE RECORD PERIOD 1908 TO 2015

WEATHER         OBSERVED          NORMAL  DEPART  LAST YEAR`S
                 VALUE   DATE(S)  VALUE   FROM    VALUE  DATE(S)
                                          NORMAL
................................................................
TEMPERATURE (F)
RECORD
 HIGH              97   08/16/1988
                        08/02/1964
 LOW               28   08/30/1915
HIGHEST            89   08/15        89       0       84  08/25
                        08/14
LOWEST             39   08/27        41      -2       37  08/14
AVG. MAXIMUM     73.8              76.9    -3.1     74.4
AVG. MINIMUM     53.8              52.8     1.0     52.1
MEAN             63.8              64.9    -1.1     63.2
DAYS MAX >= 90      0               0.6    -0.6        0
DAYS MAX <= 32      0               0.0     0.0        0
DAYS MIN <= 32      0               0.0     0.0        0
DAYS MIN <= 0       0               0.0     0.0        0

PRECIPITATION (INCHES)
RECORD
 MAXIMUM         9.15   1978
 MINIMUM         0.69   1970
TOTALS           3.46              3.29    0.17     4.63
DAILY AVG.       0.11              0.11    0.00     0.15
DAYS >= .01        12                MM      MM       14
DAYS >= .10         7                MM      MM        7
DAYS >= .50         3                MM      MM        4
DAYS >= 1.00        0                MM      MM        2
GREATEST
 STORM TOTAL       MM
 (MM/DD(HH))            MM

SNOWFALL (INCHES)
RECORDS
 TOTAL            0.0   MM
TOTALS            0.0                MM      MM      0.0
SINCE 7/1         0.0                MM      MM      0.0
DAYS >= TRACE       0                MM      MM        0
DAYS >= 1.0         0                MM      MM        0
GREATEST
 SNOW DEPTH         0   MM                             0  MM

DEGREE_DAYS
HEATING TOTAL      88                76      12       76
 SINCE 7/1        137               127      10      200
COOLING TOTAL      59                71     -12       29
 SINCE 1/1        162               241     -79      147
.................................................................

WIND (MPH)
AVERAGE WIND SPEED              7.1
HIGHEST WIND SPEED/DIRECTION    30/260    DATE  08/14
HIGHEST GUST SPEED/DIRECTION    41/260    DATE  08/14

SKY COVER
POSSIBLE SUNSHINE (PERCENT)   MM
AVERAGE SKY COVER           0.50
NUMBER OF DAYS FAIR           13
NUMBER OF DAYS PC              8
NUMBER OF DAYS CLOUDY         10

AVERAGE RH (PERCENT)     76

WEATHER CONDITIONS. NUMBER OF DAYS WITH
THUNDERSTORM              6     MIXED PRECIP               0
HEAVY RAIN                6     RAIN                       7
LIGHT RAIN               13     FREEZING RAIN              0
LT FREEZING RAIN          0     HAIL                       0
HEAVY SNOW                0     SNOW                       0
LIGHT SNOW                0     SLEET                      0
FOG                      26     FOG W/VIS <= 1/4 MILE      5
HAZE                      5

-  INDICATES NEGATIVE NUMBERS.
R  INDICATES RECORD WAS SET OR TIED.
MM INDICATES DATA IS MISSING.
T  INDICATES TRACE AMOUNT.

$$
