000
CXUS51 KRNK 011133
CLMRNK

CLIMATE REPORT
NATIONAL WEATHER SERVICE BLACKSBURG VA
733 AM EDT SAT AUG 1 2015

...................................

...THE BLACKSBURG VA CLIMATE SUMMARY FOR THE MONTH OF JULY 2015...

CLIMATE NORMAL PERIOD 1981 TO 2010
CLIMATE RECORD PERIOD 1952 TO 2015

WEATHER         OBSERVED          NORMAL  DEPART  LAST YEAR`S
                 VALUE   DATE(S)  VALUE   FROM    VALUE
                                          NORMAL
.............................................................
TEMPERATURE (F)
RECORD
 HIGH              99   07/15/1954
 LOW               41   07/07/1972
                        07/10/1961
HIGHEST            88   07/30                         89
LOWEST             56   07/31                         47
                        07/01
AVG. MAXIMUM     82.3              82.2     0.1     81.2
AVG. MINIMUM     63.2              60.1     3.1     59.5
MEAN             72.7              71.2     1.5     70.3
DAYS MAX >= 90      0               2.0    -2.0        0
DAYS MAX <= 32      0               0.0     0.0        0
DAYS MIN <= 32      0               0.0     0.0        0
DAYS MIN <= 0       0               0.0     0.0        0

PRECIPITATION (INCHES)
RECORD
 MAXIMUM         9.35   1992
 MINIMUM         1.56   1998
TOTALS           4.26              4.26    0.00     1.92
DAILY AVG.       0.14              0.14    0.00     0.06
DAYS >= .01        13              12.7     0.3       11
DAYS >= .10         6               8.8    -2.8        5
DAYS >= .50         3               2.9     0.1        2
DAYS >= 1.00        1               0.9     0.1        0
GREATEST
 24 HR. TOTAL    1.52                               0.66

SNOWFALL (INCHES)
TOTALS              T                                0.0
DAYS >= TRACE       1                                  0
DAYS >= 1.0         0                                  0
GREATEST
 24 HR TOTAL        T                                0.0

DEGREE_DAYS
HEATING TOTAL       0                 6      -6        8
COOLING TOTAL     246               196      50      180
..............................................................

WIND (MPH)
AVERAGE WIND SPEED              3.0
HIGHEST WIND SPEED/DIRECTION    22/310    DATE  07/13
HIGHEST GUST SPEED/DIRECTION    32/310    DATE  07/13

SKY COVER
AVERAGE SKY COVER           0.50

AVERAGE RH (PERCENT)     80

WEATHER CONDITIONS. NUMBER OF DAYS WITH
THUNDERSTORM              5     MIXED PRECIP               0
HEAVY RAIN                6     RAIN                      10
LIGHT RAIN               15     FREEZING RAIN              0
LT FREEZING RAIN          0     HAIL                       1
HEAVY SNOW                0     SNOW                       0
LIGHT SNOW                0     SLEET                      0
FOG                      20     FOG W/VIS <= 1/4 MILE      4
HAZE                      0

-  INDICATES NEGATIVE NUMBERS.
R  INDICATES RECORD WAS SET OR TIED.
MM INDICATES DATA IS MISSING.
T  INDICATES TRACE AMOUNT.

$$

PW
