000
CXUS51 KRNK 020920
CLMRNK

CLIMATE REPORT
NATIONAL WEATHER SERVICE BLACKSBURG VA
536 AM EDT WED OCT 1 2014

...................................

...THE BLACKSBURG VA CLIMATE SUMMARY FOR THE MONTH OF SEPTEMBER 2014...

CLIMATE NORMAL PERIOD 1981 TO 2010
CLIMATE RECORD PERIOD 1952 TO 2014

WEATHER         OBSERVED          NORMAL  DEPART  LAST YEAR`S
                 VALUE   DATE(S)  VALUE   FROM    VALUE
                                          NORMAL
.............................................................
TEMPERATURE (F)
RECORD
 HIGH              96   09/02/1953
 LOW               22   09/24/1983
HIGHEST            86   09/02                         85
LOWEST             42   09/23                         41
AVG. MAXIMUM     74.0              75.3    -1.3     74.2
AVG. MINIMUM     56.2              51.0     5.2     51.7
MEAN             65.1              63.1     2.0     62.9
DAYS MAX >= 90      0               0.3    -0.3
DAYS MAX <= 32      0               0.0     0.0
DAYS MIN <= 32      0               0.3    -0.3
DAYS MIN <= 0       0               0.0     0.0

PRECIPITATION (INCHES)
RECORD
 MAXIMUM        10.29   1957
 MINIMUM         0.25   2005
TOTALS           3.80              3.10    0.70     1.13
DAILY AVG.       0.13              0.10    0.03     0.04
DAYS >= .01        14               8.9     5.1
DAYS >= .10         8               5.2     2.8
DAYS >= .50         3               2.3     0.7
DAYS >= 1.00        0               0.9    -0.9
GREATEST
 24 HR. TOTAL    0.96   09/04 TO 09/04

SNOWFALL (INCHES)
TOTALS            0.0                                0.0
SINCE 7/1         0.0
SNOWDEPTH AVG.      0
DAYS >= 1.0         0
GREATEST
 SNOW DEPTH         0

DEGREE_DAYS
HEATING TOTAL      66               113     -47
 SINCE 7/1         77               131     -54
COOLING TOTAL      77                57      20
 SINCE 1/1        607               569      38
..............................................................

WIND (MPH)
AVERAGE WIND SPEED              2.7
HIGHEST WIND SPEED/DIRECTION    14/090    DATE  09/24
HIGHEST GUST SPEED/DIRECTION    28/300    DATE  09/21

SKY COVER
POSSIBLE SUNSHINE (PERCENT)   MM
AVERAGE SKY COVER           0.60
NUMBER OF DAYS FAIR            5
NUMBER OF DAYS PC             15
NUMBER OF DAYS CLOUDY         10

AVERAGE RH (PERCENT)     85

WEATHER CONDITIONS. NUMBER OF DAYS WITH
THUNDERSTORM              5     MIXED PRECIP               0
HEAVY RAIN                6     RAIN                       7
LIGHT RAIN               16     FREEZING RAIN              0
LT FREEZING RAIN          0     HAIL                       0
HEAVY SNOW                0     SNOW                       0
LIGHT SNOW                0     SLEET                      0
FOG                      27     FOG W/VIS <= 1/4 MILE     11
HAZE                      0

-  INDICATES NEGATIVE NUMBERS.
R  INDICATES RECORD WAS SET OR TIED.
MM INDICATES DATA IS MISSING.
T  INDICATES TRACE AMOUNT.

$$
