000
CXUS55 KREV 011031 CCA
CLMRNO

CLIMATE REPORT
NATIONAL WEATHER SERVICE RENO NV
206 AM PDT SAT NOV 1 2014

...................................

...THE RENO TAHOE AIRPORT NV CLIMATE SUMMARY FOR THE MONTH OF OCTOBER 2014...

THE AVERAGE TEMPERATURE FOR OCTOBER 2014 AT THE RENO TAHOE
INTERNATIONAL AIRPORT WAS 58.4 WHICH IS 4.4 DEGREES ABOVE NORMAL.
OCTOBER 2014 TIES OCTOBER 1988 AS THE THIRD WARMEST ON RECORD. THE
HIGHEST RECORDED TEMPERATURE FOR OCTOBER WAS 87 DEGREES WHICH
OCCURRED ON THE 7TH. THE LOWEST TEMPERATURE RECORDED WAS 32 DEGREES
RECORDED ON THE 27TH.

FOR OCTOBER 2014 A TOTAL OF 0.18 INCHES OF PRECIPITATION WAS
RECORDED AT THE RENO TAHOE INTERNATIONAL AIRPORT. THIS WAS 0.33
INCHES BELOW NORMAL.

THE AVERAGE WIND SPEED FOR THE MONTH WAS 5.5 MPH. THE PEAK WIND GUST
FOR OCTOBER WAS 60 MPH FROM THE SOUTH ON THE 14TH AND 15TH.

CLIMATE NORMAL PERIOD 1981 TO 2010
CLIMATE RECORD PERIOD 1888 TO 2014

WEATHER         OBSERVED          NORMAL  DEPART
                 VALUE   DATE(S)  VALUE   FROM
                                          NORMAL
................................................
TEMPERATURE (F)
RECORD
 HIGH              93   10/01/2010
 LOW                8   10/29/1971
HIGHEST            87   10/07        91      -4
LOWEST             32   10/27         8      24
AVG. MAXIMUM     74.6              69.2     5.4
AVG. MINIMUM     42.2              38.8     3.4
MEAN             58.4              54.0     4.4
DAYS MAX >= 90      0               0.1    -0.1
DAYS MAX <= 32      0               0.0     0.0
DAYS MIN <= 32      1               5.0    -4.0
DAYS MIN <= 0       0               0.0     0.0

PRECIPITATION (INCHES)
RECORD
 MAXIMUM         2.65   2010
 MINIMUM         0.00   1995
TOTALS           0.18              0.51   -0.33
DAILY AVG.       0.01              0.02   -0.01
DAYS >= .01         1               3.3    -2.3
DAYS >= .10         1               1.3    -0.3
DAYS >= .50         0               0.2    -0.2
DAYS >= 1.00        0               0.1    -0.1
GREATEST
 24 HR. TOTAL    0.18   10/31 TO 10/31
 STORM TOTAL       MM
 (MM/DD(HH))            MM

SNOWFALL (INCHES)
RECORDS
 TOTAL            6.8   5
                        0
 24 HR TOTAL       MM
TOTALS            0.0               0.3    -0.3
 LIQUID EQUIV    0.00              0.00    0.00
SINCE 7/1         0.0               0.4    -0.4
 LIQUID 7/1      0.00
DAYS >= TRACE       0               0.3    -0.3
DAYS >= 1.0         0               0.2    -0.2
GREATEST
 SNOW DEPTH         0   MM
 24 HR TOTAL      0.0   10/30 TO 10/30
 STORM TOTAL       MM
 (MM/DD(HH))            MM

DEGREE_DAYS
HEATING TOTAL     202               346    -144
 SINCE 7/1        255               436    -181
COOLING TOTAL       5                 5       0
 SINCE 1/1       1211               839     372

FREEZE DATES
RECORD
 EARLIEST     08/23/1973
 LATEST       06/27/1974
EARLIEST      10/27             10/03
LATEST                          05/21
.................................................

WIND (MPH)
AVERAGE WIND SPEED              5.5
HIGHEST WIND SPEED/DIRECTION    47/170    DATE  10/14
HIGHEST GUST SPEED/DIRECTION    60/170    DATE  10/15

AVERAGE RH (PERCENT)     41

WEATHER CONDITIONS. NUMBER OF DAYS WITH
THUNDERSTORM              0     MIXED PRECIP               0
HEAVY RAIN                1     RAIN                       0
LIGHT RAIN                3     FREEZING RAIN              0
LT FREEZING RAIN          0     HAIL                       0
HEAVY SNOW                0     SNOW                       0
LIGHT SNOW                0     SLEET                      0
FOG                       1     FOG W/VIS <= 1/4 MILE      0
HAZE                      1

-  INDICATES NEGATIVE NUMBERS.
R  INDICATES RECORD WAS SET OR TIED.
MM INDICATES DATA IS MISSING.
T  INDICATES TRACE AMOUNT.

$$
