243
CXUS55 KABQ 011542
CLMROW

ABQCLMROW 000
TTAA00 KABQ 011539


CLIMATE REPORT
NATIONAL WEATHER SERVICE ALBUQUERQUE NM
838 AM MST FRI DEC 1 2017

...................................

...THE ROSWELL NM CLIMATE SUMMARY FOR THE MONTH OF NOVEMBER 2017...

CLIMATE NORMAL PERIOD 1981 TO 2010
CLIMATE RECORD PERIOD 1893 TO 2017

WEATHER         OBSERVED          NORMAL  DEPART  LAST YEAR`S
                 VALUE   DATE(S)  VALUE   FROM    VALUE  DATE(S)
                                          NORMAL
................................................................
TEMPERATURE (F)
RECORD
 HIGH              89   11/17/2017
 LOW                4   11/29/1976
HIGHEST            89R  11/17        MM      MM       87  11/01
LOWEST             24   11/20        MM      MM       19  11/30
                        11/19
AVG. MAXIMUM     70.9              64.3     6.6     66.9
AVG. MINIMUM     39.9              34.3     5.6     39.6
MEAN             55.4              49.3     6.1     53.2
DAYS MAX >= 90      0               0.0     0.0        0
DAYS MAX <= 32      0               0.2    -0.2        0
DAYS MIN <= 32      6              12.1    -6.1        6
DAYS MIN <= 0       0               0.0     0.0        0

PRECIPITATION (INCHES)
RECORD
 MAXIMUM           MM   MM
 MINIMUM           MM   MM
TOTALS           0.00              0.58   -0.58     0.71
DAILY AVG.       0.00              0.02   -0.02     0.02
DAYS >= .01         0               2.8    -2.8        3
DAYS >= .10         0               1.4    -1.4        1
DAYS >= .50         0               0.4    -0.4        1
DAYS >= 1.00        0               0.0     0.0        0
GREATEST
 24 HR. TOTAL       T   10/31 TO 11/01              0.69

SNOWFALL (INCHES)
RECORDS
 TOTAL             MM   MM
TOTALS            0.0               1.3    -1.3      0.0
SINCE 7/1         0.0               1.4    -1.4      0.0
SNOWDEPTH AVG.      0                MM      MM        0
DAYS >= 1.0         0               0.5    -0.5        0
GREATEST
 SNOW DEPTH         0   MM                             0  MM
 24 HR TOTAL      0.0   11/30 TO 11/30               0.0

DEGREE_DAYS
HEATING TOTAL     286               472    -186      349
 SINCE 7/1        450               646    -196      386
COOLING TOTAL       6                 1       5        2
 SINCE 1/1       2172              1789     383     2066
.................................................................

WIND (MPH)
AVERAGE WIND SPEED              7.2
HIGHEST WIND SPEED/DIRECTION    36/020    DATE  11/28
HIGHEST GUST SPEED/DIRECTION    44/020    DATE  11/28

SKY COVER
AVERAGE SKY COVER           0.20

AVERAGE RH (PERCENT)     53

WEATHER CONDITIONS. NUMBER OF DAYS WITH
THUNDERSTORM              0     MIXED PRECIP               0
HEAVY RAIN                0     RAIN                       0
LIGHT RAIN                0     FREEZING RAIN              0
LT FREEZING RAIN          0     HAIL                       0
HEAVY SNOW                0     SNOW                       0
LIGHT SNOW                0     SLEET                      0
FOG                       8     FOG W/VIS <= 1/4 MILE      4
HAZE                      1

-  INDICATES NEGATIVE NUMBERS.
R  INDICATES RECORD WAS SET OR TIED.
MM INDICATES DATA IS MISSING.
T  INDICATES TRACE AMOUNT.

$$
