000
CXUS56 KSGX 012015
CLMSAN


CLIMATE REPORT
NATIONAL WEATHER SERVICE SAN DIEGO, CA
1214 PM PST FRI DEC 1 2017

...................................

...THE SAN DIEGO/LINDBERGH FIELD CA CLIMATE SUMMARY FOR THE MONTH OF NOVEMBER 2017...

CLIMATE NORMAL PERIOD 1981 TO 2010
CLIMATE RECORD PERIOD 1874 TO 2017

WEATHER         OBSERVED          NORMAL  DEPART  LAST YEAR`S
                 VALUE   DATE(S)  VALUE   FROM    VALUE  DATE(S)
                                          NORMAL
................................................................
TEMPERATURE (F)
RECORD
 HIGH             100   11/04/2010
 LOW               36   11/28/1919
HIGHEST            92   11/22        70      22       96  11/09
LOWEST             50   11/28        54      -4       47  11/30
AVG. MAXIMUM     72.5              69.0     3.5     74.7
AVG. MINIMUM     57.6              53.6     4.0     57.0
MEAN             65.1              61.3     3.8     65.8
DAYS MAX >= 90      1               0.1     0.9        2
DAYS MAX <= 32      0               0.0     0.0        0
DAYS MAX >= 100     0                                  0
DAYS MIN <= 32      0               0.0     0.0        0

PRECIPITATION (INCHES)
RECORD
 MAXIMUM         5.82   1965
 MINIMUM         0.00   1980
                        1956
                        1904
TOTALS           0.02              1.01   -0.99     0.61
DAILY AVG.       0.00              0.03   -0.03     0.02
DAYS >= .01         1               4.1    -3.1        5
DAYS >= .10         0               2.2    -2.2        5
DAYS >= .50         0               0.6    -0.6        0
DAYS >= 1.00        0               0.2    -0.2        0
DAYS >= 1.50        0                                  0
DAYS >= 2.00        0                                  0
GREATEST
 24 HR. TOTAL    0.02   11/27 TO 11/27           11/26 TO 11/27
                                                          11/30 TO 11/30
                                                          11/30 TO 11/30
 STORM TOTAL       MM                                 MM
 (MM/DD(HH))            MM                    11/27(00) TO 11/27(00)
                                                 11/30(00) TO 11/30(00)0
                                                 11/30(00) TO 11/30(00)0

DEGREE_DAYS
HEATING TOTAL      38               124     -86       50
 SINCE 7/1         38               145    -107       50
COOLING TOTAL      48                13      35       81
 SINCE 1/1       1189               720     469     1163

FREEZE DATES
RECORD
 EARLIEST     MM
 LATEST       MM
EARLIEST                        MM
LATEST                          MM
.................................................

WIND (MPH)
AVERAGE WIND SPEED              3.9
RESULTANT WIND SPEED/DIRECTION   3/312
HIGHEST WIND SPEED/DIRECTION    21/290    DATE  11/27
HIGHEST GUST SPEED/DIRECTION    27/280    DATE  11/27

SKY COVER
POSSIBLE SUNSHINE (PERCENT)   MM
AVERAGE SKY COVER           0.50
NUMBER OF DAYS FAIR            4
NUMBER OF DAYS PC             23
NUMBER OF DAYS CLOUDY          3

AVERAGE RH (PERCENT)     66

WEATHER CONDITIONS. NUMBER OF DAYS WITH
THUNDERSTORM              0     MIXED PRECIP               0
HEAVY RAIN                0     RAIN                       0
LIGHT RAIN                5     FREEZING RAIN              0
LT FREEZING RAIN          0     HAIL                       0
HEAVY SNOW                0     SNOW                       0
LIGHT SNOW                0     SLEET                      0
FOG                       7     FOG W/VIS <= 1/4 MILE      3
HAZE                      5

-  INDICATES NEGATIVE NUMBERS.
R  INDICATES RECORD WAS SET OR TIED.
MM INDICATES DATA IS MISSING.
T  INDICATES TRACE AMOUNT.

$$
