000
CXUS54 KEWX 011819
CLMSAT

CLIMATE REPORT
NATIONAL WEATHER SERVICE AUSTIN/SAN ANTONIO, TX
1220 PM CST SUN FEB 1 2015

...................................

...THE SAN ANTONIO CLIMATE SUMMARY FOR THE MONTH OF JANUARY 2015...

CLIMATE NORMAL PERIOD 1981 TO 2010
CLIMATE RECORD PERIOD 1886 TO 2015

WEATHER         OBSERVED          NORMAL  DEPART  LAST YEAR`S
                 VALUE   DATE(S)  VALUE   FROM    VALUE  DATE(S)
                                          NORMAL
................................................................
TEMPERATURE (F)
HIGHEST            82   01/27                         82  01/20
                        01/20
LOWEST             28   01/08                         22  01/07
AVG. MAXIMUM     59.9              62.9    -3.0     64.4
AVG. MINIMUM     39.1              40.7    -1.6     37.8
MEAN             49.5              51.8    -2.3     51.1
DAYS MAX >= 90      0                                  0
DAYS MAX <= 32      0                                  0
DAYS MIN <= 32      2                                  8
DAYS MIN <= 0       0                                  0

PRECIPITATION (INCHES)
TOTALS           3.67              1.76    1.91     0.23
DAILY AVG.       0.12              0.06    0.06     0.01
DAYS >= .01         9                                  4
DAYS >= .10         7                                  0
DAYS >= .50         1                                  0
DAYS >= 1.00        1                                  0
GREATEST
 24 HR. TOTAL    2.07   01/21 TO 01/22

SNOWFALL (INCHES)
TOTALS            0.0               0.7    -0.7      0.1
SINCE 7/1         0.0               0.7    -0.7      0.1

DEGREE_DAYS
HEATING TOTAL     475               416      59      428
 SINCE 7/1        978              1018     -40     1068
COOLING TOTAL       0                 7      -7        3
 SINCE 1/1          0                 0       0        3
.................................................................

WIND (MPH)
AVERAGE WIND SPEED              7.4
HIGHEST WIND SPEED/DIRECTION    29/010    DATE  01/07
HIGHEST GUST SPEED/DIRECTION    37/020    DATE  01/22

SKY COVER
POSSIBLE SUNSHINE (PERCENT)   MM
AVERAGE SKY COVER           0.70
NUMBER OF DAYS FAIR            4
NUMBER OF DAYS PC             15
NUMBER OF DAYS CLOUDY         12

AVERAGE RH (PERCENT)     66

WEATHER CONDITIONS. NUMBER OF DAYS WITH
THUNDERSTORM              0     MIXED PRECIP               0
HEAVY RAIN                2     RAIN                       6
LIGHT RAIN               13     FREEZING RAIN              0
LT FREEZING RAIN          0     HAIL                       0
HEAVY SNOW                0     SNOW                       0
LIGHT SNOW                0     SLEET                      0
FOG                      13     FOG W/VIS <= 1/4 MILE      1
HAZE                      2

-  INDICATES NEGATIVE NUMBERS.
R  INDICATES RECORD WAS SET OR TIED.
MM INDICATES DATA IS MISSING.
T  INDICATES TRACE AMOUNT.

&&

MONTHLY CLIMATE SUMMARY
JANUARY 2015 WAS 33RD COOLEST AND 15TH WETTEST JANUARY SINCE RECORD
KEEPING BEGAN.

SEA LEVEL PRESSURE DATA
HIGHEST SLP 30.72 ON THE 8TH
LOWEST  SLP 29.82 ON THE 20TH

PRELIMINARY LOCAL CLIMATOLOGICAL DATA (WS FORM: F-6)

                                          STATION:   SAN ANTONIO
                                          MONTH:     JANUARY
                                          YEAR:      2015
                                          LATITUDE:   29 31 N
                                          LONGITUDE:  98 28 W

  TEMPERATURE IN F:       :PCPN:    SNOW:  WIND      :SUNSHINE: SKY     :PK WND
================================================================================
1   2   3   4   5  6A  6B    7    8   9   10  11  12  13   14  15   16   17  18
                                     12Z  AVG MX 2MIN
DY MAX MIN AVG DEP HDD CDD  WTR  SNW DPTH SPD SPD DIR MIN PSBL S-S WX    SPD DR
================================================================================

 1  42  36  39 -12  26   0 0.07  0.0    0  6.9 14  20   M    M  10 1      17  20
 2  44  40  42  -9  23   0 0.31  0.0    0  6.8 18 310   M    M  10 13     24 320
 3  65  41  53   2  12   0 0.42  0.0    0  5.6 13 330   M    M   5 13     14 330
 4  57  36  47  -4  18   0 0.00  0.0    0  9.0 20 350   M    M   4        26  10
 5  53  30  42  -9  23   0 0.00  0.0    0  5.2 13  10   M    M   7        16  20
 6  67  36  52   1  13   0 0.00  0.0    0  4.7 12 220   M    M   3        17 210
 7  55  34  45  -6  20   0 0.00  0.0    0 13.4 29  10   M    M   5        37  10
 8  41  28  35 -16  30   0 0.00  0.0    0  7.6 18  10   M    M   9        24  10
 9  42  34  38 -13  27   0 0.05  0.0    0  9.9 20  20   M    M  10 1      26  30
10  37  33  35 -16  30   0 0.36  0.0    0  6.8 13  50   M    M   9 13     16 350
11  53  36  45  -6  20   0    T  0.0    0  4.6 12 230   M    M   9 1      16 220
12  58  37  48  -3  17   0 0.00  0.0    0  9.4 21  10   M    M   6        29  20
13  44  38  41 -11  24   0    T  0.0    0 10.0 21 360   M    M  10        26 360
14  41  39  40 -12  25   0    T  0.0    0  6.6 10  30   M    M  10 18     13  10
15  60  40  50  -2  15   0    T  0.0    0  6.5 15 310   M    M   7 1      20 300
16  64  36  50  -2  15   0 0.00  0.0    0  5.2 13 200   M    M   5        16 200
17  71  39  55   3  10   0 0.00  0.0    0  7.4 17 220   M    M   6        22 240
18  69  42  56   4   9   0 0.00  0.0    0  5.4 14 360   M    M   5        19  10
19  73  37  55   3  10   0 0.00  0.0    0  5.8 15 210   M    M   2        21 190
20  82  42  62  10   3   0 0.00  0.0    0  5.7 16 220   M    M   0        19 210
21  61  51  56   4   9   0 0.22  0.0    0  7.9 14  90   M    M   7 18     19  50
22  59  43  51  -1  14   0 1.85  0.0    0 14.6 25  10   M    M  10 13     37  20
23  48  37  43  -9  22   0 0.10  0.0    0  9.9 18 360   M    M   8 1      25  10
24  64  33  49  -3  16   0 0.00  0.0    0  4.6 12 170   M    M   5        14 270
25  73  37  55   3  10   0 0.00  0.0    0  5.9 17  10   M    M   6        22  10
26  73  39  56   4   9   0 0.00  0.0    0  6.5 12 260   M    M   6        14 250
27  82  42  62  10   3   0 0.00  0.0    0  5.3 10 210   M    M   4        16 210
28  80  44  62   9   3   0 0.00  0.0    0  8.8 17 190   M    M   2        21 170
29  75  51  63  10   2   0 0.00  0.0    0  5.7 15  20   M    M   6 12     21  30
30  61  51  56   3   9   0 0.00  0.0    0 10.5 18  40   M    M   9        24  40
31  63  51  57   4   8   0 0.29  0.0    0  6.4 15 100   M    M  10 1      18 110
================================================================================
SM 1857 1213       475   0  3.67     0.0 228.6          M      205
================================================================================
AV 59.9 39.1                               7.4 FASTST   M    M   7    MAX(MPH)
                                 MISC ---->  # 29  10               # 37   10
================================================================================
NOTES:
# LAST OF SEVERAL OCCURRENCES

COLUMN 17 PEAK WIND IN M.P.H.

SYMBOLS USED IN COLUMN 16

1 = FOG OR MIST
2 = FOG REDUCING VISIBILITY
    TO 1/4 MILE OR LESS
3 = THUNDER
4 = ICE PELLETS
5 = HAIL
6 = FREEZING RAIN OR DRIZZLE
7 = DUSTSTORM OR SANDSTORM:
    VSBY 1/2 MILE OR LESS
8 = SMOKE OR HAZE
9 = BLOWING SNOW
X = TORNADO

$$
